05-09 22:15:08.061 4529 4529 I libnb : Found /system/lib/libhoudini.so version 3
05-09 22:15:08.067 4529 4529 D houdini : [4529] Initialize library(version: 9.0.7a_y.38597 RELEASE)... successfully.
05-09 22:15:08.076 4529 4529 W sampmobile.gam: Unexpected CPU variant for X86 using defaults: x86_64
05-09 22:15:08.169 4529 4529 I sampmobile.gam: The ClassLoaderContext is a special shared library.
05-09 22:15:08.210 4529 4529 W System.err: java.lang.reflect.InvocationTargetException
05-09 22:15:08.211 4529 4529 W System.err: at java.lang.reflect.Method.invoke(Native Method)
05-09 22:15:08.211 4529 4529 W System.err: at zt.dbqqt.kykevsldn.ewtmmycxrfttxjkixv.attachBaseContext(Unknown Source:843)
05-09 22:15:08.211 4529 4529 W System.err: at android.app.Application.attach(Application.java:212)
05-09 22:15:08.211 4529 4529 W System.err: at android.app.Instrumentation.newApplication(Instrumentation.java:1135)
05-09 22:15:08.211 4529 4529 W System.err: at android.app.LoadedApk.makeApplication(LoadedApk.java:1061)
05-09 22:15:08.211 4529 4529 W System.err: at android.app.ActivityThread.handleBindApplication(ActivityThread.java:5967)
05-09 22:15:08.211 4529 4529 W System.err: at android.app.ActivityThread.access$1100(ActivityThread.java:204)
05-09 22:15:08.211 4529 4529 W System.err: at android.app.ActivityThread$H.handleMessage(ActivityThread.java:1711)
05-09 22:15:08.211 4529 4529 W System.err: at android.os.Handler.dispatchMessage(Handler.java:106)
05-09 22:15:08.211 4529 4529 W System.err: at android.os.Looper.loop(Looper.java:193)
05-09 22:15:08.211 4529 4529 W System.err: at android.app.ActivityThread.main(ActivityThread.java:6816)
05-09 22:15:08.211 4529 4529 W System.err: at java.lang.reflect.Method.invoke(Native Method)
05-09 22:15:08.211 4529 4529 W System.err: at com.android.internal.os.RuntimeInit$MethodAndArgsCaller.run(RuntimeInit.java:518)
05-09 22:15:08.211 4529 4529 W System.err: at com.android.internal.os.ZygoteInit.main(ZygoteInit.java:858)
05-09 22:15:08.211 4529 4529 W System.err: Caused by: java.io.FileNotFoundException: jhiby
05-09 22:15:08.212 4529 4529 W System.err: at android.content.res.AssetManager.nativeOpenAsset(Native Method)
05-09 22:15:08.212 4529 4529 W System.err: at android.content.res.AssetManager.open(AssetManager.java:752)
05-09 22:15:08.212 4529 4529 W System.err: at android.content.res.AssetManager.open(AssetManager.java:729)
05-09 22:15:08.212 4529 4529 W System.err: ... 14 more
05-09 22:15:08.212 4529 4529 I MultiDex: VM with version 2.1.0 has multidex support
05-09 22:15:08.212 4529 4529 I MultiDex: Installing application
05-09 22:15:08.212 4529 4529 I MultiDex: VM has multidex support, MultiDex support library is disabled.
05-09 22:15:08.217 4529 4529 D AppLovinSdk: [AppLovinSdk] Java version 8 supported.
05-09 22:15:08.218 4529 4529 D AppLovinSdk: [AppLovinSdk] Attaching Activity lifecycle manager...
05-09 22:15:08.231 4529 4547 E AppLovinSdk: [DataCollector] Could not collect Google Advertising ID - this will negatively impact your eCPMs! Please integrate the Google Play Services SDK into your application. More info can be found online at http://developer.android.com/google/play-services/setup.html. If you're sure you've integrated the SDK and are still seeing this message, you may need to add a ProGuard exception: -keep public class com.google.android.gms.** { public protected *; }
05-09 22:15:08.231 4529 4547 E AppLovinSdk: java.io.IOException: Connection failure
05-09 22:15:08.231 4529 4547 E AppLovinSdk: at com.google.android.gms.ads.identifier.AdvertisingIdClient.zzb(Unknown Source:149)
05-09 22:15:08.231 4529 4547 E AppLovinSdk: at com.google.android.gms.ads.identifier.AdvertisingIdClient.getAdvertisingIdInfo(Unknown Source:16)
05-09 22:15:08.231 4529 4547 E AppLovinSdk: at com.applovin.impl.sdk.utils.d.collectGoogleAdvertisingInfo(Unknown Source:18)
05-09 22:15:08.231 4529 4547 E AppLovinSdk: at com.applovin.impl.sdk.utils.d.c(Unknown Source:0)
05-09 22:15:08.231 4529 4547 E AppLovinSdk: at com.applovin.impl.sdk.utils.d.b(Unknown Source:34)
05-09 22:15:08.231 4529 4547 E AppLovinSdk: at com.applovin.impl.sdk.utils.d.a(Unknown Source:0)
05-09 22:15:08.231 4529 4547 E AppLovinSdk: at com.applovin.impl.sdk.utils.j$1.run(Unknown Source:2)
05-09 22:15:08.231 4529 4547 E AppLovinSdk: at java.lang.Thread.run(Thread.java:764)
05-09 22:15:08.233 4529 4529 I FirebaseApp: Device unlocked: initializing all Firebase APIs for app [DEFAULT]
05-09 22:15:08.239 4529 4547 E AppLovinSdk: [DataCollector] Unable to determine if Fire OS limited ad tracking is turned on
05-09 22:15:08.239 4529 4547 E AppLovinSdk: android.provider.Settings$SettingNotFoundException: limit_ad_tracking
05-09 22:15:08.239 4529 4547 E AppLovinSdk: at android.provider.Settings$Secure.getIntForUser(Settings.java:5172)
05-09 22:15:08.239 4529 4547 E AppLovinSdk: at android.provider.Settings$Secure.getInt(Settings.java:5158)
05-09 22:15:08.239 4529 4547 E AppLovinSdk: at com.applovin.impl.sdk.utils.d.collectFireOSAdvertisingInfo(Unknown Source:31)
05-09 22:15:08.239 4529 4547 E AppLovinSdk: at com.applovin.impl.sdk.utils.d.c(Unknown Source:6)
05-09 22:15:08.239 4529 4547 E AppLovinSdk: at com.applovin.impl.sdk.utils.d.b(Unknown Source:34)
05-09 22:15:08.239 4529 4547 E AppLovinSdk: at com.applovin.impl.sdk.utils.d.a(Unknown Source:0)
05-09 22:15:08.239 4529 4547 E AppLovinSdk: at com.applovin.impl.sdk.utils.j$1.run(Unknown Source:2)
05-09 22:15:08.239 4529 4547 E AppLovinSdk: at java.lang.Thread.run(Thread.java:764)
05-09 22:15:08.245 4529 4529 I FirebaseInitProvider: FirebaseApp initialization successful
05-09 22:15:08.271 4529 4549 W sampmobile.gam: Unsupported class loader
05-09 22:15:08.290 4529 4549 I DynamiteModule: Considering local module com.google.android.gms.measurement.dynamite:105 and remote module com.google.android.gms.measurement.dynamite:104
05-09 22:15:08.290 4529 4549 I DynamiteModule: Selected local version of com.google.android.gms.measurement.dynamite
05-09 22:15:08.365 4529 4529 I SplashActivity: Using original client!
05-09 22:15:08.378 4529 4556 I FA : App measurement initialized, version: 87000
05-09 22:15:08.378 4529 4556 I FA : To enable debug logging run: adb shell setprop log.tag.FA VERBOSE
05-09 22:15:08.378 4529 4556 I FA : To enable faster debug mode event logging run:
05-09 22:15:08.378 4529 4556 I FA : adb shell setprop debug.firebase.analytics.app vn.gvnn_sampmobile.game
05-09 22:15:08.393 4529 4529 I sampmobile.gam: Rejecting re-init on previously-failed class java.lang.Class: java.lang.NoClassDefFoundError: Failed resolution of: Landroid/os/OutcomeReceiver;
05-09 22:15:08.393 4529 4529 I sampmobile.gam: at android.graphics.drawable.Drawable c5.u.p(android.content.Context, int) (SourceFile:-1)
05-09 22:15:08.393 4529 4529 I sampmobile.gam: at void j.b0.c(android.util.AttributeSet, int) (SourceFile:-1)
05-09 22:15:08.393 4529 4529 I sampmobile.gam: at void j.c0.(android.content.Context, android.util.AttributeSet, int) (SourceFile:-1)
05-09 22:15:08.393 4529 4529 I sampmobile.gam: at void com.google.android.material.imageview.ShapeableImageView.(android.content.Context, android.util.AttributeSet) (SourceFile:-1)
05-09 22:15:08.393 4529 4529 I sampmobile.gam: at java.lang.Object java.lang.reflect.Constructor.newInstance0(java.lang.Object[]) (Constructor.java:-2)
05-09 22:15:08.393 4529 4529 I sampmobile.gam: at java.lang.Object java.lang.reflect.Constructor.newInstance(java.lang.Object[]) (Constructor.java:343)
05-09 22:15:08.393 4529 4529 I sampmobile.gam: at android.view.View android.view.LayoutInflater.createView(java.lang.String, java.lang.String, android.util.AttributeSet) (LayoutInflater.java:647)
05-09 22:15:08.393 4529 4529 I sampmobile.gam: at android.view.View android.view.LayoutInflater.createViewFromTag(android.view.View, java.lang.String, android.content.Context, android.util.AttributeSet, boolean) (LayoutInflater.java:790)
05-09 22:15:08.393 4529 4529 I sampmobile.gam: at android.view.View android.view.LayoutInflater.createViewFromTag(android.view.View, java.lang.String, android.content.Context, android.util.AttributeSet) (LayoutInflater.java:730)
05-09 22:15:08.393 4529 4529 I sampmobile.gam: at void android.view.LayoutInflater.rInflate(org.xmlpull.v1.XmlPullParser, android.view.View, android.content.Context, android.util.AttributeSet, boolean) (LayoutInflater.java:863)
05-09 22:15:08.393 4529 4529 I sampmobile.gam: at void android.view.LayoutInflater.rInflateChildren(org.xmlpull.v1.XmlPullParser, android.view.View, android.util.AttributeSet, boolean) (LayoutInflater.java:824)
05-09 22:15:08.393 4529 4529 I sampmobile.gam: at android.view.View android.view.LayoutInflater.inflate(org.xmlpull.v1.XmlPullParser, android.view.ViewGroup, boolean) (LayoutInflater.java:515)
05-09 22:15:08.393 4529 4529 I sampmobile.gam: at android.view.View android.view.LayoutInflater.inflate(int, android.view.ViewGroup, boolean) (LayoutInflater.java:423)
05-09 22:15:08.393 4529 4529 I sampmobile.gam: at android.view.View android.view.LayoutInflater.inflate(int, android.view.ViewGroup) (LayoutInflater.java:374)
05-09 22:15:08.393 4529 4529 I sampmobile.gam: at void d.d0.g(int) (SourceFile:-1)
05-09 22:15:08.393 4529 4529 I sampmobile.gam: at void d.q.setContentView(int) (SourceFile:-1)
05-09 22:15:08.393 4529 4529 I sampmobile.gam: at void ro.alyn_sampmobile.launcher.SplashActivity.onCreate(android.os.Bundle) (SourceFile:-1)
05-09 22:15:08.393 4529 4529 I sampmobile.gam: at void android.app.Activity.performCreate(android.os.Bundle, android.os.PersistableBundle) (Activity.java:7185)
05-09 22:15:08.393 4529 4529 I sampmobile.gam: at void android.app.Activity.performCreate(android.os.Bundle) (Activity.java:7176)
05-09 22:15:08.393 4529 4529 I sampmobile.gam: at void android.app.Instrumentation.callActivityOnCreate(android.app.Activity, android.os.Bundle) (Instrumentation.java:1285)
05-09 22:15:08.393 4529 4529 I sampmobile.gam: at android.app.Activity android.app.ActivityThread.performLaunchActivity(android.app.ActivityThread$ActivityClientRecord, android.content.Intent) (ActivityThread.java:2973)
05-09 22:15:08.393 4529 4529 I sampmobile.gam: at android.app.Activity android.app.ActivityThread.handleLaunchActivity(android.app.ActivityThread$ActivityClientRecord, android.app.servertransaction.PendingTransactionActions, android.content.Intent) (ActivityThread.java:3128)
05-09 22:15:08.393 4529 4529 I sampmobile.gam: at void android.app.servertransaction.LaunchActivityItem.execute(android.app.ClientTransactionHandler, android.os.IBinder, android.app.servertransaction.PendingTransactionActions) (LaunchActivityItem.java:78)
05-09 22:15:08.393 4529 4529 I sampmobile.gam: at void android.app.servertransaction.TransactionExecutor.executeCallbacks(android.app.servertransaction.ClientTransaction) (TransactionExecutor.java:108)
05-09 22:15:08.393 4529 4529 I sampmobile.gam: at void android.app.servertransaction.TransactionExecutor.execute(android.app.servertransaction.ClientTransaction) (TransactionExecutor.java:68)
05-09 22:15:08.393 4529 4529 I sampmobile.gam: at void android.app.ActivityThread$H.handleMessage(android.os.Message) (ActivityThread.java:1888)
05-09 22:15:08.393 4529 4529 I sampmobile.gam: at void android.os.Handler.dispatchMessage(android.os.Message) (Handler.java:106)
05-09 22:15:08.393 4529 4529 I sampmobile.gam: at void android.os.Looper.loop() (Looper.java:193)
05-09 22:15:08.393 4529 4529 I sampmobile.gam: at void android.app.ActivityThread.main(java.lang.String[]) (ActivityThread.java:6816)
05-09 22:15:08.393 4529 4529 I sampmobile.gam: at java.lang.Object java.lang.reflect.Method.invoke(java.lang.Object, java.lang.Object[]) (Method.java:-2)
05-09 22:15:08.393 4529 4529 I sampmobile.gam: at void com.android.internal.os.RuntimeInit$MethodAndArgsCaller.run() (RuntimeInit.java:518)
05-09 22:15:08.393 4529 4529 I sampmobile.gam: at void com.android.internal.os.ZygoteInit.main(java.lang.String[]) (ZygoteInit.java:858)
05-09 22:15:08.393 4529 4529 I sampmobile.gam: Caused by: java.lang.ClassNotFoundException: Didn't find class "android.os.OutcomeReceiver" on path: DexPathList[[zip file "/system/framework/org.apache.http.legacy.boot.jar", zip file "/data/app/vn.gvnn_sampmobile.game-guk5zsejaeOHhteQtJEK8g==/base.apk"],nativeLibraryDirectories=[/data/app/vn.gvnn_sampmobile.game-guk5zsejaeOHhteQtJEK8g==/lib/arm, /data/app/vn.gvnn_sampmobile.game-guk5zsejaeOHhteQtJEK8g==/base.apk!/lib/armeabi-v7a, /system/lib, /system/vendor/lib]]
05-09 22:15:08.393 4529 4529 I sampmobile.gam: at java.lang.Class dalvik.system.BaseDexClassLoader.findClass(java.lang.String) (BaseDexClassLoader.java:134)
05-09 22:15:08.393 4529 4529 I sampmobile.gam: at java.lang.Class java.lang.ClassLoader.loadClass(java.lang.String, boolean) (ClassLoader.java:379)
05-09 22:15:08.393 4529 4529 I sampmobile.gam: at java.lang.Class java.lang.ClassLoader.loadClass(java.lang.String) (ClassLoader.java:312)
05-09 22:15:08.393 4529 4529 I sampmobile.gam: at android.graphics.drawable.Drawable c5.u.p(android.content.Context, int) (SourceFile:-1)
05-09 22:15:08.393 4529 4529 I sampmobile.gam: at void j.b0.c(android.util.AttributeSet, int) (SourceFile:-1)
05-09 22:15:08.393 4529 4529 I sampmobile.gam: at void j.c0.(android.content.Context, android.util.AttributeSet, int) (SourceFile:-1)
05-09 22:15:08.393 4529 4529 I sampmobile.gam: at void com.google.android.material.imageview.ShapeableImageView.(android.content.Context, android.util.AttributeSet) (SourceFile:-1)
05-09 22:15:08.393 4529 4529 I sampmobile.gam: at java.lang.Object java.lang.reflect.Constructor.newInstance0(java.lang.Object[]) (Constructor.java:-2)
05-09 22:15:08.393 4529 4529 I sampmobile.gam: at java.lang.Object java.lang.reflect.Constructor.newInstance(java.lang.Object[]) (Constructor.java:343)
05-09 22:15:08.393 4529 4529 I sampmobile.gam: at android.view.View android.view.LayoutInflater.createView(java.lang.String, java.lang.String, android.util.AttributeSet) (LayoutInflater.java:647)
05-09 22:15:08.393 4529 4529 I sampmobile.gam: at android.view.View android.view.LayoutInflater.createViewFromTag(android.view.View, java.lang.String, android.content.Context, android.util.AttributeSet, boolean) (LayoutInflater.java:790)
05-09 22:15:08.393 4529 4529 I sampmobile.gam: at android.view.View android.view.LayoutInflater.createViewFromTag(android.view.View, java.lang.String, android.content.Context, android.util.AttributeSet) (LayoutInflater.java:730)
05-09 22:15:08.393 4529 4529 I sampmobile.gam: at void android.view.LayoutInflater.rInflate(org.xmlpull.v1.XmlPullParser, android.view.View, android.content.Context, android.util.AttributeSet, boolean) (LayoutInflater.java:863)
05-09 22:15:08.393 4529 4529 I sampmobile.gam: at void android.view.LayoutInflater.rInflateChildren(org.xmlpull.v1.XmlPullParser, android.view.View, android.util.AttributeSet, boolean) (LayoutInflater.java:824)
05-09 22:15:08.393 4529 4529 I sampmobile.gam: at android.view.View android.view.LayoutInflater.inflate(org.xmlpull.v1.XmlPullParser, android.view.ViewGroup, boolean) (LayoutInflater.java:515)
05-09 22:15:08.393 4529 4529 I sampmobile.gam: at android.view.View android.view.LayoutInflater.inflate(int, android.view.ViewGroup, boolean) (LayoutInflater.java:423)
05-09 22:15:08.393 4529 4529 I sampmobile.gam: at android.view.View android.view.LayoutInflater.inflate(int, android.view.ViewGroup) (LayoutInflater.java:374)
05-09 22:15:08.393 4529 4529 I sampmobile.gam: at void d.d0.g(int) (SourceFile:-1)
05-09 22:15:08.393 4529 4529 I sampmobile.gam: at void d.q.setContentView(int) (SourceFile:-1)
05-09 22:15:08.393 4529 4529 I sampmobile.gam: at void ro.alyn_sampmobile.launcher.SplashActivity.onCreate(android.os.Bundle) (SourceFile:-1)
05-09 22:15:08.393 4529 4529 I sampmobile.gam: at void android.app.Activity.performCreate(android.os.Bundle, android.os.PersistableBundle) (Activity.java:7185)
05-09 22:15:08.393 4529 4529 I sampmobile.gam: at void android.app.Activity.performCreate(android.os.Bundle) (Activity.java:7176)
05-09 22:15:08.393 4529 4529 I sampmobile.gam: at void android.app.Instrumentation.callActivityOnCreate(android.app.Activity, android.os.Bundle) (Instrumentation.java:1285)
05-09 22:15:08.393 4529 4529 I sampmobile.gam: at android.app.Activity android.app.ActivityThread.performLaunchActivity(android.app.ActivityThread$ActivityClientRecord, android.content.Intent) (ActivityThread.java:2973)
05-09 22:15:08.393 4529 4529 I sampmobile.gam: at android.app.Activity android.app.ActivityThread.handleLaunchActivity(android.app.ActivityThread$ActivityClientRecord, android.app.servertransaction.PendingTransactionActions, android.content.Intent) (ActivityThread.java:3128)
05-09 22:15:08.393 4529 4529 I sampmobile.gam: at void android.app.servertransaction.LaunchActivityItem.execute(android.app.ClientTransactionHandler, android.os.IBinder, android.app.servertransaction.PendingTransactionActions) (LaunchActivityItem.java:78)
05-09 22:15:08.393 4529 4529 I sampmobile.gam: at void android.app.servertransaction.TransactionExecutor.executeCallbacks(android.app.servertransaction.ClientTransaction) (TransactionExecutor.java:108)
05-09 22:15:08.393 4529 4529 I sampmobile.gam: at void android.app.servertransaction.TransactionExecutor.execute(android.app.servertransaction.ClientTransaction) (TransactionExecutor.java:68)
05-09 22:15:08.393 4529 4529 I sampmobile.gam: at void android.app.ActivityThread$H.handleMessage(android.os.Message) (ActivityThread.java:1888)
05-09 22:15:08.393 4529 4529 I sampmobile.gam: at void android.os.Handler.dispatchMessage(android.os.Message) (Handler.java:106)
05-09 22:15:08.393 4529 4529 I sampmobile.gam: at void android.os.Looper.loop() (Looper.java:193)
05-09 22:15:08.393 4529 4529 I sampmobile.gam: at void android.app.ActivityThread.main(java.lang.String[]) (ActivityThread.java:6816)
05-09 22:15:08.393 4529 4529 I sampmobile.gam: at java.lang.Object java.lang.reflect.Method.invoke(java.lang.Object, java.lang.Object[]) (Method.java:-2)
05-09 22:15:08.393 4529 4529 I sampmobile.gam: at void com.android.internal.os.RuntimeInit$MethodAndArgsCaller.run() (RuntimeInit.java:518)
05-09 22:15:08.393 4529 4529 I sampmobile.gam: at void com.android.internal.os.ZygoteInit.main(java.lang.String[]) (ZygoteInit.java:858)
05-09 22:15:08.393 4529 4529 I sampmobile.gam:
05-09 22:15:08.394 4529 4529 I sampmobile.gam: Rejecting re-init on previously-failed class java.lang.Class: java.lang.NoClassDefFoundError: Failed resolution of: Landroid/os/OutcomeReceiver;
05-09 22:15:08.394 4529 4529 I sampmobile.gam: at android.graphics.drawable.Drawable c5.u.p(android.content.Context, int) (SourceFile:-1)
05-09 22:15:08.394 4529 4529 I sampmobile.gam: at void j.b0.c(android.util.AttributeSet, int) (SourceFile:-1)
05-09 22:15:08.394 4529 4529 I sampmobile.gam: at void j.c0.(android.content.Context, android.util.AttributeSet, int) (SourceFile:-1)
05-09 22:15:08.394 4529 4529 I sampmobile.gam: at void com.google.android.material.imageview.ShapeableImageView.(android.content.Context, android.util.AttributeSet) (SourceFile:-1)
05-09 22:15:08.394 4529 4529 I sampmobile.gam: at java.lang.Object java.lang.reflect.Constructor.newInstance0(java.lang.Object[]) (Constructor.java:-2)
05-09 22:15:08.394 4529 4529 I sampmobile.gam: at java.lang.Object java.lang.reflect.Constructor.newInstance(java.lang.Object[]) (Constructor.java:343)
05-09 22:15:08.394 4529 4529 I sampmobile.gam: at android.view.View android.view.LayoutInflater.createView(java.lang.String, java.lang.String, android.util.AttributeSet) (LayoutInflater.java:647)
05-09 22:15:08.394 4529 4529 I sampmobile.gam: at android.view.View android.view.LayoutInflater.createViewFromTag(android.view.View, java.lang.String, android.content.Context, android.util.AttributeSet, boolean) (LayoutInflater.java:790)
05-09 22:15:08.394 4529 4529 I sampmobile.gam: at android.view.View android.view.LayoutInflater.createViewFromTag(android.view.View, java.lang.String, android.content.Context, android.util.AttributeSet) (LayoutInflater.java:730)
05-09 22:15:08.394 4529 4529 I sampmobile.gam: at void android.view.LayoutInflater.rInflate(org.xmlpull.v1.XmlPullParser, android.view.View, android.content.Context, android.util.AttributeSet, boolean) (LayoutInflater.java:863)
05-09 22:15:08.394 4529 4529 I sampmobile.gam: at void android.view.LayoutInflater.rInflateChildren(org.xmlpull.v1.XmlPullParser, android.view.View, android.util.AttributeSet, boolean) (LayoutInflater.java:824)
05-09 22:15:08.394 4529 4529 I sampmobile.gam: at android.view.View android.view.LayoutInflater.inflate(org.xmlpull.v1.XmlPullParser, android.view.ViewGroup, boolean) (LayoutInflater.java:515)
05-09 22:15:08.394 4529 4529 I sampmobile.gam: at android.view.View android.view.LayoutInflater.inflate(int, android.view.ViewGroup, boolean) (LayoutInflater.java:423)
05-09 22:15:08.394 4529 4529 I sampmobile.gam: at android.view.View android.view.LayoutInflater.inflate(int, android.view.ViewGroup) (LayoutInflater.java:374)
05-09 22:15:08.394 4529 4529 I sampmobile.gam: at void d.d0.g(int) (SourceFile:-1)
05-09 22:15:08.394 4529 4529 I sampmobile.gam: at void d.q.setContentView(int) (SourceFile:-1)
05-09 22:15:08.394 4529 4529 I sampmobile.gam: at void ro.alyn_sampmobile.launcher.SplashActivity.onCreate(android.os.Bundle) (SourceFile:-1)
05-09 22:15:08.394 4529 4529 I sampmobile.gam: at void android.app.Activity.performCreate(android.os.Bundle, android.os.PersistableBundle) (Activity.java:7185)
05-09 22:15:08.394 4529 4529 I sampmobile.gam: at void android.app.Activity.performCreate(android.os.Bundle) (Activity.java:7176)
05-09 22:15:08.394 4529 4529 I sampmobile.gam: at void android.app.Instrumentation.callActivityOnCreate(android.app.Activity, android.os.Bundle) (Instrumentation.java:1285)
05-09 22:15:08.394 4529 4529 I sampmobile.gam: at android.app.Activity android.app.ActivityThread.performLaunchActivity(android.app.ActivityThread$ActivityClientRecord, android.content.Intent) (ActivityThread.java:2973)
05-09 22:15:08.394 4529 4529 I sampmobile.gam: at android.app.Activity android.app.ActivityThread.handleLaunchActivity(android.app.ActivityThread$ActivityClientRecord, android.app.servertransaction.PendingTransactionActions, android.content.Intent) (ActivityThread.java:3128)
05-09 22:15:08.394 4529 4529 I sampmobile.gam: at void android.app.servertransaction.LaunchActivityItem.execute(android.app.ClientTransactionHandler, android.os.IBinder, android.app.servertransaction.PendingTransactionActions) (LaunchActivityItem.java:78)
05-09 22:15:08.394 4529 4529 I sampmobile.gam: at void android.app.servertransaction.TransactionExecutor.executeCallbacks(android.app.servertransaction.ClientTransaction) (TransactionExecutor.java:108)
05-09 22:15:08.394 4529 4529 I sampmobile.gam: at void android.app.servertransaction.TransactionExecutor.execute(android.app.servertransaction.ClientTransaction) (TransactionExecutor.java:68)
05-09 22:15:08.394 4529 4529 I sampmobile.gam: at void android.app.ActivityThread$H.handleMessage(android.os.Message) (ActivityThread.java:1888)
05-09 22:15:08.394 4529 4529 I sampmobile.gam: at void android.os.Handler.dispatchMessage(android.os.Message) (Handler.java:106)
05-09 22:15:08.394 4529 4529 I sampmobile.gam: at void android.os.Looper.loop() (Looper.java:193)
05-09 22:15:08.394 4529 4529 I sampmobile.gam: at void android.app.ActivityThread.main(java.lang.String[]) (ActivityThread.java:6816)
05-09 22:15:08.394 4529 4529 I sampmobile.gam: at java.lang.Object java.lang.reflect.Method.invoke(java.lang.Object, java.lang.Object[]) (Method.java:-2)
05-09 22:15:08.394 4529 4529 I sampmobile.gam: at void com.android.internal.os.RuntimeInit$MethodAndArgsCaller.run() (RuntimeInit.java:518)
05-09 22:15:08.394 4529 4529 I sampmobile.gam: at void com.android.internal.os.ZygoteInit.main(java.lang.String[]) (ZygoteInit.java:858)
05-09 22:15:08.394 4529 4529 I sampmobile.gam: Caused by: java.lang.ClassNotFoundException: Didn't find class "android.os.OutcomeReceiver" on path: DexPathList[[zip file "/system/framework/org.apache.http.legacy.boot.jar", zip file "/data/app/vn.gvnn_sampmobile.game-guk5zsejaeOHhteQtJEK8g==/base.apk"],nativeLibraryDirectories=[/data/app/vn.gvnn_sampmobile.game-guk5zsejaeOHhteQtJEK8g==/lib/arm, /data/app/vn.gvnn_sampmobile.game-guk5zsejaeOHhteQtJEK8g==/base.apk!/lib/armeabi-v7a, /system/lib, /system/vendor/lib]]
05-09 22:15:08.394 4529 4529 I sampmobile.gam: at java.lang.Class dalvik.system.BaseDexClassLoader.findClass(java.lang.String) (BaseDexClassLoader.java:134)
05-09 22:15:08.394 4529 4529 I sampmobile.gam: at java.lang.Class java.lang.ClassLoader.loadClass(java.lang.String, boolean) (ClassLoader.java:379)
05-09 22:15:08.394 4529 4529 I sampmobile.gam: at java.lang.Class java.lang.ClassLoader.loadClass(java.lang.String) (ClassLoader.java:312)
05-09 22:15:08.394 4529 4529 I sampmobile.gam: at android.graphics.drawable.Drawable c5.u.p(android.content.Context, int) (SourceFile:-1)
05-09 22:15:08.394 4529 4529 I sampmobile.gam: at void j.b0.c(android.util.AttributeSet, int) (SourceFile:-1)
05-09 22:15:08.394 4529 4529 I sampmobile.gam: at void j.c0.(android.content.Context, android.util.AttributeSet, int) (SourceFile:-1)
05-09 22:15:08.394 4529 4529 I sampmobile.gam: at void com.google.android.material.imageview.ShapeableImageView.(android.content.Context, android.util.AttributeSet) (SourceFile:-1)
05-09 22:15:08.394 4529 4529 I sampmobile.gam: at java.lang.Object java.lang.reflect.Constructor.newInstance0(java.lang.Object[]) (Constructor.java:-2)
05-09 22:15:08.394 4529 4529 I sampmobile.gam: at java.lang.Object java.lang.reflect.Constructor.newInstance(java.lang.Object[]) (Constructor.java:343)
05-09 22:15:08.394 4529 4529 I sampmobile.gam: at android.view.View android.view.LayoutInflater.createView(java.lang.String, java.lang.String, android.util.AttributeSet) (LayoutInflater.java:647)
05-09 22:15:08.394 4529 4529 I sampmobile.gam: at android.view.View android.view.LayoutInflater.createViewFromTag(android.view.View, java.lang.String, android.content.Context, android.util.AttributeSet, boolean) (LayoutInflater.java:790)
05-09 22:15:08.394 4529 4529 I sampmobile.gam: at android.view.View android.view.LayoutInflater.createViewFromTag(android.view.View, java.lang.String, android.content.Context, android.util.AttributeSet) (LayoutInflater.java:730)
05-09 22:15:08.394 4529 4529 I sampmobile.gam: at void android.view.LayoutInflater.rInflate(org.xmlpull.v1.XmlPullParser, android.view.View, android.content.Context, android.util.AttributeSet, boolean) (LayoutInflater.java:863)
05-09 22:15:08.394 4529 4529 I sampmobile.gam: at void android.view.LayoutInflater.rInflateChildren(org.xmlpull.v1.XmlPullParser, android.view.View, android.util.AttributeSet, boolean) (LayoutInflater.java:824)
05-09 22:15:08.394 4529 4529 I sampmobile.gam: at android.view.View android.view.LayoutInflater.inflate(org.xmlpull.v1.XmlPullParser, android.view.ViewGroup, boolean) (LayoutInflater.java:515)
05-09 22:15:08.394 4529 4529 I sampmobile.gam: at android.view.View android.view.LayoutInflater.inflate(int, android.view.ViewGroup, boolean) (LayoutInflater.java:423)
05-09 22:15:08.394 4529 4529 I sampmobile.gam: at android.view.View android.view.LayoutInflater.inflate(int, android.view.ViewGroup) (LayoutInflater.java:374)
05-09 22:15:08.394 4529 4529 I sampmobile.gam: at void d.d0.g(int) (SourceFile:-1)
05-09 22:15:08.394 4529 4529 I sampmobile.gam: at void d.q.setContentView(int) (SourceFile:-1)
05-09 22:15:08.394 4529 4529 I sampmobile.gam: at void ro.alyn_sampmobile.launcher.SplashActivity.onCreate(android.os.Bundle) (SourceFile:-1)
05-09 22:15:08.394 4529 4529 I sampmobile.gam: at void android.app.Activity.performCreate(android.os.Bundle, android.os.PersistableBundle) (Activity.java:7185)
05-09 22:15:08.394 4529 4529 I sampmobile.gam: at void android.app.Activity.performCreate(android.os.Bundle) (Activity.java:7176)
05-09 22:15:08.394 4529 4529 I sampmobile.gam: at void android.app.Instrumentation.callActivityOnCreate(android.app.Activity, android.os.Bundle) (Instrumentation.java:1285)
05-09 22:15:08.394 4529 4529 I sampmobile.gam: at android.app.Activity android.app.ActivityThread.performLaunchActivity(android.app.ActivityThread$ActivityClientRecord, android.content.Intent) (ActivityThread.java:2973)
05-09 22:15:08.394 4529 4529 I sampmobile.gam: at android.app.Activity android.app.ActivityThread.handleLaunchActivity(android.app.ActivityThread$ActivityClientRecord, android.app.servertransaction.PendingTransactionActions, android.content.Intent) (ActivityThread.java:3128)
05-09 22:15:08.394 4529 4529 I sampmobile.gam: at void android.app.servertransaction.LaunchActivityItem.execute(android.app.ClientTransactionHandler, android.os.IBinder, android.app.servertransaction.PendingTransactionActions) (LaunchActivityItem.java:78)
05-09 22:15:08.394 4529 4529 I sampmobile.gam: at void android.app.servertransaction.TransactionExecutor.executeCallbacks(android.app.servertransaction.ClientTransaction) (TransactionExecutor.java:108)
05-09 22:15:08.394 4529 4529 I sampmobile.gam: at void android.app.servertransaction.TransactionExecutor.execute(android.app.servertransaction.ClientTransaction) (TransactionExecutor.java:68)
05-09 22:15:08.394 4529 4529 I sampmobile.gam: at void android.app.ActivityThread$H.handleMessage(android.os.Message) (ActivityThread.java:1888)
05-09 22:15:08.394 4529 4529 I sampmobile.gam: at void android.os.Handler.dispatchMessage(android.os.Message) (Handler.java:106)
05-09 22:15:08.394 4529 4529 I sampmobile.gam: at void android.os.Looper.loop() (Looper.java:193)
05-09 22:15:08.394 4529 4529 I sampmobile.gam: at void android.app.ActivityThread.main(java.lang.String[]) (ActivityThread.java:6816)
05-09 22:15:08.394 4529 4529 I sampmobile.gam: at java.lang.Object java.lang.reflect.Method.invoke(java.lang.Object, java.lang.Object[]) (Method.java:-2)
05-09 22:15:08.394 4529 4529 I sampmobile.gam: at void com.android.internal.os.RuntimeInit$MethodAndArgsCaller.run() (RuntimeInit.java:518)
05-09 22:15:08.394 4529 4529 I sampmobile.gam: at void com.android.internal.os.ZygoteInit.main(java.lang.String[]) (ZygoteInit.java:858)
05-09 22:15:08.394 4529 4529 I sampmobile.gam:
05-09 22:15:08.433 4529 4563 D NetworkSecurityConfig: Using Network Security Config from resource network_security_config debugBuild: false
05-09 22:15:08.467 4529 4529 D OpenGLRenderer: Skia GL Pipeline
05-09 22:15:08.474 4529 4556 I FA : Tag Manager is not found and thus will not be used
05-09 22:15:08.495 4529 4529 D AppLovinSdk: [AppLovinSdk]
05-09 22:15:08.495 4529 4529 D AppLovinSdk: ========================================
05-09 22:15:08.495 4529 4529 D AppLovinSdk: SDK Session Begin
05-09 22:15:08.495 4529 4529 D AppLovinSdk: ========================================
05-09 22:15:08.501 4529 4529 D TelephonyManager: creating subscriptionInfo Record, context : zt.dbqqt.kykevsldn.ewtmmycxrfttxjkixv@52a4b16
05-09 22:15:08.529 4529 4529 I System.out: isOnline
05-09 22:15:08.598 4529 4582 D HostConnection: createUnique: call
05-09 22:15:08.598 4529 4582 I AGA : hstInit: opened /dev/bstpgaipc: fd = 52
05-09 22:15:08.598 4529 4582 I AGA : Attempting to create new SOCKET connection pid = 4529, tid = 4582
05-09 22:15:08.598 4529 4582 I AGA : hstInitClientPgaIpc: Attempting to get GROUP2 cid
05-09 22:15:08.599 4529 4582 I AGA : hstInitClientPgaIpc: data mapped to 0xbb8f4000 with size 4194304
05-09 22:15:08.599 4529 4582 I AGA : New SOCKET connection: vn.gvnn_sampmobile.game (pid 4529, tid 4582)
05-09 22:15:08.601 4529 4582 D HostConnection: HostComposition ext ANDROID_EMU_vulkan ANDROID_EMU_deferred_vulkan_commands ANDROID_EMU_vulkan_create_resources_with_requirements ANDROID_EMU_vulkan_queue_submit_with_commands ANDROID_EMU_vulkan_batched_descriptor_set_update GL_OES_EGL_image_external_essl3 GL_OES_vertex_array_object GL_KHR_texture_compression_astc_ldr ANDROID_EMU_gles_max_version_3_2
05-09 22:15:08.608 4529 4582 I ConfigStore: android::hardware::configstore::V1_0::ISurfaceFlingerConfigs::hasWideColorDisplay retrieved: 0
05-09 22:15:08.608 4529 4582 I ConfigStore: android::hardware::configstore::V1_0::ISurfaceFlingerConfigs::hasHDRDisplay retrieved: 0
05-09 22:15:08.608 4529 4582 I OpenGLRenderer: Initialized EGL, version 1.4
05-09 22:15:08.608 4529 4582 D OpenGLRenderer: Swap behavior 1
05-09 22:15:08.623 4529 4582 D EGL_emulation: eglCreateContext: 0xbf10cc00: maj 3 min 2 rcv 4
05-09 22:15:08.645 4529 4582 D EGL_emulation: eglMakeCurrent: 0xbf10cc00: ver 3 2 (tinfo 0xe253e8b0)
05-09 22:15:08.646 4529 4582 I AGA : The gl query need cache 0
05-09 22:15:08.647 4529 4582 D EGL_emulation: eglMakeCurrent: 0xbf10cc00: ver 3 2 (tinfo 0xe253e8b0) (first time)
05-09 22:15:08.649 4529 4582 E eglCodecCommon: glUtilsParamSize: unknow param 0x000082da
05-09 22:15:08.649 4529 4582 E eglCodecCommon: glUtilsParamSize: unknow param 0x000082da
05-09 22:15:08.649 4529 4582 E eglCodecCommon: glUtilsParamSize: unknow param 0x000082e5
05-09 22:15:08.649 4529 4582 E eglCodecCommon: glUtilsParamSize: unknow param 0x000082e5
05-09 22:15:08.654 4529 4582 D emuglGLESv2_enc: check TTCDisabled with pkg[vn.gvnn_sampmobile.game] with res[0]
05-09 22:15:08.672 4529 4582 E eglCodecCommon: glUtilsParamSize: unknow param 0x00008c29
05-09 22:15:08.672 4529 4582 E eglCodecCommon: glUtilsParamSize: unknow param 0x00008c29
05-09 22:15:08.678 4529 4582 D vndksupport: Loading /vendor/lib/hw/android.hardware.graphics.mapper@2.0-impl.so from current namespace instead of sphal namespace.
05-09 22:15:08.680 4529 4582 D vndksupport: Loading /vendor/lib/hw/gralloc.default.so from current namespace instead of sphal namespace.
05-09 22:15:08.706 4529 4582 D HostConnection: createUnique: call
05-09 22:15:08.706 4529 4582 I AGA : hstInit: opened /dev/bstpgaipc: fd = 59
05-09 22:15:08.706 4529 4582 I AGA : Attempting to create new SOCKET connection pid = 4529, tid = 4582
05-09 22:15:08.706 4529 4582 I AGA : hstInitClientPgaIpc: Attempting to get GROUP2 cid
05-09 22:15:08.707 4529 4582 I AGA : hstInitClientPgaIpc: data mapped to 0xbb097000 with size 4194304
05-09 22:15:08.707 4529 4582 I AGA : New SOCKET connection: vn.gvnn_sampmobile.game (pid 4529, tid 4582)
05-09 22:15:08.707 4529 4582 D HostConnection: HostComposition ext ANDROID_EMU_vulkan ANDROID_EMU_deferred_vulkan_commands ANDROID_EMU_vulkan_create_resources_with_requirements ANDROID_EMU_vulkan_queue_submit_with_commands ANDROID_EMU_vulkan_batched_descriptor_set_update GL_OES_EGL_image_external_essl3 GL_OES_vertex_array_object GL_KHR_texture_compression_astc_ldr ANDROID_EMU_gles_max_version_3_2
05-09 22:15:08.711 4529 4582 E EGL_emulation: tid 4582: eglSurfaceAttrib(1719): error 0x3009 (EGL_BAD_MATCH)
05-09 22:15:08.711 4529 4582 W OpenGLRenderer: Failed to set EGL_SWAP_BEHAVIOR on surface 0xe7e09560, error=EGL_BAD_MATCH
05-09 22:15:08.723 4529 4582 E EGL_emulation: tid 4582: eglSurfaceAttrib(1719): error 0x3009 (EGL_BAD_MATCH)
05-09 22:15:08.723 4529 4582 W OpenGLRenderer: Failed to set EGL_SWAP_BEHAVIOR on surface 0xbf112b60, error=EGL_BAD_MATCH
05-09 22:15:08.734 4529 4580 D HostConnection: createUnique: call
05-09 22:15:08.734 4529 4580 I AGA : hstInit: opened /dev/bstpgaipc: fd = 55
05-09 22:15:08.734 4529 4580 I AGA : Attempting to create new SOCKET connection pid = 4529, tid = 4580
05-09 22:15:08.735 4529 4580 I AGA : hstInitClientPgaIpc: Attempting to get GROUP2 cid
05-09 22:15:08.736 4529 4580 I AGA : hstInitClientPgaIpc: data mapped to 0xba61b000 with size 4194304
05-09 22:15:08.736 4529 4580 I AGA : New SOCKET connection: vn.gvnn_sampmobile.game (pid 4529, tid 4580)
05-09 22:15:08.736 4529 4580 D HostConnection: HostComposition ext ANDROID_EMU_vulkan ANDROID_EMU_deferred_vulkan_commands ANDROID_EMU_vulkan_create_resources_with_requirements ANDROID_EMU_vulkan_queue_submit_with_commands ANDROID_EMU_vulkan_batched_descriptor_set_update GL_OES_EGL_image_external_essl3 GL_OES_vertex_array_object GL_KHR_texture_compression_astc_ldr ANDROID_EMU_gles_max_version_3_2
05-09 22:15:08.746 4529 4580 D EGL_emulation: eglCreateContext: 0xbe9c1a00: maj 1 min 0 rcv 1
05-09 22:15:08.770 4529 4580 D EGL_emulation: eglMakeCurrent: 0xbe9c1a00: ver 1 0 (tinfo 0xe1d83980)
05-09 22:15:08.770 4529 4580 I AGA : The gl query need cache 0
05-09 22:15:08.771 4529 4580 D EGL_emulation: eglMakeCurrent: 0xbe9c1a00: ver 1 0 (tinfo 0xe1d83980) (first time)
05-09 22:15:08.772 4529 4580 D EGL_emulation: eglMakeCurrent: 0xbe9c1a00: ver 1 0 (tinfo 0xe1d83980) (first time)
05-09 22:15:08.776 4529 4580 I SplashActivity: Renderer: Adreno (TM) 650
05-09 22:15:08.776 4529 4580 I SplashActivity: Extensions: GL_EXT_debug_marker GL_OES_blend_func_separate GL_OES_blend_equation_separate GL_OES_blend_subtract GL_OES_byte_coordinates GL_OES_compressed_paletted_texture GL_OES_point_size_array GL_OES_point_sprite GL_OES_single_precision GL_OES_stencil_wrap GL_OES_texture_env_crossbar GL_OES_texture_mirored_repeat GL_OES_EGL_image GL_OES_element_index_uint GL_OES_draw_texture GL_OES_texture_cube_map GL_OES_draw_texture GL_OES_framebuffer_object GL_OES_depth24 GL_OES_depth32 GL_OES_fbo_render_mipmap GL_OES_rgb8_rgba8 GL_OES_stencil1 GL_OES_stencil4 GL_OES_stencil8 GL_OES_packed_depth_stencil GL_EXT_texture_format_BGRA8888 GL_APPLE_texture_format_BGRA8888 GL_OES_compressed_ETC1_RGB8_texture GL_OES_EGL_image_external_essl3 GL_OES_vertex_array_object GL_KHR_texture_compression_astc_ldr GL_OES_compressed_ETC1_RGB8_texture
05-09 22:15:08.776 4529 4580 I SplashActivity: GPU_TYPE: ETC
05-09 22:15:08.778 4529 4582 E EGL_emulation: tid 4582: eglSurfaceAttrib(1719): error 0x3009 (EGL_BAD_MATCH)
05-09 22:15:08.778 4529 4582 W OpenGLRenderer: Failed to set EGL_SWAP_BEHAVIOR on surface 0xbf112da0, error=EGL_BAD_MATCH
05-09 22:15:08.831 4529 4582 D EGL_emulation: eglMakeCurrent: 0xbf10cc00: ver 3 2 (tinfo 0xe253e8b0)
05-09 22:15:08.838 4529 4582 D emuglGLESv2_enc: check GLMBRH with pkg[vn.gvnn_sampmobile.game] with res[0]
05-09 22:15:08.838 4529 4582 D emuglGLESv2_enc: check GLUBPerf with pkg[vn.gvnn_sampmobile.game] with res[0]
05-09 22:15:08.839 4529 4582 D emuglGLESv2_enc: GL vn.gvnn_sampmobile.game ViewportNeedFlush 0
05-09 22:15:08.856 4529 4582 D EGL_emulation: eglMakeCurrent: 0xbf10cc00: ver 3 2 (tinfo 0xe253e8b0)
05-09 22:15:09.212 4529 4582 D EGL_emulation: eglMakeCurrent: 0xbf10cc00: ver 3 2 (tinfo 0xe253e8b0)
05-09 22:15:09.222 4529 4582 D EGL_emulation: eglMakeCurrent: 0xbf10cc00: ver 3 2 (tinfo 0xe253e8b0)
05-09 22:15:09.232 4529 4582 D EGL_emulation: eglMakeCurrent: 0xbf10cc00: ver 3 2 (tinfo 0xe253e8b0)
05-09 22:15:09.236 4529 4582 D EGL_emulation: eglMakeCurrent: 0xbf10cc00: ver 3 2 (tinfo 0xe253e8b0)
05-09 22:15:09.252 4529 4582 D EGL_emulation: eglMakeCurrent: 0xbf10cc00: ver 3 2 (tinfo 0xe253e8b0)
05-09 22:15:09.255 4529 4582 D EGL_emulation: eglMakeCurrent: 0xbf10cc00: ver 3 2 (tinfo 0xe253e8b0)
05-09 22:15:10.062 4529 4578 W DynamiteModule: Local module descriptor class for com.google.android.gms.providerinstaller.dynamite not found.
05-09 22:15:10.067 4529 4578 I DynamiteModule: Considering local module com.google.android.gms.providerinstaller.dynamite:0 and remote module com.google.android.gms.providerinstaller.dynamite:0
05-09 22:15:10.068 4529 4578 W ProviderInstaller: Failed to load providerinstaller module: No acceptable module com.google.android.gms.providerinstaller.dynamite found. Local version is 0 and remote version is 0.
05-09 22:15:10.082 4529 4578 W sampmobile.gam: Unknown chunk type '200'.
05-09 22:15:10.099 4529 4578 I sampmobile.gam: The ClassLoaderContext is a special shared library.
05-09 22:15:10.100 4529 4578 I sampmobile.gam: The ClassLoaderContext is a special shared library.
05-09 22:15:10.270 4529 4578 V NativeCrypto: Registering com/google/android/gms/org/conscrypt/NativeCrypto's 305 native methods...
05-09 22:15:10.292 4529 4578 I ProviderInstaller: Installed default security provider GmsCore_OpenSSL
05-09 22:15:10.361 4529 4579 D AppLovinSdk: [AppLovinSdk]
05-09 22:15:10.361 4529 4579 D AppLovinSdk: ========================================
05-09 22:15:10.361 4529 4579 D AppLovinSdk: =====AppLovin SDK=====
05-09 22:15:10.361 4529 4579 D AppLovinSdk: ===SDK Versions===
05-09 22:15:10.361 4529 4579 D AppLovinSdk: Version: 11.11.3
05-09 22:15:10.361 4529 4579 D AppLovinSdk: Plugin Version:
05-09 22:15:10.361 4529 4579 D AppLovinSdk: Ad Review Version:
05-09 22:15:10.361 4529 4579 D AppLovinSdk: OM SDK Version: 1.4.1-Applovin
05-09 22:15:10.361 4529 4579 D AppLovinSdk: ===Device Info===
05-09 22:15:10.361 4529 4579 D AppLovinSdk: OS: 9 (P - API 28)
05-09 22:15:10.361 4529 4579 D AppLovinSdk: GAID:
05-09 22:15:10.361 4529 4579 D AppLovinSdk: Model: SM-G998B
05-09 22:15:10.361 4529 4579 D AppLovinSdk: Locale: vi_VN
05-09 22:15:10.361 4529 4579 D AppLovinSdk: Emulator: false
05-09 22:15:10.361 4529 4579 D AppLovinSdk: Tablet: true
05-09 22:15:10.361 4529 4579 D AppLovinSdk: ===App Info===
05-09 22:15:10.361 4529 4579 D AppLovinSdk: Application ID: vn.gvnn_sampmobile.game
05-09 22:15:10.361 4529 4579 D AppLovinSdk: Target SDK: 27
05-09 22:15:10.361 4529 4579 D AppLovinSdk: ExoPlayer Version: 2015001
05-09 22:15:10.361 4529 4579 D AppLovinSdk: ===SDK Settings===
05-09 22:15:10.361 4529 4579 D AppLovinSdk: SDK Key: EOPqxvB1Qrw2xJOhrE3ez_aChS66UV4bn6aVXVqWTBrsHN708BT__BeI_44dubg6SHJzqm1NmllC1vNUpieFy2
05-09 22:15:10.361 4529 4579 D AppLovinSdk: Mediation Provider: max
05-09 22:15:10.361 4529 4579 D AppLovinSdk: TG: 27
05-09 22:15:10.361 4529 4579 D AppLovinSdk: AEI: -1
05-09 22:15:10.361 4529 4579 D AppLovinSdk: MEI: -1
05-09 22:15:10.361 4529 4579 D AppLovinSdk: Test Mode On: false
05-09 22:15:10.361 4529 4579 D AppLovinSdk: Verbose Logging On: false
05-09 22:15:10.361 4529 4579 D AppLovinSdk: ===Privacy States===
05-09 22:15:10.361 4529 4579 D AppLovinSdk: Please review AppLovin MAX documentation to be compliant with regional privacy policies.
05-09 22:15:10.361 4529 4579 D AppLovinSdk:
05-09 22:15:10.361 4529 4579 D AppLovinSdk: Age Restricted User - No value set
05-09 22:15:10.361 4529 4579 D AppLovinSdk: Has User Consent - No value set
05-09 22:15:10.361 4529 4579 D AppLovinSdk: "Do Not Sell" - No value set
05-09 22:15:10.361 4529 4579 D AppLovinSdk: ===MAX Terms Flow===
05-09 22:15:10.361 4529 4579 D AppLovinSdk: Enabled: false
05-09 22:15:10.361 4529 4579 D AppLovinSdk: Privacy Policy URI: null
05-09 22:15:10.361 4529 4579 D AppLovinSdk: Terms of Service URI: null
05-09 22:15:10.361 4529 4579 D AppLovinSdk: ========================================
05-09 22:15:10.363 4529 4529 I AppLovinSdk: initialized!
05-09 22:15:11.922 4529 4582 D EGL_emulation: eglMakeCurrent: 0xbf10cc00: ver 3 2 (tinfo 0xe253e8b0)
05-09 22:15:11.988 4529 4582 I chatty : uid=10062(vn.gvnn_sampmobile.game) RenderThread identical 4 lines
05-09 22:15:11.990 4529 4582 D EGL_emulation: eglMakeCurrent: 0xbf10cc00: ver 3 2 (tinfo 0xe253e8b0)
05-09 22:15:11.997 4529 4582 D OpenGLRenderer: endAllActiveAnimators on 0xbf542380 (RippleDrawable) with handle 0xbf1ebf90
05-09 22:15:14.518 4529 4529 I System.out: isOnline
05-09 22:15:14.519 4529 4595 D UpdateService: checkUpdate()
05-09 22:15:15.122 4529 4597 I UpdateService: mUpdateVersion = 16.4
05-09 22:15:15.123 4529 4597 D UpdateService: checkGameFilesUpdate
05-09 22:15:15.479 4529 4597 I System.out: Missing/Corrupted file: anim/anim.img | 10942464 bytes
05-09 22:15:15.480 4529 4597 I System.out: File: /storage/emulated/0/Android/data/vn.gvnn_sampmobile.game/files/anim/anim.img | missing bytes
05-09 22:15:15.480 4529 4597 I System.out: Missing/Corrupted file: anim/cuts.img | 16029696 bytes
05-09 22:15:15.480 4529 4597 I System.out: File: /storage/emulated/0/Android/data/vn.gvnn_sampmobile.game/files/anim/cuts.img | missing bytes
05-09 22:15:15.480 4529 4597 I System.out: Missing/Corrupted file: anim/ped.ifp | 1433248 bytes
05-09 22:15:15.480 4529 4597 I System.out: File: /storage/emulated/0/Android/data/vn.gvnn_sampmobile.game/files/anim/ped.ifp | missing bytes
05-09 22:15:15.481 4529 4597 I System.out: Missing/Corrupted file: audio/CONFIG/AudioEventHistory.txt | 114056 bytes
05-09 22:15:15.481 4529 4597 I System.out: File: /storage/emulated/0/Android/data/vn.gvnn_sampmobile.game/files/audio/CONFIG/AudioEventHistory.txt | missing bytes
05-09 22:15:15.481 4529 4597 I System.out: Missing/Corrupted file: audio/CONFIG/BankLkup.dat | 8520 bytes
05-09 22:15:15.481 4529 4597 I System.out: File: /storage/emulated/0/Android/data/vn.gvnn_sampmobile.game/files/audio/CONFIG/BankLkup.dat | missing bytes
05-09 22:15:15.481 4529 4597 I System.out: Missing/Corrupted file: audio/CONFIG/BankSlot.dat | 216902 bytes
05-09 22:15:15.481 4529 4597 I System.out: File: /storage/emulated/0/Android/data/vn.gvnn_sampmobile.game/files/audio/CONFIG/BankSlot.dat | missing bytes
05-09 22:15:15.482 4529 4597 I System.out: Missing/Corrupted file: audio/CONFIG/EventVol.dat | 45402 bytes
05-09 22:15:15.482 4529 4597 I System.out: File: /storage/emulated/0/Android/data/vn.gvnn_sampmobile.game/files/audio/CONFIG/EventVol.dat | missing bytes
05-09 22:15:15.482 4529 4597 I System.out: Missing/Corrupted file: audio/CONFIG/PakFiles.dat | 468 bytes
05-09 22:15:15.482 4529 4597 I System.out: File: /storage/emulated/0/Android/data/vn.gvnn_sampmobile.game/files/audio/CONFIG/PakFiles.dat | missing bytes
05-09 22:15:15.482 4529 4597 I System.out: Missing/Corrupted file: audio/CONFIG/SOUNDINF.DAT | 746760 bytes
05-09 22:15:15.482 4529 4597 I System.out: File: /storage/emulated/0/Android/data/vn.gvnn_sampmobile.game/files/audio/CONFIG/SOUNDINF.DAT | missing bytes
05-09 22:15:15.483 4529 4597 I System.out: Missing/Corrupted file: audio/CONFIG/StrmPaks.dat | 272 bytes
05-09 22:15:15.483 4529 4597 I System.out: File: /storage/emulated/0/Android/data/vn.gvnn_sampmobile.game/files/audio/CONFIG/StrmPaks.dat | missing bytes
05-09 22:15:15.483 4529 4597 I System.out: Missing/Corrupted file: audio/CONFIG/TRKHEAD.DAT | 15506696 bytes
05-09 22:15:15.483 4529 4597 I System.out: File: /storage/emulated/0/Android/data/vn.gvnn_sampmobile.game/files/audio/CONFIG/TRKHEAD.DAT | missing bytes
05-09 22:15:15.484 4529 4597 I System.out: Missing/Corrupted file: audio/CONFIG/TrakLkup.dat | 23064 bytes
05-09 22:15:15.484 4529 4597 I System.out: File: /storage/emulated/0/Android/data/vn.gvnn_sampmobile.game/files/audio/CONFIG/TrakLkup.dat | missing bytes
05-09 22:15:15.484 4529 4597 I System.out: Missing/Corrupted file: audio/SFX/FEET.osw | 138118 bytes
05-09 22:15:15.484 4529 4597 I System.out: File: /storage/emulated/0/Android/data/vn.gvnn_sampmobile.game/files/audio/SFX/FEET.osw | missing bytes
05-09 22:15:15.484 4529 4597 I System.out: Missing/Corrupted file: audio/SFX/FEET.osw.idx | 1220 bytes
05-09 22:15:15.485 4529 4597 I System.out: File: /storage/emulated/0/Android/data/vn.gvnn_sampmobile.game/files/audio/SFX/FEET.osw.idx | missing bytes
05-09 22:15:15.485 4529 4597 I System.out: Missing/Corrupted file: audio/SFX/GENRL.osw | 9362373 bytes
05-09 22:15:15.485 4529 4597 I System.out: File: /storage/emulated/0/Android/data/vn.gvnn_sampmobile.game/files/audio/SFX/GENRL.osw | missing bytes
05-09 22:15:15.485 4529 4597 I System.out: Missing/Corrupted file: audio/SFX/GENRL.osw.idx | 20868 bytes
05-09 22:15:15.486 4529 4597 I System.out: File: /storage/emulated/0/Android/data/vn.gvnn_sampmobile.game/files/audio/SFX/GENRL.osw.idx | missing bytes
05-09 22:15:15.486 4529 4597 I System.out: Missing/Corrupted file: audio/SFX/PAIN_A.osw | 3247335 bytes
05-09 22:15:15.486 4529 4597 I System.out: File: /storage/emulated/0/Android/data/vn.gvnn_sampmobile.game/files/audio/SFX/PAIN_A.osw | missing bytes
05-09 22:15:15.486 4529 4597 I System.out: Missing/Corrupted file: audio/SFX/PAIN_A.osw.idx | 12836 bytes
05-09 22:15:15.486 4529 4597 I System.out: File: /storage/emulated/0/Android/data/vn.gvnn_sampmobile.game/files/audio/SFX/PAIN_A.osw.idx | missing bytes
05-09 22:15:15.487 4529 4597 I System.out: Missing/Corrupted file: audio/STREAMS/AA.osw | 15462 bytes
05-09 22:15:15.487 4529 4597 I System.out: File: /storage/emulated/0/Android/data/vn.gvnn_sampmobile.game/files/audio/STREAMS/AA.osw | missing bytes
05-09 22:15:15.488 4529 4597 I System.out: Missing/Corrupted file: audio/STREAMS/AA.osw.idx | 1522 bytes
05-09 22:15:15.488 4529 4597 I System.out: File: /storage/emulated/0/Android/data/vn.gvnn_sampmobile.game/files/audio/STREAMS/AA.osw.idx | missing bytes
05-09 22:15:15.489 4529 4597 I System.out: Missing/Corrupted file: audio/STREAMS/ADVERTS.osw | 3516982 bytes
05-09 22:15:15.489 4529 4597 I System.out: File: /storage/emulated/0/Android/data/vn.gvnn_sampmobile.game/files/audio/STREAMS/ADVERTS.osw | missing bytes
05-09 22:15:15.489 4529 4597 I System.out: Missing/Corrupted file: audio/STREAMS/ADVERTS.osw.idx | 1591 bytes
05-09 22:15:15.489 4529 4597 I System.out: File: /storage/emulated/0/Android/data/vn.gvnn_sampmobile.game/files/audio/STREAMS/ADVERTS.osw.idx | missing bytes
05-09 22:15:15.489 4529 4597 I System.out: Missing/Corrupted file: audio/STREAMS/AMBIENCE.osw | 22719112 bytes
05-09 22:15:15.490 4529 4597 I System.out: File: /storage/emulated/0/Android/data/vn.gvnn_sampmobile.game/files/audio/STREAMS/AMBIENCE.osw | missing bytes
05-09 22:15:15.490 4529 4597 I System.out: Missing/Corrupted file: audio/STREAMS/AMBIENCE.osw.idx | 924 bytes
05-09 22:15:15.490 4529 4597 I System.out: File: /storage/emulated/0/Android/data/vn.gvnn_sampmobile.game/files/audio/STREAMS/AMBIENCE.osw.idx | missing bytes
05-09 22:15:15.490 4529 4597 I System.out: Missing/Corrupted file: audio/STREAMS/BEATS.osw | 9415375 bytes
05-09 22:15:15.490 4529 4597 I System.out: File: /storage/emulated/0/Android/data/vn.gvnn_sampmobile.game/files/audio/STREAMS/BEATS.osw | missing bytes
05-09 22:15:15.491 4529 4597 I System.out: Missing/Corrupted file: audio/STREAMS/BEATS.osw.idx | 234 bytes
05-09 22:15:15.491 4529 4597 I System.out: File: /storage/emulated/0/Android/data/vn.gvnn_sampmobile.game/files/audio/STREAMS/BEATS.osw.idx | missing bytes
