05-09 22:15:15.569 4529 4597 I System.out: File: /storage/emulated/0/Android/data/vn.gvnn_sampmobile.game/files/data/surfaud.dat | missing bytes
05-09 22:15:15.569 4529 4597 I System.out: Missing/Corrupted file: data/surfinfo.dat | 28106 bytes
05-09 22:15:15.570 4529 4597 I System.out: File: /storage/emulated/0/Android/data/vn.gvnn_sampmobile.game/files/data/surfinfo.dat | missing bytes
05-09 22:15:15.570 4529 4597 I System.out: Missing/Corrupted file: data/timecyc.dat | 40037 bytes
05-09 22:15:15.570 4529 4597 I System.out: File: /storage/emulated/0/Android/data/vn.gvnn_sampmobile.game/files/data/timecyc.dat | missing bytes
05-09 22:15:15.570 4529 4597 I System.out: Missing/Corrupted file: data/txdcut.ide | 478 bytes
05-09 22:15:15.570 4529 4597 I System.out: File: /storage/emulated/0/Android/data/vn.gvnn_sampmobile.game/files/data/txdcut.ide | missing bytes
05-09 22:15:15.572 4529 4597 I System.out: Missing/Corrupted file: data/vehicles.ide | 21093 bytes
05-09 22:15:15.572 4529 4597 I System.out: File: /storage/emulated/0/Android/data/vn.gvnn_sampmobile.game/files/data/vehicles.ide | missing bytes
05-09 22:15:15.572 4529 4597 I System.out: Missing/Corrupted file: data/water.dat | 70099 bytes
05-09 22:15:15.572 4529 4597 I System.out: File: /storage/emulated/0/Android/data/vn.gvnn_sampmobile.game/files/data/water.dat | missing bytes
05-09 22:15:15.572 4529 4597 I System.out: Missing/Corrupted file: data/water1.dat | 60063 bytes
05-09 22:15:15.572 4529 4597 I System.out: File: /storage/emulated/0/Android/data/vn.gvnn_sampmobile.game/files/data/water1.dat | missing bytes
05-09 22:15:15.573 4529 4597 I System.out: Missing/Corrupted file: data/weapon.dat | 11602 bytes
05-09 22:15:15.573 4529 4597 I System.out: File: /storage/emulated/0/Android/data/vn.gvnn_sampmobile.game/files/data/weapon.dat | missing bytes
05-09 22:15:15.574 4529 4597 I System.out: Missing/Corrupted file: models/MINFO.BIN | 41100 bytes
05-09 22:15:15.574 4529 4597 I System.out: File: /storage/emulated/0/Android/data/vn.gvnn_sampmobile.game/files/models/MINFO.BIN | missing bytes
05-09 22:15:15.574 4529 4597 I System.out: Missing/Corrupted file: models/coll/peds.col | 21477 bytes
05-09 22:15:15.574 4529 4597 I System.out: File: /storage/emulated/0/Android/data/vn.gvnn_sampmobile.game/files/models/coll/peds.col | missing bytes
05-09 22:15:15.575 4529 4597 I System.out: Missing/Corrupted file: models/coll/vehicles.col | 1096 bytes
05-09 22:15:15.575 4529 4597 I System.out: File: /storage/emulated/0/Android/data/vn.gvnn_sampmobile.game/files/models/coll/vehicles.col | missing bytes
05-09 22:15:15.575 4529 4597 I System.out: Missing/Corrupted file: models/coll/weapons.col | 560 bytes
05-09 22:15:15.575 4529 4597 I System.out: File: /storage/emulated/0/Android/data/vn.gvnn_sampmobile.game/files/models/coll/weapons.col | missing bytes
05-09 22:15:15.575 4529 4597 I System.out: Missing/Corrupted file: models/effects.fxp | 616708 bytes
05-09 22:15:15.575 4529 4597 I System.out: File: /storage/emulated/0/Android/data/vn.gvnn_sampmobile.game/files/models/effects.fxp | missing bytes
05-09 22:15:15.575 4529 4597 I System.out: Missing/Corrupted file: stream.ini | 197 bytes
05-09 22:15:15.576 4529 4597 I System.out: File: /storage/emulated/0/Android/data/vn.gvnn_sampmobile.game/files/stream.ini | missing bytes
05-09 22:15:15.577 4529 4597 I System.out: Missing/Corrupted file: texdb/gta3/gta3.etc.dat | 185725552 bytes
05-09 22:15:15.577 4529 4597 I System.out: File: /storage/emulated/0/Android/data/vn.gvnn_sampmobile.game/files/texdb/gta3/gta3.etc.dat | missing bytes
05-09 22:15:15.577 4529 4597 I System.out: Missing/Corrupted file: texdb/gta3/gta3.etc.tmb | 575452 bytes
05-09 22:15:15.577 4529 4597 I System.out: File: /storage/emulated/0/Android/data/vn.gvnn_sampmobile.game/files/texdb/gta3/gta3.etc.tmb | missing bytes
05-09 22:15:15.577 4529 4597 I System.out: Missing/Corrupted file: texdb/gta3/gta3.etc.toc | 49784 bytes
05-09 22:15:15.577 4529 4597 I System.out: File: /storage/emulated/0/Android/data/vn.gvnn_sampmobile.game/files/texdb/gta3/gta3.etc.toc | missing bytes
05-09 22:15:15.578 4529 4597 I System.out: Missing/Corrupted file: texdb/gta3/gta3.txt | 792665 bytes
05-09 22:15:15.578 4529 4597 I System.out: File: /storage/emulated/0/Android/data/vn.gvnn_sampmobile.game/files/texdb/gta3/gta3.txt | missing bytes
05-09 22:15:15.579 4529 4597 I System.out: Missing/Corrupted file: texdb/gta3/gta3.unc.tmb | 1457212 bytes
05-09 22:15:15.579 4529 4597 I System.out: File: /storage/emulated/0/Android/data/vn.gvnn_sampmobile.game/files/texdb/gta3/gta3.unc.tmb | missing bytes
05-09 22:15:15.579 4529 4597 I System.out: Missing/Corrupted file: texdb/gta3.img | 283521024 bytes
05-09 22:15:15.579 4529 4597 I System.out: File: /storage/emulated/0/Android/data/vn.gvnn_sampmobile.game/files/texdb/gta3.img | missing bytes
05-09 22:15:15.580 4529 4597 I System.out: Missing/Corrupted file: texdb/gta_int/gta_int.etc.dat | 21742444 bytes
05-09 22:15:15.580 4529 4597 I System.out: File: /storage/emulated/0/Android/data/vn.gvnn_sampmobile.game/files/texdb/gta_int/gta_int.etc.dat | missing bytes
05-09 22:15:15.580 4529 4597 I System.out: Missing/Corrupted file: texdb/gta_int/gta_int.etc.tmb | 663408 bytes
05-09 22:15:15.580 4529 4597 I System.out: File: /storage/emulated/0/Android/data/vn.gvnn_sampmobile.game/files/texdb/gta_int/gta_int.etc.tmb | missing bytes
05-09 22:15:15.580 4529 4597 I System.out: Missing/Corrupted file: texdb/gta_int/gta_int.etc.toc | 10132 bytes
05-09 22:15:15.581 4529 4597 I System.out: File: /storage/emulated/0/Android/data/vn.gvnn_sampmobile.game/files/texdb/gta_int/gta_int.etc.toc | missing bytes
05-09 22:15:15.581 4529 4597 I System.out: Missing/Corrupted file: texdb/gta_int/gta_int.txt | 174099 bytes
05-09 22:15:15.581 4529 4597 I System.out: File: /storage/emulated/0/Android/data/vn.gvnn_sampmobile.game/files/texdb/gta_int/gta_int.txt | missing bytes
05-09 22:15:15.582 4529 4597 I System.out: Missing/Corrupted file: texdb/gta_int/gta_int.unc.tmb | 663408 bytes
05-09 22:15:15.582 4529 4597 I System.out: File: /storage/emulated/0/Android/data/vn.gvnn_sampmobile.game/files/texdb/gta_int/gta_int.unc.tmb | missing bytes
05-09 22:15:15.582 4529 4597 I System.out: Missing/Corrupted file: texdb/gta_int.img | 44836864 bytes
05-09 22:15:15.582 4529 4597 I System.out: File: /storage/emulated/0/Android/data/vn.gvnn_sampmobile.game/files/texdb/gta_int.img | missing bytes
05-09 22:15:15.582 4529 4597 I System.out: Missing/Corrupted file: texdb/menu/menu.dxt.dat | 5187414 bytes
05-09 22:15:15.582 4529 4597 I System.out: File: /storage/emulated/0/Android/data/vn.gvnn_sampmobile.game/files/texdb/menu/menu.dxt.dat | missing bytes
05-09 22:15:15.583 4529 4597 I System.out: Missing/Corrupted file: texdb/menu/menu.dxt.tmb | 992 bytes
05-09 22:15:15.583 4529 4597 I System.out: File: /storage/emulated/0/Android/data/vn.gvnn_sampmobile.game/files/texdb/menu/menu.dxt.tmb | missing bytes
05-09 22:15:15.583 4529 4597 I System.out: Missing/Corrupted file: texdb/menu/menu.dxt.toc | 176 bytes
05-09 22:15:15.583 4529 4597 I System.out: File: /storage/emulated/0/Android/data/vn.gvnn_sampmobile.game/files/texdb/menu/menu.dxt.toc | missing bytes
05-09 22:15:15.583 4529 4597 I System.out: Missing/Corrupted file: texdb/menu/menu.etc.dat | 6472908 bytes
05-09 22:15:15.584 4529 4597 I System.out: File: /storage/emulated/0/Android/data/vn.gvnn_sampmobile.game/files/texdb/menu/menu.etc.dat | missing bytes
05-09 22:15:15.584 4529 4597 I System.out: Missing/Corrupted file: texdb/menu/menu.etc.tmb | 992 bytes
05-09 22:15:15.584 4529 4597 I System.out: File: /storage/emulated/0/Android/data/vn.gvnn_sampmobile.game/files/texdb/menu/menu.etc.tmb | missing bytes
05-09 22:15:15.584 4529 4597 I System.out: Missing/Corrupted file: texdb/menu/menu.etc.toc | 176 bytes
05-09 22:15:15.585 4529 4597 I System.out: File: /storage/emulated/0/Android/data/vn.gvnn_sampmobile.game/files/texdb/menu/menu.etc.toc | missing bytes
05-09 22:15:15.585 4529 4597 I System.out: Missing/Corrupted file: texdb/menu/menu.pvr.dat | 6472908 bytes
05-09 22:15:15.585 4529 4597 I System.out: File: /storage/emulated/0/Android/data/vn.gvnn_sampmobile.game/files/texdb/menu/menu.pvr.dat | missing bytes
05-09 22:15:15.585 4529 4597 I System.out: Missing/Corrupted file: texdb/menu/menu.pvr.tmb | 992 bytes
05-09 22:15:15.585 4529 4597 I System.out: File: /storage/emulated/0/Android/data/vn.gvnn_sampmobile.game/files/texdb/menu/menu.pvr.tmb | missing bytes
05-09 22:15:15.586 4529 4597 I System.out: Missing/Corrupted file: texdb/menu/menu.pvr.toc | 176 bytes
05-09 22:15:15.586 4529 4597 I System.out: File: /storage/emulated/0/Android/data/vn.gvnn_sampmobile.game/files/texdb/menu/menu.pvr.toc | missing bytes
05-09 22:15:15.586 4529 4597 I System.out: Missing/Corrupted file: texdb/menu/menu.txt | 3147 bytes
05-09 22:15:15.586 4529 4597 I System.out: File: /storage/emulated/0/Android/data/vn.gvnn_sampmobile.game/files/texdb/menu/menu.txt | missing bytes
05-09 22:15:15.586 4529 4597 I System.out: Missing/Corrupted file: texdb/menu/menu.unc.tmb | 992 bytes
05-09 22:15:15.586 4529 4597 I System.out: File: /storage/emulated/0/Android/data/vn.gvnn_sampmobile.game/files/texdb/menu/menu.unc.tmb | missing bytes
05-09 22:15:15.587 4529 4597 I System.out: Missing/Corrupted file: texdb/mobile/mobile.etc.dat | 8712314 bytes
05-09 22:15:15.587 4529 4597 I System.out: File: /storage/emulated/0/Android/data/vn.gvnn_sampmobile.game/files/texdb/mobile/mobile.etc.dat | missing bytes
05-09 22:15:15.587 4529 4597 I System.out: Missing/Corrupted file: texdb/mobile/mobile.etc.tmb | 3940 bytes
05-09 22:15:15.588 4529 4597 I System.out: File: /storage/emulated/0/Android/data/vn.gvnn_sampmobile.game/files/texdb/mobile/mobile.etc.tmb | missing bytes
05-09 22:15:15.588 4529 4597 I System.out: Missing/Corrupted file: texdb/mobile/mobile.etc.toc | 792 bytes
05-09 22:15:15.588 4529 4597 I System.out: File: /storage/emulated/0/Android/data/vn.gvnn_sampmobile.game/files/texdb/mobile/mobile.etc.toc | missing bytes
05-09 22:15:15.589 4529 4597 I System.out: Missing/Corrupted file: texdb/mobile/mobile.txt | 14502 bytes
05-09 22:15:15.589 4529 4597 I System.out: File: /storage/emulated/0/Android/data/vn.gvnn_sampmobile.game/files/texdb/mobile/mobile.txt | missing bytes
05-09 22:15:15.589 4529 4597 I System.out: Missing/Corrupted file: texdb/mobile/mobile.unc.tmb | 3940 bytes
05-09 22:15:15.589 4529 4597 I System.out: File: /storage/emulated/0/Android/data/vn.gvnn_sampmobile.game/files/texdb/mobile/mobile.unc.tmb | missing bytes
05-09 22:15:15.590 4529 4597 I System.out: Missing/Corrupted file: texdb/player/player.pvr.dat | 6569414 bytes
05-09 22:15:15.590 4529 4597 I System.out: File: /storage/emulated/0/Android/data/vn.gvnn_sampmobile.game/files/texdb/player/player.pvr.dat | missing bytes
05-09 22:15:15.590 4529 4597 I System.out: Missing/Corrupted file: texdb/player/player.pvr.tmb | 6940 bytes
05-09 22:15:15.590 4529 4597 I System.out: File: /storage/emulated/0/Android/data/vn.gvnn_sampmobile.game/files/texdb/player/player.pvr.tmb | missing bytes
05-09 22:15:15.590 4529 4597 I System.out: Missing/Corrupted file: texdb/player/player.pvr.toc | 1580 bytes
05-09 22:15:15.591 4529 4597 I System.out: File: /storage/emulated/0/Android/data/vn.gvnn_sampmobile.game/files/texdb/player/player.pvr.toc | missing bytes
05-09 22:15:15.591 4529 4597 I System.out: Missing/Corrupted file: texdb/player/player.txt | 27810 bytes
05-09 22:15:15.591 4529 4597 I System.out: File: /storage/emulated/0/Android/data/vn.gvnn_sampmobile.game/files/texdb/player/player.txt | missing bytes
05-09 22:15:15.591 4529 4597 I System.out: Missing/Corrupted file: texdb/player.img | 16412672 bytes
05-09 22:15:15.591 4529 4597 I System.out: File: /storage/emulated/0/Android/data/vn.gvnn_sampmobile.game/files/texdb/player.img | missing bytes
05-09 22:15:15.591 4529 4597 I System.out: Missing/Corrupted file: texdb/playerhi/playerhi.pvr.dat | 27658902 bytes
05-09 22:15:15.592 4529 4597 I System.out: File: /storage/emulated/0/Android/data/vn.gvnn_sampmobile.game/files/texdb/playerhi/playerhi.pvr.dat | missing bytes
05-09 22:15:15.592 4529 4597 I System.out: Missing/Corrupted file: texdb/playerhi/playerhi.pvr.tmb | 6940 bytes
05-09 22:15:15.592 4529 4597 I System.out: File: /storage/emulated/0/Android/data/vn.gvnn_sampmobile.game/files/texdb/playerhi/playerhi.pvr.tmb | missing bytes
05-09 22:15:15.592 4529 4597 I System.out: Missing/Corrupted file: texdb/playerhi/playerhi.pvr.toc | 1580 bytes
05-09 22:15:15.592 4529 4597 I System.out: File: /storage/emulated/0/Android/data/vn.gvnn_sampmobile.game/files/texdb/playerhi/playerhi.pvr.toc | missing bytes
05-09 22:15:15.592 4529 4597 I System.out: Missing/Corrupted file: texdb/playerhi/playerhi.txt | 28087 bytes
05-09 22:15:15.593 4529 4597 I System.out: File: /storage/emulated/0/Android/data/vn.gvnn_sampmobile.game/files/texdb/playerhi/playerhi.txt | missing bytes
05-09 22:15:15.593 4529 4597 I System.out: Missing/Corrupted file: texdb/txd/txd.360.dat | 7625578 bytes
05-09 22:15:15.593 4529 4597 I System.out: File: /storage/emulated/0/Android/data/vn.gvnn_sampmobile.game/files/texdb/txd/txd.360.dat | missing bytes
05-09 22:15:15.593 4529 4597 I System.out: Missing/Corrupted file: texdb/txd/txd.360.tmb | 31028 bytes
05-09 22:15:15.593 4529 4597 I System.out: File: /storage/emulated/0/Android/data/vn.gvnn_sampmobile.game/files/texdb/txd/txd.360.tmb | missing bytes
05-09 22:15:15.593 4529 4597 I System.out: Missing/Corrupted file: texdb/txd/txd.360.toc | 2376 bytes
05-09 22:15:15.594 4529 4597 I System.out: File: /storage/emulated/0/Android/data/vn.gvnn_sampmobile.game/files/texdb/txd/txd.360.toc | missing bytes
05-09 22:15:15.594 4529 4597 I System.out: Missing/Corrupted file: texdb/txd/txd.etc.dat | 9422056 bytes
05-09 22:15:15.595 4529 4597 I System.out: File: /storage/emulated/0/Android/data/vn.gvnn_sampmobile.game/files/texdb/txd/txd.etc.dat | missing bytes
05-09 22:15:15.595 4529 4597 I System.out: Missing/Corrupted file: texdb/txd/txd.etc.tmb | 49460 bytes
05-09 22:15:15.595 4529 4597 I System.out: File: /storage/emulated/0/Android/data/vn.gvnn_sampmobile.game/files/texdb/txd/txd.etc.tmb | missing bytes
05-09 22:15:15.595 4529 4597 I System.out: Missing/Corrupted file: texdb/txd/txd.etc.toc | 2376 bytes
05-09 22:15:15.595 4529 4597 I System.out: File: /storage/emulated/0/Android/data/vn.gvnn_sampmobile.game/files/texdb/txd/txd.etc.toc | missing bytes
05-09 22:15:15.596 4529 4597 I System.out: Missing/Corrupted file: texdb/txd/txd.txt | 43193 bytes
05-09 22:15:15.596 4529 4597 I System.out: File: /storage/emulated/0/Android/data/vn.gvnn_sampmobile.game/files/texdb/txd/txd.txt | missing bytes
05-09 22:15:15.596 4529 4597 I System.out: Missing/Corrupted file: texdb/txd/txd.unc.tmb | 59636 bytes
05-09 22:15:15.596 4529 4597 I System.out: File: /storage/emulated/0/Android/data/vn.gvnn_sampmobile.game/files/texdb/txd/txd.unc.tmb | missing bytes
05-09 22:15:15.597 4529 4597 I System.out: Missing/Corrupted file: fonts/arial_bold.ttf | 352224 bytes
05-09 22:15:15.597 4529 4597 I System.out: File: /storage/emulated/0/Android/data/vn.gvnn_sampmobile.game/files/fonts/arial_bold.ttf | missing bytes
05-09 22:15:15.597 4529 4597 I System.out: Missing/Corrupted file: fonts/gtaweap3.ttf | 104004 bytes
05-09 22:15:15.597 4529 4597 I System.out: File: /storage/emulated/0/Android/data/vn.gvnn_sampmobile.game/files/fonts/gtaweap3.ttf | missing bytes
05-09 22:15:15.597 4529 4597 I System.out: Missing/Corrupted file: SAMP/SAMP.ide | 89349 bytes
05-09 22:15:15.597 4529 4597 I System.out: File: /storage/emulated/0/Android/data/vn.gvnn_sampmobile.game/files/SAMP/SAMP.ide | missing bytes
05-09 22:15:15.598 4529 4597 I System.out: Missing/Corrupted file: SAMP/TIMECYC.DAT | 40037 bytes
05-09 22:15:15.598 4529 4597 I System.out: File: /storage/emulated/0/Android/data/vn.gvnn_sampmobile.game/files/SAMP/TIMECYC.DAT | missing bytes
05-09 22:15:15.598 4529 4597 I System.out: Missing/Corrupted file: SAMP/WEAPON.dat | 11585 bytes
05-09 22:15:15.598 4529 4597 I System.out: File: /storage/emulated/0/Android/data/vn.gvnn_sampmobile.game/files/SAMP/WEAPON.dat | missing bytes
05-09 22:15:15.598 4529 4597 I System.out: Missing/Corrupted file: SAMP/gta.dat | 3789 bytes
05-09 22:15:15.598 4529 4597 I System.out: File: /storage/emulated/0/Android/data/vn.gvnn_sampmobile.game/files/SAMP/gta.dat | missing bytes
05-09 22:15:15.599 4529 4597 I System.out: Missing/Corrupted file: SAMP/handling.cfg | 64532 bytes
05-09 22:15:15.599 4529 4597 I System.out: File: /storage/emulated/0/Android/data/vn.gvnn_sampmobile.game/files/SAMP/handling.cfg | missing bytes
05-09 22:15:15.599 4529 4597 I System.out: Missing/Corrupted file: SAMP/main.scm | 96997 bytes
05-09 22:15:15.599 4529 4597 I System.out: File: /storage/emulated/0/Android/data/vn.gvnn_sampmobile.game/files/SAMP/main.scm | missing bytes
05-09 22:15:15.599 4529 4597 I System.out: Missing/Corrupted file: SAMP/peds.ide | 36369 bytes
05-09 22:15:15.599 4529 4597 I System.out: File: /storage/emulated/0/Android/data/vn.gvnn_sampmobile.game/files/SAMP/peds.ide | missing bytes
05-09 22:15:15.600 4529 4597 I System.out: Missing/Corrupted file: SAMP/script.img | 184320 bytes
05-09 22:15:15.600 4529 4597 I System.out: File: /storage/emulated/0/Android/data/vn.gvnn_sampmobile.game/files/SAMP/script.img | missing bytes
05-09 22:15:15.600 4529 4597 I System.out: Missing/Corrupted file: SAMP/tracks2.dat | 1 bytes
05-09 22:15:15.600 4529 4597 I System.out: File: /storage/emulated/0/Android/data/vn.gvnn_sampmobile.game/files/SAMP/tracks2.dat | missing bytes
05-09 22:15:15.600 4529 4597 I System.out: Missing/Corrupted file: SAMP/tracks4.dat | 1 bytes
05-09 22:15:15.600 4529 4597 I System.out: File: /storage/emulated/0/Android/data/vn.gvnn_sampmobile.game/files/SAMP/tracks4.dat | missing bytes
05-09 22:15:15.601 4529 4597 I System.out: Missing/Corrupted file: SAMP/vehicles.ide | 21093 bytes
05-09 22:15:15.601 4529 4597 I System.out: File: /storage/emulated/0/Android/data/vn.gvnn_sampmobile.game/files/SAMP/vehicles.ide | missing bytes
05-09 22:15:15.601 4529 4597 I System.out: Missing/Corrupted file: texdb/SAMPCOL.img | 4253696 bytes
05-09 22:15:15.601 4529 4597 I System.out: File: /storage/emulated/0/Android/data/vn.gvnn_sampmobile.game/files/texdb/SAMPCOL.img | missing bytes
05-09 22:15:15.602 4529 4597 I System.out: Missing/Corrupted file: texdb/samp/samp.dxt.dat | 22144848 bytes
05-09 22:15:15.602 4529 4597 I System.out: File: /storage/emulated/0/Android/data/vn.gvnn_sampmobile.game/files/texdb/samp/samp.dxt.dat | missing bytes
05-09 22:15:15.602 4529 4597 I System.out: Missing/Corrupted file: texdb/samp/samp.dxt.tmb | 21376 bytes
05-09 22:15:15.602 4529 4597 I System.out: File: /storage/emulated/0/Android/data/vn.gvnn_sampmobile.game/files/texdb/samp/samp.dxt.tmb | missing bytes
05-09 22:15:15.602 4529 4597 I System.out: Missing/Corrupted file: texdb/samp/samp.dxt.toc | 6176 bytes
05-09 22:15:15.602 4529 4597 I System.out: File: /storage/emulated/0/Android/data/vn.gvnn_sampmobile.game/files/texdb/samp/samp.dxt.toc | missing bytes
05-09 22:15:15.603 4529 4597 I System.out: Missing/Corrupted file: texdb/samp/samp.etc.dat | 33279656 bytes
05-09 22:15:15.603 4529 4597 I System.out: File: /storage/emulated/0/Android/data/vn.gvnn_sampmobile.game/files/texdb/samp/samp.etc.dat | missing bytes
05-09 22:15:15.603 4529 4597 I System.out: Missing/Corrupted file: texdb/samp/samp.etc.tmb | 21376 bytes
05-09 22:15:15.603 4529 4597 I System.out: File: /storage/emulated/0/Android/data/vn.gvnn_sampmobile.game/files/texdb/samp/samp.etc.tmb | missing bytes
05-09 22:15:15.603 4529 4597 I System.out: Missing/Corrupted file: texdb/samp/samp.etc.toc | 6176 bytes
05-09 22:15:15.604 4529 4597 I System.out: File: /storage/emulated/0/Android/data/vn.gvnn_sampmobile.game/files/texdb/samp/samp.etc.toc | missing bytes
05-09 22:15:15.605 4529 4597 I System.out: Missing/Corrupted file: texdb/samp/samp.pvr.dat | 13894248 bytes
05-09 22:15:15.605 4529 4597 I System.out: File: /storage/emulated/0/Android/data/vn.gvnn_sampmobile.game/files/texdb/samp/samp.pvr.dat | missing bytes
05-09 22:15:15.605 4529 4597 I System.out: Missing/Corrupted file: texdb/samp/samp.pvr.tmb | 21376 bytes
05-09 22:15:15.605 4529 4597 I System.out: File: /storage/emulated/0/Android/data/vn.gvnn_sampmobile.game/files/texdb/samp/samp.pvr.tmb | missing bytes
05-09 22:15:15.606 4529 4597 I System.out: Missing/Corrupted file: texdb/samp/samp.pvr.toc | 6176 bytes
05-09 22:15:15.606 4529 4597 I System.out: File: /storage/emulated/0/Android/data/vn.gvnn_sampmobile.game/files/texdb/samp/samp.pvr.toc | missing bytes
05-09 22:15:15.606 4529 4597 I System.out: Missing/Corrupted file: texdb/samp/samp.txt | 89582 bytes
05-09 22:15:15.606 4529 4597 I System.out: File: /storage/emulated/0/Android/data/vn.gvnn_sampmobile.game/files/texdb/samp/samp.txt | missing bytes
05-09 22:15:15.606 4529 4597 I System.out: Missing/Corrupted file: texdb/samp/samp.unc.dat | 33150952 bytes
05-09 22:15:15.607 4529 4597 I System.out: File: /storage/emulated/0/Android/data/vn.gvnn_sampmobile.game/files/texdb/samp/samp.unc.dat | missing bytes
05-09 22:15:15.607 4529 4597 I System.out: Missing/Corrupted file: texdb/samp/samp.unc.tmb | 22528 bytes
05-09 22:15:15.607 4529 4597 I System.out: File: /storage/emulated/0/Android/data/vn.gvnn_sampmobile.game/files/texdb/samp/samp.unc.tmb | missing bytes
05-09 22:15:15.607 4529 4597 I System.out: Missing/Corrupted file: texdb/samp/samp.unc.toc | 6156 bytes
05-09 22:15:15.607 4529 4597 I System.out: File: /storage/emulated/0/Android/data/vn.gvnn_sampmobile.game/files/texdb/samp/samp.unc.toc | missing bytes
05-09 22:15:15.608 4529 4597 I System.out: Missing/Corrupted file: texdb/samp.img | 36902912 bytes
05-09 22:15:15.608 4529 4597 I System.out: File: /storage/emulated/0/Android/data/vn.gvnn_sampmobile.game/files/texdb/samp.img | missing bytes
05-09 22:15:15.608 4529 4597 I UpdateService: isGameUpdateExists
05-09 22:15:15.609 4529 4597 D UpdateService: isGameUpdateExists -> currentVersion 16.4 | mUpdateVersion 16.4
05-09 22:15:15.609 4529 4597 I UpdateService: isGameFilesUpdateExists
05-09 22:15:15.609 4529 4529 I SplashActivity: gameStatus = GameFilesUpdateRequired
05-09 22:15:15.609 4529 4529 I SplashActivity: Server status: true
05-09 22:15:15.624 4529 4529 I SplashActivity: gameStatus = GameFilesUpdateRequired
05-09 22:15:15.625 4529 4529 I SplashActivity: Server status: true
05-09 22:15:15.651 4529 4582 E EGL_emulation: tid 4582: eglSurfaceAttrib(1719): error 0x3009 (EGL_BAD_MATCH)
05-09 22:15:15.651 4529 4582 W OpenGLRenderer: Failed to set EGL_SWAP_BEHAVIOR on surface 0xe7e09560, error=EGL_BAD_MATCH
05-09 22:15:15.674 4529 4582 E EGL_emulation: tid 4582: eglSurfaceAttrib(1719): error 0x3009 (EGL_BAD_MATCH)
05-09 22:15:15.674 4529 4582 W OpenGLRenderer: Failed to set EGL_SWAP_BEHAVIOR on surface 0xbf6a2c40, error=EGL_BAD_MATCH
05-09 22:15:15.676 4529 4582 D EGL_emulation: eglMakeCurrent: 0xbf10cc00: ver 3 2 (tinfo 0xe253e8b0)
05-09 22:15:15.721 4529 4582 I chatty : uid=10062(vn.gvnn_sampmobile.game) RenderThread identical 6 lines
05-09 22:15:16.803 4529 4582 D EGL_emulation: eglMakeCurrent: 0xbf10cc00: ver 3 2 (tinfo 0xe253e8b0)
05-09 22:15:16.808 4529 4582 D EGL_emulation: eglMakeCurrent: 0xbf10cc00: ver 3 2 (tinfo 0xe253e8b0)
05-09 22:15:16.822 4529 4582 I chatty : uid=10062(vn.gvnn_sampmobile.game) RenderThread identical 1 line
05-09 22:15:16.825 4529 4582 D EGL_emulation: eglMakeCurrent: 0xbf10cc00: ver 3 2 (tinfo 0xe253e8b0)
05-09 22:15:16.825 4529 4582 D OpenGLRenderer: endAllActiveAnimators on 0xbf7ae780 (RippleDrawable) with handle 0xbf4bfd30
05-09 22:15:16.841 4529 4582 D EGL_emulation: eglMakeCurrent: 0xbf10cc00: ver 3 2 (tinfo 0xe253e8b0)
05-09 22:15:16.844 4529 4529 W ActivityThread: handleWindowVisibility: no activity for token android.os.BinderProxy@fef9fce
05-09 22:15:16.881 4529 4582 D EGL_emulation: eglMakeCurrent: 0xbf10cc00: ver 3 2 (tinfo 0xe253e8b0)
05-09 22:15:16.888 4529 4582 D EGL_emulation: eglMakeCurrent: 0xbf10cc00: ver 3 2 (tinfo 0xe253e8b0)
05-09 22:15:16.913 4529 4595 I UpdateService: UPDATE_STATUS_GAME
05-09 22:15:16.913 4529 4595 D UpdateService: checkUpdate()
05-09 22:15:16.914 4529 4582 E EGL_emulation: tid 4582: eglSurfaceAttrib(1719): error 0x3009 (EGL_BAD_MATCH)
05-09 22:15:16.914 4529 4582 W OpenGLRenderer: Failed to set EGL_SWAP_BEHAVIOR on surface 0xbf6a2c40, error=EGL_BAD_MATCH
05-09 22:15:16.919 4529 4582 D EGL_emulation: eglMakeCurrent: 0xbf10cc00: ver 3 2 (tinfo 0xe253e8b0)
05-09 22:15:16.925 4529 4529 I UpdateActivity: UpdateService.UPDATE_STATUS
05-09 22:15:16.925 4529 4529 I UpdateActivity: statusname = CheckUpdate
05-09 22:15:16.930 4529 4582 D EGL_emulation: eglMakeCurrent: 0xbf10cc00: ver 3 2 (tinfo 0xe253e8b0)
05-09 22:15:16.937 4529 4582 D EGL_emulation: eglMakeCurrent: 0xbf10cc00: ver 3 2 (tinfo 0xe253e8b0)
05-09 22:15:16.947 4529 4582 D EGL_emulation: eglMakeCurrent: 0xbf10cc00: ver 3 2 (tinfo 0xe253e8b0)
05-09 22:15:16.971 4529 4582 I chatty : uid=10062(vn.gvnn_sampmobile.game) RenderThread identical 3 lines
05-09 22:15:16.972 4529 4582 D EGL_emulation: eglMakeCurrent: 0xbf10cc00: ver 3 2 (tinfo 0xe253e8b0)
05-09 22:15:16.988 4529 4582 D EGL_emulation: eglMakeCurrent: 0xbf10cc00: ver 3 2 (tinfo 0xe253e8b0)
05-09 22:15:17.138 4529 4582 I chatty : uid=10062(vn.gvnn_sampmobile.game) RenderThread identical 18 lines
05-09 22:15:17.139 4529 4582 D EGL_emulation: eglMakeCurrent: 0xbf10cc00: ver 3 2 (tinfo 0xe253e8b0)
05-09 22:15:17.142 4529 4608 I UpdateService: mUpdateVersion = 16.4
05-09 22:15:17.142 4529 4608 D UpdateService: checkGameFilesUpdate
05-09 22:15:17.155 4529 4582 D EGL_emulation: eglMakeCurrent: 0xbf10cc00: ver 3 2 (tinfo 0xe253e8b0)
05-09 22:15:08.598 4529 4582 I chatty : uid=10062(vn.gvnn_sampmobile.game) RenderThread expire 55 lines
05-09 22:15:08.734 4529 4580 I chatty : uid=10062(vn.gvnn_sampmobile.game) expire 15 lines
05-09 22:15:10.062 4529 4578 I chatty : uid=10062(vn.gvnn_sampmobile.game) AppLovinSdk:sha expire 8 lines
05-09 22:15:10.361 4529 4579 I chatty : uid=10062(vn.gvnn_sampmobile.game) AppLovinSdk:sha expire 1 line
05-09 22:15:14.518 4529 4529 I chatty : uid=10062(vn.gvnn_sampmobile.game) expire 1 line
05-09 22:15:14.519 4529 4595 I chatty : uid=10062(vn.gvnn_sampmobile.game) ServiceStartArg expire 1 line
05-09 22:15:15.122 4529 4597 I chatty : uid=10062(vn.gvnn_sampmobile.game) expire 615 lines
05-09 22:15:15.609 4529 4529 I chatty : uid=10062(vn.gvnn_sampmobile.game) expire 8 lines
05-09 22:15:15.651 4529 4582 I chatty : uid=10062(vn.gvnn_sampmobile.game) RenderThread expire 86 lines
05-09 22:15:16.913 4529 4595 I chatty : uid=10062(vn.gvnn_sampmobile.game) ServiceStartArg expire 2 lines
05-09 22:15:17.142 4529 4608 I chatty : uid=10062(vn.gvnn_sampmobile.game) expire 615 lines
05-09 22:15:17.575 4529 4529 I chatty : uid=10062(vn.gvnn_sampmobile.game) expire 168 lines
05-09 22:15:17.575 4529 4595 I chatty : uid=10062(vn.gvnn_sampmobile.game) ServiceStartArg expire 108 lines
05-09 22:15:24.858 4529 4529 I chatty : uid=10062(vn.gvnn_sampmobile.game) expire 156 lines
05-09 22:15:32.539 4529 4595 I chatty : uid=10062(vn.gvnn_sampmobile.game) ServiceStartArg expire 138 lines
05-09 22:15:35.472 4529 4529 I chatty : uid=10062(vn.gvnn_sampmobile.game) expire 88 lines
05-09 22:15:45.993 4529 4529 I chatty : uid=10062(vn.gvnn_sampmobile.game) expire 21 lines
05-09 22:15:46.004 4529 4595 I chatty : uid=10062(vn.gvnn_sampmobile.game) ServiceStartArg expire 172 lines
05-09 22:15:48.542 4529 4529 I chatty : uid=10062(vn.gvnn_sampmobile.game) expire 323 lines
05-09 22:15:59.514 4529 4595 I chatty : uid=10062(vn.gvnn_sampmobile.game) ServiceStartArg expire 50 lines
05-09 22:16:10.246 4529 4529 I chatty : uid=10062(vn.gvnn_sampmobile.game) expire 500 lines
05-09 22:16:20.934 4529 4595 I chatty : uid=10062(vn.gvnn_sampmobile.game) ServiceStartArg expire 10 lines
05-09 22:16:29.018 4529 4529 I chatty : uid=10062(vn.gvnn_sampmobile.game) expire 255 lines
05-09 22:16:37.815 4529 4529 I UpdateActivity: [gta3.img] total = 891451914 | current = 471688163 + 52%
05-09 22:16:37.916 4529 4529 I UpdateActivity: UpdateService.UPDATE_STATUS
05-09 22:16:37.916 4529 4529 I UpdateActivity: statusname = DownloadGameFiles
05-09 22:16:37.916 4529 4529 I UpdateActivity: [gta3.img] total = 891451914 | current = 472884195 + 53%
05-09 22:16:38.017 4529 4529 I UpdateActivity: UpdateService.UPDATE_STATUS
05-09 22:16:38.017 4529 4529 I UpdateActivity: statusname = DownloadGameFiles
05-09 22:16:38.018 4529 4529 I UpdateActivity: [gta3.img] total = 891451914 | current = 474064803 + 53%
05-09 22:16:38.119 4529 4529 I UpdateActivity: UpdateService.UPDATE_STATUS
05-09 22:16:38.120 4529 4529 I UpdateActivity: statusname = DownloadGameFiles
05-09 22:16:38.120 4529 4529 I UpdateActivity: [gta3.img] total = 891451914 | current = 475282083 + 53%
05-09 22:16:38.220 4529 4529 I UpdateActivity: UpdateService.UPDATE_STATUS
05-09 22:16:38.221 4529 4529 I UpdateActivity: statusname = DownloadGameFiles
05-09 22:16:38.221 4529 4529 I UpdateActivity: [gta3.img] total = 891451914 | current = 476486819 + 53%
05-09 22:16:38.321 4529 4529 I UpdateActivity: UpdateService.UPDATE_STATUS
05-09 22:16:38.321 4529 4529 I UpdateActivity: statusname = DownloadGameFiles
05-09 22:16:38.321 4529 4529 I UpdateActivity: [gta3.img] total = 891451914 | current = 477680163 + 53%
05-09 22:16:38.422 4529 4529 I UpdateActivity: UpdateService.UPDATE_STATUS
05-09 22:16:38.422 4529 4529 I UpdateActivity: statusname = DownloadGameFiles
05-09 22:16:38.422 4529 4529 I UpdateActivity: [gta3.img] total = 891451914 | current = 478873507 + 53%
05-09 22:16:38.524 4529 4529 I UpdateActivity: UpdateService.UPDATE_STATUS
05-09 22:16:38.524 4529 4529 I UpdateActivity: statusname = DownloadGameFiles
05-09 22:16:38.524 4529 4529 I UpdateActivity: [gta3.img] total = 891451914 | current = 480010147 + 53%
05-09 22:16:38.625 4529 4529 I UpdateActivity: UpdateService.UPDATE_STATUS
05-09 22:16:38.625 4529 4529 I UpdateActivity: statusname = DownloadGameFiles
05-09 22:16:38.625 4529 4529 I UpdateActivity: [gta3.img] total = 891451914 | current = 481279075 + 53%
05-09 22:16:38.726 4529 4529 I UpdateActivity: UpdateService.UPDATE_STATUS
05-09 22:16:38.726 4529 4529 I UpdateActivity: statusname = DownloadGameFiles
05-09 22:16:38.726 4529 4529 I UpdateActivity: [gta3.img] total = 891451914 | current = 482451683 + 54%
05-09 22:16:38.828 4529 4529 I UpdateActivity: UpdateService.UPDATE_STATUS
05-09 22:16:38.828 4529 4529 I UpdateActivity: statusname = DownloadGameFiles
05-09 22:16:38.829 4529 4529 I UpdateActivity: [gta3.img] total = 891451914 | current = 483653283 + 54%
05-09 22:16:38.929 4529 4529 I UpdateActivity: UpdateService.UPDATE_STATUS
05-09 22:16:38.929 4529 4529 I UpdateActivity: statusname = DownloadGameFiles
05-09 22:16:38.929 4529 4529 I UpdateActivity: [gta3.img] total = 891451914 | current = 484878115 + 54%
05-09 22:16:39.030 4529 4529 I UpdateActivity: UpdateService.UPDATE_STATUS
05-09 22:16:39.030 4529 4529 I UpdateActivity: statusname = DownloadGameFiles
05-09 22:16:39.031 4529 4529 I UpdateActivity: [gta3.img] total = 891451914 | current = 486078947 + 54%
05-09 22:16:39.131 4529 4529 I UpdateActivity: UpdateService.UPDATE_STATUS
05-09 22:16:39.131 4529 4529 I UpdateActivity: statusname = DownloadGameFiles
05-09 22:16:39.132 4529 4529 I UpdateActivity: [gta3.img] total = 891451914 | current = 487276067 + 54%
05-09 22:16:39.233 4529 4529 I UpdateActivity: UpdateService.UPDATE_STATUS
05-09 22:16:39.233 4529 4529 I UpdateActivity: statusname = DownloadGameFiles
05-09 22:16:39.233 4529 4529 I UpdateActivity: [gta3.img] total = 891451914 | current = 488474467 + 54%
05-09 22:16:39.333 4529 4529 I UpdateActivity: UpdateService.UPDATE_STATUS
05-09 22:16:39.333 4529 4529 I UpdateActivity: statusname = DownloadGameFiles
05-09 22:16:39.333 4529 4529 I UpdateActivity: [gta3.img] total = 891451914 | current = 489662883 + 54%
05-09 22:16:39.434 4529 4529 I UpdateActivity: UpdateService.UPDATE_STATUS
05-09 22:16:39.434 4529 4529 I UpdateActivity: statusname = DownloadGameFiles
05-09 22:16:39.435 4529 4529 I UpdateActivity: [gta3.img] total = 891451914 | current = 490859939 + 55%
05-09 22:16:39.537 4529 4529 I UpdateActivity: UpdateService.UPDATE_STATUS
05-09 22:16:39.537 4529 4529 I UpdateActivity: statusname = DownloadGameFiles
05-09 22:16:39.538 4529 4529 I UpdateActivity: [gta3.img] total = 891451914 | current = 492044451 + 55%
05-09 22:16:39.639 4529 4529 I UpdateActivity: UpdateService.UPDATE_STATUS
05-09 22:16:39.639 4529 4529 I UpdateActivity: statusname = DownloadGameFiles
05-09 22:16:39.639 4529 4529 I UpdateActivity: [gta3.img] total = 891451914 | current = 493281891 + 55%
05-09 22:16:39.740 4529 4529 I UpdateActivity: UpdateService.UPDATE_STATUS
05-09 22:16:39.740 4529 4529 I UpdateActivity: statusname = DownloadGameFiles
05-09 22:16:39.741 4529 4529 I UpdateActivity: [gta3.img] total = 891451914 | current = 494482787 + 55%
05-09 22:16:39.841 4529 4529 I UpdateActivity: UpdateService.UPDATE_STATUS
05-09 22:16:39.841 4529 4529 I UpdateActivity: statusname = DownloadGameFiles
05-09 22:16:39.842 4529 4529 I UpdateActivity: [gta3.img] total = 891451914 | current = 495681251 + 55%
05-09 22:16:39.942 4529 4529 I UpdateActivity: UpdateService.UPDATE_STATUS
05-09 22:16:39.942 4529 4529 I UpdateActivity: statusname = DownloadGameFiles
05-09 22:16:39.942 4529 4529 I UpdateActivity: [gta3.img] total = 891451914 | current = 496870819 + 55%
05-09 22:16:40.044 4529 4529 I UpdateActivity: UpdateService.UPDATE_STATUS
05-09 22:16:40.044 4529 4529 I UpdateActivity: statusname = DownloadGameFiles
05-09 22:16:40.044 4529 4529 I UpdateActivity: [gta3.img] total = 891451914 | current = 498080547 + 55%
05-09 22:16:40.145 4529 4529 I UpdateActivity: UpdateService.UPDATE_STATUS
05-09 22:16:40.145 4529 4529 I UpdateActivity: statusname = DownloadGameFiles
05-09 22:16:40.145 4529 4529 I UpdateActivity: [gta3.img] total = 891451914 | current = 499275107 + 56%
05-09 22:16:40.247 4529 4529 I UpdateActivity: UpdateService.UPDATE_STATUS
05-09 22:16:40.247 4529 4529 I UpdateActivity: statusname = DownloadGameFiles
05-09 22:16:40.247 4529 4529 I UpdateActivity: [gta3.img] total = 891451914 | current = 500481059 + 56%
05-09 22:16:40.348 4529 4529 I UpdateActivity: UpdateService.UPDATE_STATUS
05-09 22:16:40.348 4529 4529 I UpdateActivity: statusname = DownloadGameFiles
05-09 22:16:40.349 4529 4529 I UpdateActivity: [gta3.img] total = 891451914 | current = 501680739 + 56%
05-09 22:16:40.449 4529 4529 I UpdateActivity: UpdateService.UPDATE_STATUS
05-09 22:16:40.449 4529 4529 I UpdateActivity: statusname = DownloadGameFiles
05-09 22:16:40.449 4529 4529 I UpdateActivity: [gta3.img] total = 891451914 | current = 502874083 + 56%
05-09 22:16:40.552 4529 4529 I UpdateActivity: UpdateService.UPDATE_STATUS
05-09 22:16:40.552 4529 4529 I UpdateActivity: statusname = DownloadGameFiles
05-09 22:16:40.553 4529 4529 I UpdateActivity: [gta3.img] total = 891451914 | current = 504075043 + 56%
05-09 22:16:40.653 4529 4529 I UpdateActivity: UpdateService.UPDATE_STATUS
05-09 22:16:40.653 4529 4529 I UpdateActivity: statusname = DownloadGameFiles
05-09 22:16:40.653 4529 4529 I UpdateActivity: [gta3.img] total = 891451914 | current = 505289763 + 56%
05-09 22:16:40.754 4529 4529 I UpdateActivity: UpdateService.UPDATE_STATUS
05-09 22:16:40.754 4529 4529 I UpdateActivity: statusname = DownloadGameFiles
05-09 22:16:40.754 4529 4529 I UpdateActivity: [gta3.img] total = 891451914 | current = 506488483 + 56%
05-09 22:16:40.867 4529 4529 I UpdateActivity: UpdateService.UPDATE_STATUS
05-09 22:16:40.867 4529 4529 I UpdateActivity: statusname = DownloadGameFiles
05-09 22:16:40.867 4529 4529 I UpdateActivity: [gta3.img] total = 891451914 | current = 507603683 + 56%
05-09 22:16:40.968 4529 4529 I UpdateActivity: UpdateService.UPDATE_STATUS
05-09 22:16:40.969 4529 4529 I UpdateActivity: statusname = DownloadGameFiles
05-09 22:16:40.969 4529 4529 I UpdateActivity: [gta3.img] total = 891451914 | current = 509029923 + 57%
05-09 22:16:41.069 4529 4529 I UpdateActivity: UpdateService.UPDATE_STATUS
05-09 22:16:41.069 4529 4529 I UpdateActivity: statusname = DownloadGameFiles
05-09 22:16:41.069 4529 4529 I UpdateActivity: [gta3.img] total = 891451914 | current = 510214371 + 57%
05-09 22:16:41.173 4529 4529 I UpdateActivity: UpdateService.UPDATE_STATUS
05-09 22:16:41.173 4529 4529 I UpdateActivity: statusname = DownloadGameFiles
05-09 22:16:41.173 4529 4529 I UpdateActivity: [gta3.img] total = 891451914 | current = 511419107 + 57%
05-09 22:16:41.274 4529 4529 I UpdateActivity: UpdateService.UPDATE_STATUS
05-09 22:16:41.274 4529 4529 I UpdateActivity: statusname = DownloadGameFiles
05-09 22:16:41.274 4529 4529 I UpdateActivity: [gta3.img] total = 891451914 | current = 512648355 + 57%
05-09 22:16:41.375 4529 4529 I UpdateActivity: UpdateService.UPDATE_STATUS
05-09 22:16:41.375 4529 4529 I UpdateActivity: statusname = DownloadGameFiles
05-09 22:16:41.376 4529 4529 I UpdateActivity: [gta3.img] total = 891451914 | current = 513846115 + 57%
05-09 22:16:41.478 4529 4529 I UpdateActivity: UpdateService.UPDATE_STATUS
05-09 22:16:41.478 4529 4529 I UpdateActivity: statusname = DownloadGameFiles
05-09 22:16:41.479 4529 4529 I UpdateActivity: [gta3.img] total = 891451914 | current = 515026851 + 57%
05-09 22:16:41.579 4529 4529 I UpdateActivity: UpdateService.UPDATE_STATUS
05-09 22:16:41.579 4529 4529 I UpdateActivity: statusname = DownloadGameFiles
05-09 22:16:41.579 4529 4529 I UpdateActivity: [gta3.img] total = 891451914 | current = 516232803 + 57%
05-09 22:16:41.680 4529 4529 I UpdateActivity: UpdateService.UPDATE_STATUS
05-09 22:16:41.680 4529 4529 I UpdateActivity: statusname = DownloadGameFiles
05-09 22:16:41.680 4529 4529 I UpdateActivity: [gta3.img] total = 891451914 | current = 517450083 + 58%
05-09 22:16:41.781 4529 4529 I UpdateActivity: UpdateService.UPDATE_STATUS
05-09 22:16:41.781 4529 4529 I UpdateActivity: statusname = DownloadGameFiles
05-09 22:16:41.781 4529 4529 I UpdateActivity: [gta3.img] total = 891451914 | current = 518647203 + 58%
05-09 22:16:41.883 4529 4529 I UpdateActivity: UpdateService.UPDATE_STATUS
05-09 22:16:41.883 4529 4529 I UpdateActivity: statusname = DownloadGameFiles
05-09 22:16:41.883 4529 4529 I UpdateActivity: [gta3.img] total = 891451914 | current = 519850659 + 58%
05-09 22:16:41.984 4529 4529 I UpdateActivity: UpdateService.UPDATE_STATUS
05-09 22:16:41.984 4529 4529 I UpdateActivity: statusname = DownloadGameFiles
05-09 22:16:41.984 4529 4529 I UpdateActivity: [gta3.img] total = 891451914 | current = 521046691 + 58%
05-09 22:16:42.085 4529 4529 I UpdateActivity: UpdateService.UPDATE_STATUS
05-09 22:16:42.085 4529 4529 I UpdateActivity: statusname = DownloadGameFiles
05-09 22:16:42.085 4529 4529 I UpdateActivity: [gta3.img] total = 891451914 | current = 522224419 + 58%
05-09 22:16:42.186 4529 4529 I UpdateActivity: UpdateService.UPDATE_STATUS
05-09 22:16:42.186 4529 4529 I UpdateActivity: statusname = DownloadGameFiles
05-09 22:16:42.187 4529 4529 I UpdateActivity: [gta3.img] total = 891451914 | current = 523405475 + 58%
05-09 22:16:42.287 4529 4529 I UpdateActivity: UpdateService.UPDATE_STATUS
05-09 22:16:42.287 4529 4529 I UpdateActivity: statusname = DownloadGameFiles
05-09 22:16:42.287 4529 4529 I UpdateActivity: [gta3.img] total = 891451914 | current = 524596643 + 58%
05-09 22:16:42.388 4529 4529 I UpdateActivity: UpdateService.UPDATE_STATUS
05-09 22:16:42.388 4529 4529 I UpdateActivity: statusname = DownloadGameFiles
05-09 22:16:42.388 4529 4529 I UpdateActivity: [gta3.img] total = 891451914 | current = 525793443 + 58%
05-09 22:16:42.490 4529 4529 I UpdateActivity: UpdateService.UPDATE_STATUS
05-09 22:16:42.491 4529 4529 I UpdateActivity: statusname = DownloadGameFiles
05-09 22:16:42.491 4529 4529 I UpdateActivity: [gta3.img] total = 891451914 | current = 526981795 + 59%
05-09 22:16:42.594 4529 4529 I UpdateActivity: UpdateService.UPDATE_STATUS
05-09 22:16:42.594 4529 4529 I UpdateActivity: statusname = DownloadGameFiles
05-09 22:16:42.594 4529 4529 I UpdateActivity: [gta3.img] total = 891451914 | current = 528191523 + 59%
05-09 22:16:42.696 4529 4529 I UpdateActivity: UpdateService.UPDATE_STATUS
05-09 22:16:42.696 4529 4529 I UpdateActivity: statusname = DownloadGameFiles
05-09 22:16:42.696 4529 4529 I UpdateActivity: [gta3.img] total = 891451914 | current = 529416355 + 59%
05-09 22:16:42.797 4529 4529 I UpdateActivity: UpdateService.UPDATE_STATUS
05-09 22:16:42.797 4529 4529 I UpdateActivity: statusname = DownloadGameFiles
05-09 22:16:42.797 4529 4529 I UpdateActivity: [gta3.img] total = 891451914 | current = 530609699 + 59%
05-09 22:16:42.898 4529 4529 I UpdateActivity: UpdateService.UPDATE_STATUS
05-09 22:16:42.898 4529 4529 I UpdateActivity: statusname = DownloadGameFiles
05-09 22:16:42.899 4529 4529 I UpdateActivity: [gta3.img] total = 891451914 | current = 531835811 + 59%
05-09 22:16:42.999 4529 4529 I UpdateActivity: UpdateService.UPDATE_STATUS
05-09 22:16:42.999 4529 4529 I UpdateActivity: statusname = DownloadGameFiles
05-09 22:16:42.999 4529 4529 I UpdateActivity: [gta3.img] total = 891451914 | current = 533032355 + 59%
05-09 22:16:43.100 4529 4529 I UpdateActivity: UpdateService.UPDATE_STATUS
05-09 22:16:43.100 4529 4529 I UpdateActivity: statusname = DownloadGameFiles
05-09 22:16:43.101 4529 4529 I UpdateActivity: [gta3.img] total = 891451914 | current = 534225123 + 59%
05-09 22:16:43.201 4529 4529 I UpdateActivity: UpdateService.UPDATE_STATUS
05-09 22:16:43.201 4529 4529 I UpdateActivity: statusname = DownloadGameFiles
05-09 22:16:43.202 4529 4529 I UpdateActivity: [gta3.img] total = 891451914 | current = 535424675 + 60%
05-09 22:16:43.302 4529 4529 I UpdateActivity: UpdateService.UPDATE_STATUS
05-09 22:16:43.302 4529 4529 I UpdateActivity: statusname = DownloadGameFiles
05-09 22:16:43.303 4529 4529 I UpdateActivity: [gta3.img] total = 891451914 | current = 536616803 + 60%
05-09 22:16:43.403 4529 4529 I UpdateActivity: UpdateService.UPDATE_STATUS
05-09 22:16:43.403 4529 4529 I UpdateActivity: statusname = DownloadGameFiles
05-09 22:16:43.403 4529 4529 I UpdateActivity: [gta3.img] total = 891451914 | current = 537806371 + 60%
05-09 22:16:43.504 4529 4529 I UpdateActivity: UpdateService.UPDATE_STATUS
05-09 22:16:43.504 4529 4529 I UpdateActivity: statusname = DownloadGameFiles
05-09 22:16:43.505 4529 4529 I UpdateActivity: [gta3.img] total = 891451914 | current = 539011107 + 60%
05-09 22:16:43.605 4529 4529 I UpdateActivity: UpdateService.UPDATE_STATUS
05-09 22:16:43.605 4529 4529 I UpdateActivity: statusname = DownloadGameFiles
05-09 22:16:43.606 4529 4529 I UpdateActivity: [gta3.img] total = 891451914 | current = 540206947 + 60%
05-09 22:16:43.706 4529 4529 I UpdateActivity: UpdateService.UPDATE_STATUS
05-09 22:16:43.706 4529 4529 I UpdateActivity: statusname = DownloadGameFiles
05-09 22:16:43.706 4529 4529 I UpdateActivity: [gta3.img] total = 891451914 | current = 541396515 + 60%
05-09 22:16:43.807 4529 4529 I UpdateActivity: UpdateService.UPDATE_STATUS
05-09 22:16:43.807 4529 4529 I UpdateActivity: statusname = DownloadGameFiles
05-09 22:16:43.807 4529 4529 I UpdateActivity: [gta3.img] total = 891451914 | current = 542595491 + 60%
05-09 22:16:43.908 4529 4529 I UpdateActivity: UpdateService.UPDATE_STATUS
05-09 22:16:43.908 4529 4529 I UpdateActivity: statusname = DownloadGameFiles
05-09 22:16:43.908 4529 4529 I UpdateActivity: [gta3.img] total = 891451914 | current = 543775651 + 60%
05-09 22:16:44.017 4529 4529 I UpdateActivity: UpdateService.UPDATE_STATUS
05-09 22:16:44.017 4529 4529 I UpdateActivity: statusname = DownloadGameFiles
05-09 22:16:44.018 4529 4529 I UpdateActivity: [gta3.img] total = 891451914 | current = 544927459 + 61%
05-09 22:16:44.114 4529 4529 I UpdateActivity: UpdateService.UPDATE_STATUS
05-09 22:16:44.114 4529 4529 I UpdateActivity: statusname = DownloadGameFiles
05-09 22:16:44.114 4529 4529 I UpdateActivity: [gta3.img] total = 891451914 | current = 546219683 + 61%
05-09 22:16:44.216 4529 4529 I UpdateActivity: UpdateService.UPDATE_STATUS
05-09 22:16:44.216 4529 4529 I UpdateActivity: statusname = DownloadGameFiles
05-09 22:16:44.216 4529 4529 I UpdateActivity: [gta3.img] total = 891451914 | current = 547433827 + 61%
05-09 22:16:44.320 4529 4529 I UpdateActivity: UpdateService.UPDATE_STATUS
05-09 22:16:44.320 4529 4529 I UpdateActivity: statusname = DownloadGameFiles
05-09 22:16:44.320 4529 4529 I UpdateActivity: [gta3.img] total = 891451914 | current = 548630947 + 61%
05-09 22:16:44.421 4529 4529 I UpdateActivity: UpdateService.UPDATE_STATUS
05-09 22:16:44.421 4529 4529 I UpdateActivity: statusname = DownloadGameFiles
05-09 22:16:44.421 4529 4529 I UpdateActivity: [gta3.img] total = 891451914 | current = 549836899 + 61%
05-09 22:16:44.522 4529 4529 I UpdateActivity: UpdateService.UPDATE_STATUS
05-09 22:16:44.522 4529 4529 I UpdateActivity: statusname = DownloadGameFiles
05-09 22:16:44.522 4529 4529 I UpdateActivity: [gta3.img] total = 891451914 | current = 551054179 + 61%
05-09 22:16:44.623 4529 4529 I UpdateActivity: UpdateService.UPDATE_STATUS
05-09 22:16:44.623 4529 4529 I UpdateActivity: statusname = DownloadGameFiles
05-09 22:16:44.623 4529 4529 I UpdateActivity: [gta3.img] total = 891451914 | current = 552255779 + 61%
05-09 22:16:44.724 4529 4529 I UpdateActivity: UpdateService.UPDATE_STATUS
05-09 22:16:44.724 4529 4529 I UpdateActivity: statusname = DownloadGameFiles
05-09 22:16:44.724 4529 4529 I UpdateActivity: [gta3.img] total = 891451914 | current = 553447203 + 62%
05-09 22:16:44.825 4529 4529 I UpdateActivity: UpdateService.UPDATE_STATUS
05-09 22:16:44.825 4529 4529 I UpdateActivity: statusname = DownloadGameFiles
05-09 22:16:44.826 4529 4529 I UpdateActivity: [gta3.img] total = 891451914 | current = 554649379 + 62%
05-09 22:16:44.928 4529 4529 I UpdateActivity: UpdateService.UPDATE_STATUS
05-09 22:16:44.928 4529 4529 I UpdateActivity: statusname = DownloadGameFiles
05-09 22:16:44.929 4529 4529 I UpdateActivity: [gta3.img] total = 891451914 | current = 555844003 + 62%
05-09 22:16:45.030 4529 4529 I UpdateActivity: UpdateService.UPDATE_STATUS
05-09 22:16:45.030 4529 4529 I UpdateActivity: statusname = DownloadGameFiles
05-09 22:16:45.031 4529 4529 I UpdateActivity: [gta3.img] total = 891451914 | current = 557042339 + 62%
05-09 22:16:45.131 4529 4529 I UpdateActivity: UpdateService.UPDATE_STATUS
05-09 22:16:45.131 4529 4529 I UpdateActivity: statusname = DownloadGameFiles
05-09 22:16:45.132 4529 4529 I UpdateActivity: [gta3.img] total = 891451914 | current = 558269731 + 62%
05-09 22:16:45.233 4529 4529 I UpdateActivity: UpdateService.UPDATE_STATUS
05-09 22:16:45.233 4529 4529 I UpdateActivity: statusname = DownloadGameFiles
05-09 22:16:45.234 4529 4529 I UpdateActivity: [gta3.img] total = 891451914 | current = 559450467 + 62%
05-09 22:16:45.336 4529 4529 I UpdateActivity: UpdateService.UPDATE_STATUS
05-09 22:16:45.336 4529 4529 I UpdateActivity: statusname = DownloadGameFiles
05-09 22:16:45.336 4529 4529 I UpdateActivity: [gta3.img] total = 891451914 | current = 560672803 + 62%
05-09 22:16:45.437 4529 4529 I UpdateActivity: UpdateService.UPDATE_STATUS
05-09 22:16:45.437 4529 4529 I UpdateActivity: statusname = DownloadGameFiles
05-09 22:16:45.437 4529 4529 I UpdateActivity: [gta3.img] total = 891451914 | current = 561890147 + 63%
05-09 22:16:45.538 4529 4529 I UpdateActivity: UpdateService.UPDATE_STATUS
05-09 22:16:45.538 4529 4529 I UpdateActivity: statusname = DownloadGameFiles
05-09 22:16:45.538 4529 4529 I UpdateActivity: [gta3.img] total = 891451914 | current = 563087587 + 63%
05-09 22:16:45.639 4529 4529 I UpdateActivity: UpdateService.UPDATE_STATUS
05-09 22:16:45.639 4529 4529 I UpdateActivity: statusname = DownloadGameFiles
05-09 22:16:45.639 4529 4529 I UpdateActivity: [gta3.img] total = 891451914 | current = 564284387 + 63%
05-09 22:16:45.740 4529 4529 I UpdateActivity: UpdateService.UPDATE_STATUS
05-09 22:16:45.740 4529 4529 I UpdateActivity: statusname = DownloadGameFiles
05-09 22:16:45.740 4529 4529 I UpdateActivity: [gta3.img] total = 891451914 | current = 565486243 + 63%
05-09 22:16:45.841 4529 4529 I UpdateActivity: UpdateService.UPDATE_STATUS
05-09 22:16:45.841 4529 4529 I UpdateActivity: statusname = DownloadGameFiles
05-09 22:16:45.841 4529 4529 I UpdateActivity: [gta3.img] total = 891451914 | current = 566674851 + 63%
05-09 22:16:45.978 4529 4529 I UpdateActivity: UpdateService.UPDATE_STATUS
05-09 22:16:45.978 4529 4529 I UpdateActivity: statusname = DownloadGameFiles
05-09 22:16:45.979 4529 4529 I UpdateActivity: [gta3.img] total = 891451914 | current = 567630051 + 63%
05-09 22:16:46.120 4529 4529 I UpdateActivity: UpdateService.UPDATE_STATUS
05-09 22:16:46.120 4529 4529 I UpdateActivity: statusname = DownloadGameFiles
05-09 22:16:46.121 4529 4529 I UpdateActivity: [gta3.img] total = 891451914 | current = 567662819 + 63%
05-09 22:16:46.222 4529 4529 I UpdateActivity: UpdateService.UPDATE_STATUS
05-09 22:16:46.222 4529 4529 I UpdateActivity: statusname = DownloadGameFiles
05-09 22:16:46.222 4529 4529 I UpdateActivity: [gta3.img] total = 891451914 | current = 568183267 + 63%
05-09 22:16:46.324 4529 4529 I UpdateActivity: UpdateService.UPDATE_STATUS
05-09 22:16:46.325 4529 4529 I UpdateActivity: statusname = DownloadGameFiles
05-09 22:16:46.325 4529 4529 I UpdateActivity: [gta3.img] total = 891451914 | current = 569394211 + 63%
05-09 22:16:46.425 4529 4529 I UpdateActivity: UpdateService.UPDATE_STATUS
05-09 22:16:46.425 4529 4529 I UpdateActivity: statusname = DownloadGameFiles
05-09 22:16:46.425 4529 4529 I UpdateActivity: [gta3.img] total = 891451914 | current = 570623523 + 64%
05-09 22:16:46.526 4529 4529 I UpdateActivity: UpdateService.UPDATE_STATUS
05-09 22:16:46.526 4529 4529 I UpdateActivity: statusname = DownloadGameFiles
05-09 22:16:46.526 4529 4529 I UpdateActivity: [gta3.img] total = 891451914 | current = 571814947 + 64%
