05-09 22:16:46.627 4529 4529 I UpdateActivity: UpdateService.UPDATE_STATUS
05-09 22:16:46.627 4529 4529 I UpdateActivity: statusname = DownloadGameFiles
05-09 22:16:46.627 4529 4529 I UpdateActivity: [gta3.img] total = 891451914 | current = 573011491 + 64%
05-09 22:16:46.728 4529 4529 I UpdateActivity: UpdateService.UPDATE_STATUS
05-09 22:16:46.728 4529 4529 I UpdateActivity: statusname = DownloadGameFiles
05-09 22:16:46.729 4529 4529 I UpdateActivity: [gta3.img] total = 891451914 | current = 574211747 + 64%
05-09 22:16:46.830 4529 4529 I UpdateActivity: UpdateService.UPDATE_STATUS
05-09 22:16:46.830 4529 4529 I UpdateActivity: statusname = DownloadGameFiles
05-09 22:16:46.830 4529 4529 I UpdateActivity: [gta3.img] total = 891451914 | current = 575412643 + 64%
05-09 22:16:47.086 4529 4529 I UpdateActivity: UpdateService.UPDATE_STATUS
05-09 22:16:47.086 4529 4529 I UpdateActivity: statusname = DownloadGameFiles
05-09 22:16:47.087 4529 4529 I UpdateActivity: [gta3.img] total = 891451914 | current = 575678883 + 64%
05-09 22:16:47.187 4529 4529 I UpdateActivity: UpdateService.UPDATE_STATUS
05-09 22:16:47.187 4529 4529 I UpdateActivity: statusname = DownloadGameFiles
05-09 22:16:47.188 4529 4529 I UpdateActivity: [gta3.img] total = 891451914 | current = 579084707 + 64%
05-09 22:16:47.288 4529 4529 I UpdateActivity: UpdateService.UPDATE_STATUS
05-09 22:16:47.288 4529 4529 I UpdateActivity: statusname = DownloadGameFiles
05-09 22:16:47.288 4529 4529 I UpdateActivity: [gta3.img] total = 891451914 | current = 580282467 + 65%
05-09 22:16:47.391 4529 4529 I UpdateActivity: UpdateService.UPDATE_STATUS
05-09 22:16:47.391 4529 4529 I UpdateActivity: statusname = DownloadGameFiles
05-09 22:16:47.392 4529 4529 I UpdateActivity: [gta3.img] total = 891451914 | current = 581499107 + 65%
05-09 22:16:47.507 4529 4529 I UpdateActivity: UpdateService.UPDATE_STATUS
05-09 22:16:47.507 4529 4529 I UpdateActivity: statusname = DownloadGameFiles
05-09 22:16:47.507 4529 4529 I UpdateActivity: [gta3.img] total = 891451914 | current = 582687459 + 65%
05-09 22:16:47.588 4529 4529 D UpdateService: onDownloadComplete
05-09 22:16:47.625 4529 4595 I UpdateService: 238 | filePath = texdb/gta_int/gta_int.etc.dat
05-09 22:16:47.625 4529 4595 I UpdateService: Request uri = https://alynsampmobile.pro/data/lite_data/texdb/gta_int/gta_int.etc.dat
05-09 22:16:48.281 4529 4529 I UpdateActivity: UpdateService.UPDATE_STATUS
05-09 22:16:48.281 4529 4529 I UpdateActivity: statusname = DownloadGameFiles
05-09 22:16:48.281 4529 4529 I UpdateActivity: [gta_int.etc.dat] total = 891451914 | current = 583708131 + 65%
05-09 22:16:48.381 4529 4529 I UpdateActivity: UpdateService.UPDATE_STATUS
05-09 22:16:48.382 4529 4529 I UpdateActivity: statusname = DownloadGameFiles
05-09 22:16:48.382 4529 4529 I UpdateActivity: [gta_int.etc.dat] total = 891451914 | current = 585002735 + 65%
05-09 22:16:48.482 4529 4529 I UpdateActivity: UpdateService.UPDATE_STATUS
05-09 22:16:48.483 4529 4529 I UpdateActivity: statusname = DownloadGameFiles
05-09 22:16:48.483 4529 4529 I UpdateActivity: [gta_int.etc.dat] total = 891451914 | current = 586198767 + 65%
05-09 22:16:48.583 4529 4529 I UpdateActivity: UpdateService.UPDATE_STATUS
05-09 22:16:48.583 4529 4529 I UpdateActivity: statusname = DownloadGameFiles
05-09 22:16:48.584 4529 4529 I UpdateActivity: [gta_int.etc.dat] total = 891451914 | current = 587157935 + 65%
05-09 22:16:48.684 4529 4529 I UpdateActivity: UpdateService.UPDATE_STATUS
05-09 22:16:48.684 4529 4529 I UpdateActivity: statusname = DownloadGameFiles
05-09 22:16:48.684 4529 4529 I UpdateActivity: [gta_int.etc.dat] total = 891451914 | current = 588350639 + 65%
05-09 22:16:48.785 4529 4529 I UpdateActivity: UpdateService.UPDATE_STATUS
05-09 22:16:48.785 4529 4529 I UpdateActivity: statusname = DownloadGameFiles
05-09 22:16:48.785 4529 4529 I UpdateActivity: [gta_int.etc.dat] total = 891451914 | current = 589550767 + 66%
05-09 22:16:48.887 4529 4529 I UpdateActivity: UpdateService.UPDATE_STATUS
05-09 22:16:48.887 4529 4529 I UpdateActivity: statusname = DownloadGameFiles
05-09 22:16:48.887 4529 4529 I UpdateActivity: [gta_int.etc.dat] total = 891451914 | current = 590726639 + 66%
05-09 22:16:48.988 4529 4529 I UpdateActivity: UpdateService.UPDATE_STATUS
05-09 22:16:48.988 4529 4529 I UpdateActivity: statusname = DownloadGameFiles
05-09 22:16:48.988 4529 4529 I UpdateActivity: [gta_int.etc.dat] total = 891451914 | current = 591916207 + 66%
05-09 22:16:49.089 4529 4529 I UpdateActivity: UpdateService.UPDATE_STATUS
05-09 22:16:49.089 4529 4529 I UpdateActivity: statusname = DownloadGameFiles
05-09 22:16:49.089 4529 4529 I UpdateActivity: [gta_int.etc.dat] total = 891451914 | current = 593139503 + 66%
05-09 22:16:49.190 4529 4529 I UpdateActivity: UpdateService.UPDATE_STATUS
05-09 22:16:49.190 4529 4529 I UpdateActivity: statusname = DownloadGameFiles
05-09 22:16:49.190 4529 4529 I UpdateActivity: [gta_int.etc.dat] total = 891451914 | current = 594340783 + 66%
05-09 22:16:49.291 4529 4529 I UpdateActivity: UpdateService.UPDATE_STATUS
05-09 22:16:49.291 4529 4529 I UpdateActivity: statusname = DownloadGameFiles
05-09 22:16:49.291 4529 4529 I UpdateActivity: [gta_int.etc.dat] total = 891451914 | current = 595535343 + 66%
05-09 22:16:49.392 4529 4529 I UpdateActivity: UpdateService.UPDATE_STATUS
05-09 22:16:49.392 4529 4529 I UpdateActivity: statusname = DownloadGameFiles
05-09 22:16:49.392 4529 4529 I UpdateActivity: [gta_int.etc.dat] total = 891451914 | current = 596729967 + 66%
05-09 22:16:49.493 4529 4529 I UpdateActivity: UpdateService.UPDATE_STATUS
05-09 22:16:49.493 4529 4529 I UpdateActivity: statusname = DownloadGameFiles
05-09 22:16:49.494 4529 4529 I UpdateActivity: [gta_int.etc.dat] total = 891451914 | current = 597933423 + 67%
05-09 22:16:49.594 4529 4529 I UpdateActivity: UpdateService.UPDATE_STATUS
05-09 22:16:49.594 4529 4529 I UpdateActivity: statusname = DownloadGameFiles
05-09 22:16:49.594 4529 4529 I UpdateActivity: [gta_int.etc.dat] total = 891451914 | current = 599120495 + 67%
05-09 22:16:49.695 4529 4529 I UpdateActivity: UpdateService.UPDATE_STATUS
05-09 22:16:49.695 4529 4529 I UpdateActivity: statusname = DownloadGameFiles
05-09 22:16:49.695 4529 4529 I UpdateActivity: [gta_int.etc.dat] total = 891451914 | current = 600322671 + 67%
05-09 22:16:49.796 4529 4529 I UpdateActivity: UpdateService.UPDATE_STATUS
05-09 22:16:49.796 4529 4529 I UpdateActivity: statusname = DownloadGameFiles
05-09 22:16:49.797 4529 4529 I UpdateActivity: [gta_int.etc.dat] total = 891451914 | current = 601521007 + 67%
05-09 22:16:49.897 4529 4529 I UpdateActivity: UpdateService.UPDATE_STATUS
05-09 22:16:49.897 4529 4529 I UpdateActivity: statusname = DownloadGameFiles
05-09 22:16:49.897 4529 4529 I UpdateActivity: [gta_int.etc.dat] total = 891451914 | current = 602713199 + 67%
05-09 22:16:49.998 4529 4529 I UpdateActivity: UpdateService.UPDATE_STATUS
05-09 22:16:49.998 4529 4529 I UpdateActivity: statusname = DownloadGameFiles
05-09 22:16:49.998 4529 4529 I UpdateActivity: [gta_int.etc.dat] total = 891451914 | current = 603906415 + 67%
05-09 22:16:50.100 4529 4529 I UpdateActivity: UpdateService.UPDATE_STATUS
05-09 22:16:50.100 4529 4529 I UpdateActivity: statusname = DownloadGameFiles
05-09 22:16:50.101 4529 4529 I UpdateActivity: [gta_int.etc.dat] total = 891451914 | current = 605093487 + 67%
05-09 22:16:50.141 4529 4529 D UpdateService: onDownloadComplete
05-09 22:16:50.151 4529 4595 I UpdateService: 239 | filePath = texdb/gta_int/gta_int.etc.tmb
05-09 22:16:50.151 4529 4595 I UpdateService: Request uri = https://alynsampmobile.pro/data/lite_data/texdb/gta_int/gta_int.etc.tmb
05-09 22:16:50.840 4529 4529 I UpdateActivity: UpdateService.UPDATE_STATUS
05-09 22:16:50.840 4529 4529 I UpdateActivity: statusname = DownloadGameFiles
05-09 22:16:50.840 4529 4529 I UpdateActivity: [gta_int.etc.tmb] total = 891451914 | current = 605450575 + 67%
05-09 22:16:50.898 4529 4529 D UpdateService: onDownloadComplete
05-09 22:16:50.954 4529 4595 I UpdateService: 240 | filePath = texdb/gta_int/gta_int.etc.toc
05-09 22:16:50.954 4529 4595 I UpdateService: Request uri = https://alynsampmobile.pro/data/lite_data/texdb/gta_int/gta_int.etc.toc
05-09 22:16:51.004 4529 4529 D UpdateService: onDownloadComplete
05-09 22:16:51.067 4529 4595 I UpdateService: 241 | filePath = texdb/gta_int/gta_int.txt
05-09 22:16:51.067 4529 4595 I UpdateService: Request uri = https://alynsampmobile.pro/data/lite_data/texdb/gta_int/gta_int.txt
05-09 22:16:51.127 4529 4529 D UpdateService: onDownloadComplete
05-09 22:16:51.134 4529 4595 I UpdateService: 242 | filePath = texdb/gta_int/gta_int.unc.tmb
05-09 22:16:51.134 4529 4595 I UpdateService: Request uri = https://alynsampmobile.pro/data/lite_data/texdb/gta_int/gta_int.unc.tmb
05-09 22:16:51.235 4529 4529 D UpdateService: onDownloadComplete
05-09 22:16:51.274 4529 4595 I UpdateService: 243 | filePath = texdb/gta_int.img
05-09 22:16:51.275 4529 4595 I UpdateService: Request uri = https://alynsampmobile.pro/data/lite_data/texdb/gta_int.img
05-09 22:16:51.376 4529 4529 I UpdateActivity: UpdateService.UPDATE_STATUS
05-09 22:16:51.376 4529 4529 I UpdateActivity: statusname = DownloadGameFiles
05-09 22:16:51.377 4529 4529 I UpdateActivity: [gta_int.img] total = 891451914 | current = 607636792 + 68%
05-09 22:16:51.477 4529 4529 I UpdateActivity: UpdateService.UPDATE_STATUS
05-09 22:16:51.477 4529 4529 I UpdateActivity: statusname = DownloadGameFiles
05-09 22:16:51.478 4529 4529 I UpdateActivity: [gta_int.img] total = 891451914 | current = 608832696 + 68%
05-09 22:16:51.578 4529 4529 I UpdateActivity: UpdateService.UPDATE_STATUS
05-09 22:16:51.578 4529 4529 I UpdateActivity: statusname = DownloadGameFiles
05-09 22:16:51.579 4529 4529 I UpdateActivity: [gta_int.img] total = 891451914 | current = 610029816 + 68%
05-09 22:16:51.679 4529 4529 I UpdateActivity: UpdateService.UPDATE_STATUS
05-09 22:16:51.679 4529 4529 I UpdateActivity: statusname = DownloadGameFiles
05-09 22:16:51.679 4529 4529 I UpdateActivity: [gta_int.img] total = 891451914 | current = 611222008 + 68%
05-09 22:16:51.780 4529 4529 I UpdateActivity: UpdateService.UPDATE_STATUS
05-09 22:16:51.780 4529 4529 I UpdateActivity: statusname = DownloadGameFiles
05-09 22:16:51.780 4529 4529 I UpdateActivity: [gta_int.img] total = 891451914 | current = 612417784 + 68%
05-09 22:16:51.881 4529 4529 I UpdateActivity: UpdateService.UPDATE_STATUS
05-09 22:16:51.881 4529 4529 I UpdateActivity: statusname = DownloadGameFiles
05-09 22:16:51.882 4529 4529 I UpdateActivity: [gta_int.img] total = 891451914 | current = 613614904 + 68%
05-09 22:16:52.000 4529 4529 I UpdateActivity: UpdateService.UPDATE_STATUS
05-09 22:16:52.000 4529 4529 I UpdateActivity: statusname = DownloadGameFiles
05-09 22:16:52.000 4529 4529 I UpdateActivity: [gta_int.img] total = 891451914 | current = 614439032 + 68%
05-09 22:16:52.101 4529 4529 I UpdateActivity: UpdateService.UPDATE_STATUS
05-09 22:16:52.101 4529 4529 I UpdateActivity: statusname = DownloadGameFiles
05-09 22:16:52.102 4529 4529 I UpdateActivity: [gta_int.img] total = 891451914 | current = 616222136 + 69%
05-09 22:16:52.202 4529 4529 I UpdateActivity: UpdateService.UPDATE_STATUS
05-09 22:16:52.202 4529 4529 I UpdateActivity: statusname = DownloadGameFiles
05-09 22:16:52.202 4529 4529 I UpdateActivity: [gta_int.img] total = 891451914 | current = 617411704 + 69%
05-09 22:16:52.303 4529 4529 I UpdateActivity: UpdateService.UPDATE_STATUS
05-09 22:16:52.303 4529 4529 I UpdateActivity: statusname = DownloadGameFiles
05-09 22:16:52.304 4529 4529 I UpdateActivity: [gta_int.img] total = 891451914 | current = 618612600 + 69%
05-09 22:16:52.405 4529 4529 I UpdateActivity: UpdateService.UPDATE_STATUS
05-09 22:16:52.405 4529 4529 I UpdateActivity: statusname = DownloadGameFiles
05-09 22:16:52.405 4529 4529 I UpdateActivity: [gta_int.img] total = 891451914 | current = 619811064 + 69%
05-09 22:16:52.506 4529 4529 I UpdateActivity: UpdateService.UPDATE_STATUS
05-09 22:16:52.507 4529 4529 I UpdateActivity: statusname = DownloadGameFiles
05-09 22:16:52.507 4529 4529 I UpdateActivity: [gta_int.img] total = 891451914 | current = 621016952 + 69%
05-09 22:16:52.607 4529 4529 I UpdateActivity: UpdateService.UPDATE_STATUS
05-09 22:16:52.607 4529 4529 I UpdateActivity: statusname = DownloadGameFiles
05-09 22:16:52.608 4529 4529 I UpdateActivity: [gta_int.img] total = 891451914 | current = 622211576 + 69%
05-09 22:16:52.708 4529 4529 I UpdateActivity: UpdateService.UPDATE_STATUS
05-09 22:16:52.708 4529 4529 I UpdateActivity: statusname = DownloadGameFiles
05-09 22:16:52.708 4529 4529 I UpdateActivity: [gta_int.img] total = 891451914 | current = 623403000 + 69%
05-09 22:16:52.809 4529 4529 I UpdateActivity: UpdateService.UPDATE_STATUS
05-09 22:16:52.809 4529 4529 I UpdateActivity: statusname = DownloadGameFiles
05-09 22:16:52.810 4529 4529 I UpdateActivity: [gta_int.img] total = 891451914 | current = 624599608 + 70%
05-09 22:16:52.911 4529 4529 I UpdateActivity: UpdateService.UPDATE_STATUS
05-09 22:16:52.911 4529 4529 I UpdateActivity: statusname = DownloadGameFiles
05-09 22:16:52.911 4529 4529 I UpdateActivity: [gta_int.img] total = 891451914 | current = 625801720 + 70%
05-09 22:16:53.012 4529 4529 I UpdateActivity: UpdateService.UPDATE_STATUS
05-09 22:16:53.012 4529 4529 I UpdateActivity: statusname = DownloadGameFiles
05-09 22:16:53.012 4529 4529 I UpdateActivity: [gta_int.img] total = 891451914 | current = 626998904 + 70%
05-09 22:16:53.113 4529 4529 I UpdateActivity: UpdateService.UPDATE_STATUS
05-09 22:16:53.113 4529 4529 I UpdateActivity: statusname = DownloadGameFiles
05-09 22:16:53.114 4529 4529 I UpdateActivity: [gta_int.img] total = 891451914 | current = 628197240 + 70%
05-09 22:16:53.214 4529 4529 I UpdateActivity: UpdateService.UPDATE_STATUS
05-09 22:16:53.214 4529 4529 I UpdateActivity: statusname = DownloadGameFiles
05-09 22:16:53.214 4529 4529 I UpdateActivity: [gta_int.img] total = 891451914 | current = 629394360 + 70%
05-09 22:16:53.315 4529 4529 I UpdateActivity: UpdateService.UPDATE_STATUS
05-09 22:16:53.315 4529 4529 I UpdateActivity: statusname = DownloadGameFiles
05-09 22:16:53.316 4529 4529 I UpdateActivity: [gta_int.img] total = 891451914 | current = 630593976 + 70%
05-09 22:16:53.416 4529 4529 I UpdateActivity: UpdateService.UPDATE_STATUS
05-09 22:16:53.416 4529 4529 I UpdateActivity: statusname = DownloadGameFiles
05-09 22:16:53.416 4529 4529 I UpdateActivity: [gta_int.img] total = 891451914 | current = 631782328 + 70%
05-09 22:16:53.517 4529 4529 I UpdateActivity: UpdateService.UPDATE_STATUS
05-09 22:16:53.517 4529 4529 I UpdateActivity: statusname = DownloadGameFiles
05-09 22:16:53.518 4529 4529 I UpdateActivity: [gta_int.img] total = 891451914 | current = 632983288 + 71%
05-09 22:16:53.618 4529 4529 I UpdateActivity: UpdateService.UPDATE_STATUS
05-09 22:16:53.618 4529 4529 I UpdateActivity: statusname = DownloadGameFiles
05-09 22:16:53.618 4529 4529 I UpdateActivity: [gta_int.img] total = 891451914 | current = 634164664 + 71%
05-09 22:16:53.719 4529 4529 I UpdateActivity: UpdateService.UPDATE_STATUS
05-09 22:16:53.719 4529 4529 I UpdateActivity: statusname = DownloadGameFiles
05-09 22:16:53.720 4529 4529 I UpdateActivity: [gta_int.img] total = 891451914 | current = 635375032 + 71%
05-09 22:16:53.821 4529 4529 I UpdateActivity: UpdateService.UPDATE_STATUS
05-09 22:16:53.821 4529 4529 I UpdateActivity: statusname = DownloadGameFiles
05-09 22:16:53.821 4529 4529 I UpdateActivity: [gta_int.img] total = 891451914 | current = 636546872 + 71%
05-09 22:16:53.923 4529 4529 I UpdateActivity: UpdateService.UPDATE_STATUS
05-09 22:16:53.923 4529 4529 I UpdateActivity: statusname = DownloadGameFiles
05-09 22:16:53.923 4529 4529 I UpdateActivity: [gta_int.img] total = 891451914 | current = 637781816 + 71%
05-09 22:16:54.023 4529 4529 I UpdateActivity: UpdateService.UPDATE_STATUS
05-09 22:16:54.023 4529 4529 I UpdateActivity: statusname = DownloadGameFiles
05-09 22:16:54.024 4529 4529 I UpdateActivity: [gta_int.img] total = 891451914 | current = 638975224 + 71%
05-09 22:16:54.124 4529 4529 I UpdateActivity: UpdateService.UPDATE_STATUS
05-09 22:16:54.124 4529 4529 I UpdateActivity: statusname = DownloadGameFiles
05-09 22:16:54.125 4529 4529 I UpdateActivity: [gta_int.img] total = 891451914 | current = 640168632 + 71%
05-09 22:16:54.225 4529 4529 I UpdateActivity: UpdateService.UPDATE_STATUS
05-09 22:16:54.225 4529 4529 I UpdateActivity: statusname = DownloadGameFiles
05-09 22:16:54.225 4529 4529 I UpdateActivity: [gta_int.img] total = 891451914 | current = 641360632 + 71%
05-09 22:16:54.326 4529 4529 I UpdateActivity: UpdateService.UPDATE_STATUS
05-09 22:16:54.326 4529 4529 I UpdateActivity: statusname = DownloadGameFiles
05-09 22:16:54.326 4529 4529 I UpdateActivity: [gta_int.img] total = 891451914 | current = 642557752 + 72%
05-09 22:16:54.427 4529 4529 I UpdateActivity: UpdateService.UPDATE_STATUS
05-09 22:16:54.427 4529 4529 I UpdateActivity: statusname = DownloadGameFiles
05-09 22:16:54.428 4529 4529 I UpdateActivity: [gta_int.img] total = 891451914 | current = 643758648 + 72%
05-09 22:16:54.528 4529 4529 I UpdateActivity: UpdateService.UPDATE_STATUS
05-09 22:16:54.528 4529 4529 I UpdateActivity: statusname = DownloadGameFiles
05-09 22:16:54.528 4529 4529 I UpdateActivity: [gta_int.img] total = 891451914 | current = 644947000 + 72%
05-09 22:16:54.629 4529 4529 I UpdateActivity: UpdateService.UPDATE_STATUS
05-09 22:16:54.630 4529 4529 I UpdateActivity: statusname = DownloadGameFiles
05-09 22:16:54.630 4529 4529 I UpdateActivity: [gta_int.img] total = 891451914 | current = 646152952 + 72%
05-09 22:16:54.730 4529 4529 I UpdateActivity: UpdateService.UPDATE_STATUS
05-09 22:16:54.730 4529 4529 I UpdateActivity: statusname = DownloadGameFiles
05-09 22:16:54.730 4529 4529 I UpdateActivity: [gta_int.img] total = 891451914 | current = 647339960 + 72%
05-09 22:16:54.834 4529 4529 I UpdateActivity: UpdateService.UPDATE_STATUS
05-09 22:16:54.834 4529 4529 I UpdateActivity: statusname = DownloadGameFiles
05-09 22:16:54.835 4529 4529 I UpdateActivity: [gta_int.img] total = 891451914 | current = 648545912 + 72%
05-09 22:16:54.935 4529 4529 I UpdateActivity: UpdateService.UPDATE_STATUS
05-09 22:16:54.936 4529 4529 I UpdateActivity: statusname = DownloadGameFiles
05-09 22:16:54.936 4529 4529 I UpdateActivity: [gta_int.img] total = 891451914 | current = 649775800 + 72%
05-09 22:16:55.037 4529 4529 I UpdateActivity: UpdateService.UPDATE_STATUS
05-09 22:16:55.037 4529 4529 I UpdateActivity: statusname = DownloadGameFiles
05-09 22:16:55.038 4529 4529 I UpdateActivity: [gta_int.img] total = 891451914 | current = 650956600 + 73%
05-09 22:16:55.118 4529 4529 D UpdateService: onDownloadComplete
05-09 22:16:55.144 4529 4595 I UpdateService: 244 | filePath = texdb/menu/menu.dxt.dat
05-09 22:16:55.144 4529 4595 I UpdateService: Request uri = https://alynsampmobile.pro/data/lite_data/texdb/menu/menu.dxt.dat
05-09 22:16:55.246 4529 4529 I UpdateActivity: UpdateService.UPDATE_STATUS
05-09 22:16:55.246 4529 4529 I UpdateActivity: statusname = DownloadGameFiles
05-09 22:16:55.246 4529 4529 I UpdateActivity: [menu.dxt.dat] total = 891451914 | current = 652460118 + 73%
05-09 22:16:55.348 4529 4529 I UpdateActivity: UpdateService.UPDATE_STATUS
05-09 22:16:55.348 4529 4529 I UpdateActivity: statusname = DownloadGameFiles
05-09 22:16:55.348 4529 4529 I UpdateActivity: [menu.dxt.dat] total = 891451914 | current = 653647190 + 73%
05-09 22:16:55.451 4529 4529 I UpdateActivity: UpdateService.UPDATE_STATUS
05-09 22:16:55.451 4529 4529 I UpdateActivity: statusname = DownloadGameFiles
05-09 22:16:55.451 4529 4529 I UpdateActivity: [menu.dxt.dat] total = 891451914 | current = 654860694 + 73%
05-09 22:16:55.552 4529 4529 I UpdateActivity: UpdateService.UPDATE_STATUS
05-09 22:16:55.552 4529 4529 I UpdateActivity: statusname = DownloadGameFiles
05-09 22:16:55.552 4529 4529 I UpdateActivity: [menu.dxt.dat] total = 891451914 | current = 656094038 + 73%
05-09 22:16:55.632 4529 4529 D UpdateService: onDownloadComplete
05-09 22:16:55.654 4529 4595 I UpdateService: 245 | filePath = texdb/menu/menu.dxt.tmb
05-09 22:16:55.654 4529 4595 I UpdateService: Request uri = https://alynsampmobile.pro/data/lite_data/texdb/menu/menu.dxt.tmb
05-09 22:16:55.723 4529 4529 D UpdateService: onDownloadComplete
05-09 22:16:55.724 4529 4595 I UpdateService: 246 | filePath = texdb/menu/menu.dxt.toc
05-09 22:16:55.725 4529 4595 I UpdateService: Request uri = https://alynsampmobile.pro/data/lite_data/texdb/menu/menu.dxt.toc
05-09 22:16:55.781 4529 4529 D UpdateService: onDownloadComplete
05-09 22:16:55.794 4529 4595 I UpdateService: 247 | filePath = texdb/menu/menu.etc.dat
05-09 22:16:55.795 4529 4595 I UpdateService: Request uri = https://alynsampmobile.pro/data/lite_data/texdb/menu/menu.etc.dat
05-09 22:16:55.897 4529 4529 I UpdateActivity: UpdateService.UPDATE_STATUS
05-09 22:16:55.897 4529 4529 I UpdateActivity: statusname = DownloadGameFiles
05-09 22:16:55.897 4529 4529 I UpdateActivity: [menu.etc.dat] total = 891451914 | current = 657609660 + 73%
05-09 22:16:55.999 4529 4529 I UpdateActivity: UpdateService.UPDATE_STATUS
05-09 22:16:55.999 4529 4529 I UpdateActivity: statusname = DownloadGameFiles
05-09 22:16:56.000 4529 4529 I UpdateActivity: [menu.etc.dat] total = 891451914 | current = 658795452 + 73%
05-09 22:16:56.100 4529 4529 I UpdateActivity: UpdateService.UPDATE_STATUS
05-09 22:16:56.100 4529 4529 I UpdateActivity: statusname = DownloadGameFiles
05-09 22:16:56.101 4529 4529 I UpdateActivity: [menu.etc.dat] total = 891451914 | current = 660017788 + 74%
05-09 22:16:56.215 4529 4529 I UpdateActivity: UpdateService.UPDATE_STATUS
05-09 22:16:56.215 4529 4529 I UpdateActivity: statusname = DownloadGameFiles
05-09 22:16:56.216 4529 4529 I UpdateActivity: [menu.etc.dat] total = 891451914 | current = 661048572 + 74%
05-09 22:16:56.383 4529 4529 I UpdateActivity: UpdateService.UPDATE_STATUS
05-09 22:16:56.383 4529 4529 I UpdateActivity: statusname = DownloadGameFiles
05-09 22:16:56.384 4529 4529 I UpdateActivity: [menu.etc.dat] total = 891451914 | current = 661081340 + 74%
05-09 22:16:56.484 4529 4529 I UpdateActivity: UpdateService.UPDATE_STATUS
05-09 22:16:56.484 4529 4529 I UpdateActivity: statusname = DownloadGameFiles
05-09 22:16:56.485 4529 4529 I UpdateActivity: [menu.etc.dat] total = 891451914 | current = 661622012 + 74%
05-09 22:16:56.585 4529 4529 I UpdateActivity: UpdateService.UPDATE_STATUS
05-09 22:16:56.585 4529 4529 I UpdateActivity: statusname = DownloadGameFiles
05-09 22:16:56.586 4529 4529 I UpdateActivity: [menu.etc.dat] total = 891451914 | current = 662821628 + 74%
05-09 22:16:56.643 4529 4529 D UpdateService: onDownloadComplete
05-09 22:16:56.684 4529 4595 I UpdateService: 248 | filePath = texdb/menu/menu.etc.tmb
05-09 22:16:56.685 4529 4595 I UpdateService: Request uri = https://alynsampmobile.pro/data/lite_data/texdb/menu/menu.etc.tmb
05-09 22:16:56.743 4529 4529 D UpdateService: onDownloadComplete
05-09 22:16:56.754 4529 4595 I UpdateService: 249 | filePath = texdb/menu/menu.etc.toc
05-09 22:16:56.754 4529 4595 I UpdateService: Request uri = https://alynsampmobile.pro/data/lite_data/texdb/menu/menu.etc.toc
05-09 22:16:56.811 4529 4529 D UpdateService: onDownloadComplete
05-09 22:16:56.824 4529 4595 I UpdateService: 250 | filePath = texdb/menu/menu.pvr.dat
05-09 22:16:56.824 4529 4595 I UpdateService: Request uri = https://alynsampmobile.pro/data/lite_data/texdb/menu/menu.pvr.dat
05-09 22:16:56.926 4529 4529 I UpdateActivity: UpdateService.UPDATE_STATUS
05-09 22:16:56.926 4529 4529 I UpdateActivity: statusname = DownloadGameFiles
05-09 22:16:56.926 4529 4529 I UpdateActivity: [menu.pvr.dat] total = 891451914 | current = 664106216 + 74%
05-09 22:16:57.027 4529 4529 I UpdateActivity: UpdateService.UPDATE_STATUS
05-09 22:16:57.027 4529 4529 I UpdateActivity: statusname = DownloadGameFiles
05-09 22:16:57.027 4529 4529 I UpdateActivity: [menu.pvr.dat] total = 891451914 | current = 665302248 + 74%
05-09 22:16:57.128 4529 4529 I UpdateActivity: UpdateService.UPDATE_STATUS
05-09 22:16:57.128 4529 4529 I UpdateActivity: statusname = DownloadGameFiles
05-09 22:16:57.128 4529 4529 I UpdateActivity: [menu.pvr.dat] total = 891451914 | current = 666499073 + 74%
05-09 22:16:57.230 4529 4529 I UpdateActivity: UpdateService.UPDATE_STATUS
05-09 22:16:57.230 4529 4529 I UpdateActivity: statusname = DownloadGameFiles
05-09 22:16:57.230 4529 4529 I UpdateActivity: [menu.pvr.dat] total = 891451914 | current = 667693697 + 74%
05-09 22:16:57.332 4529 4529 I UpdateActivity: UpdateService.UPDATE_STATUS
05-09 22:16:57.332 4529 4529 I UpdateActivity: statusname = DownloadGameFiles
05-09 22:16:57.332 4529 4529 I UpdateActivity: [menu.pvr.dat] total = 891451914 | current = 668916033 + 75%
05-09 22:16:57.423 4529 4529 D UpdateService: onDownloadComplete
05-09 22:16:57.454 4529 4595 I UpdateService: 251 | filePath = texdb/menu/menu.pvr.tmb
05-09 22:16:57.454 4529 4595 I UpdateService: Request uri = https://alynsampmobile.pro/data/lite_data/texdb/menu/menu.pvr.tmb
05-09 22:16:57.516 4529 4529 D UpdateService: onDownloadComplete
05-09 22:16:57.524 4529 4595 I UpdateService: 252 | filePath = texdb/menu/menu.pvr.toc
05-09 22:16:57.525 4529 4595 I UpdateService: Request uri = https://alynsampmobile.pro/data/lite_data/texdb/menu/menu.pvr.toc
05-09 22:16:57.576 4529 4529 D UpdateService: onDownloadComplete
05-09 22:16:57.594 4529 4595 I UpdateService: 253 | filePath = texdb/menu/menu.txt
05-09 22:16:57.595 4529 4595 I UpdateService: Request uri = https://alynsampmobile.pro/data/lite_data/texdb/menu/menu.txt
05-09 22:16:58.273 4529 4529 I UpdateActivity: UpdateService.UPDATE_STATUS
05-09 22:16:58.274 4529 4529 I UpdateActivity: statusname = DownloadGameFiles
05-09 22:16:58.275 4529 4529 I UpdateActivity: [menu.txt] total = 891451914 | current = 669934271 + 75%
05-09 22:16:58.286 4529 4529 D UpdateService: onDownloadComplete
05-09 22:16:58.294 4529 4595 I UpdateService: 254 | filePath = texdb/menu/menu.unc.tmb
05-09 22:16:58.295 4529 4595 I UpdateService: Request uri = https://alynsampmobile.pro/data/lite_data/texdb/menu/menu.unc.tmb
05-09 22:16:58.358 4529 4529 D UpdateService: onDownloadComplete
05-09 22:16:58.366 4529 4595 I UpdateService: 255 | filePath = texdb/mobile/mobile.etc.dat
05-09 22:16:58.366 4529 4595 I UpdateService: Request uri = https://alynsampmobile.pro/data/lite_data/texdb/mobile/mobile.etc.dat
05-09 22:16:59.019 4529 4529 I UpdateActivity: UpdateService.UPDATE_STATUS
05-09 22:16:59.019 4529 4529 I UpdateActivity: statusname = DownloadGameFiles
05-09 22:16:59.019 4529 4529 I UpdateActivity: [mobile.etc.dat] total = 891451914 | current = 669939359 + 75%
05-09 22:16:59.120 4529 4529 I UpdateActivity: UpdateService.UPDATE_STATUS
05-09 22:16:59.120 4529 4529 I UpdateActivity: statusname = DownloadGameFiles
05-09 22:16:59.121 4529 4529 I UpdateActivity: [mobile.etc.dat] total = 891451914 | current = 671189954 + 75%
05-09 22:16:59.221 4529 4529 I UpdateActivity: UpdateService.UPDATE_STATUS
05-09 22:16:59.222 4529 4529 I UpdateActivity: statusname = DownloadGameFiles
05-09 22:16:59.222 4529 4529 I UpdateActivity: [mobile.etc.dat] total = 891451914 | current = 672388290 + 75%
05-09 22:16:59.322 4529 4529 I UpdateActivity: UpdateService.UPDATE_STATUS
05-09 22:16:59.322 4529 4529 I UpdateActivity: statusname = DownloadGameFiles
05-09 22:16:59.322 4529 4529 I UpdateActivity: [mobile.etc.dat] total = 891451914 | current = 673577858 + 75%
05-09 22:16:59.423 4529 4529 I UpdateActivity: UpdateService.UPDATE_STATUS
05-09 22:16:59.423 4529 4529 I UpdateActivity: statusname = DownloadGameFiles
05-09 22:16:59.423 4529 4529 I UpdateActivity: [mobile.etc.dat] total = 891451914 | current = 674769922 + 75%
05-09 22:16:59.524 4529 4529 I UpdateActivity: UpdateService.UPDATE_STATUS
05-09 22:16:59.524 4529 4529 I UpdateActivity: statusname = DownloadGameFiles
05-09 22:16:59.525 4529 4529 I UpdateActivity: [mobile.etc.dat] total = 891451914 | current = 675970882 + 75%
05-09 22:16:59.625 4529 4529 I UpdateActivity: UpdateService.UPDATE_STATUS
05-09 22:16:59.625 4529 4529 I UpdateActivity: statusname = DownloadGameFiles
05-09 22:16:59.625 4529 4529 I UpdateActivity: [mobile.etc.dat] total = 891451914 | current = 677163266 + 75%
05-09 22:16:59.727 4529 4529 I UpdateActivity: UpdateService.UPDATE_STATUS
05-09 22:16:59.727 4529 4529 I UpdateActivity: statusname = DownloadGameFiles
05-09 22:16:59.727 4529 4529 I UpdateActivity: [mobile.etc.dat] total = 891451914 | current = 678347522 + 76%
05-09 22:16:59.756 4529 4529 D UpdateService: onDownloadComplete
05-09 22:16:59.794 4529 4595 I UpdateService: 256 | filePath = texdb/mobile/mobile.etc.tmb
05-09 22:16:59.795 4529 4595 I UpdateService: Request uri = https://alynsampmobile.pro/data/lite_data/texdb/mobile/mobile.etc.tmb
05-09 22:17:00.445 4529 4529 I UpdateActivity: UpdateService.UPDATE_STATUS
05-09 22:17:00.445 4529 4529 I UpdateActivity: statusname = DownloadGameFiles
05-09 22:17:00.446 4529 4529 I UpdateActivity: [mobile.etc.tmb] total = 891451914 | current = 678651517 + 76%
05-09 22:17:00.451 4529 4529 D UpdateService: onDownloadComplete
05-09 22:17:00.515 4529 4595 I UpdateService: 257 | filePath = texdb/mobile/mobile.etc.toc
05-09 22:17:00.515 4529 4595 I UpdateService: Request uri = https://alynsampmobile.pro/data/lite_data/texdb/mobile/mobile.etc.toc
05-09 22:17:01.213 4529 4529 I UpdateActivity: UpdateService.UPDATE_STATUS
05-09 22:17:01.213 4529 4529 I UpdateActivity: statusname = DownloadGameFiles
05-09 22:17:01.215 4529 4529 I UpdateActivity: [mobile.etc.toc] total = 891451914 | current = 678652309 + 76%
05-09 22:17:01.219 4529 4529 D UpdateService: onDownloadComplete
05-09 22:17:01.285 4529 4595 I UpdateService: 258 | filePath = texdb/mobile/mobile.txt
05-09 22:17:01.285 4529 4595 I UpdateService: Request uri = https://alynsampmobile.pro/data/lite_data/texdb/mobile/mobile.txt
05-09 22:17:01.338 4529 4529 D UpdateService: onDownloadComplete
05-09 22:17:01.355 4529 4595 I UpdateService: 259 | filePath = texdb/mobile/mobile.unc.tmb
05-09 22:17:01.355 4529 4595 I UpdateService: Request uri = https://alynsampmobile.pro/data/lite_data/texdb/mobile/mobile.unc.tmb
05-09 22:17:01.417 4529 4529 D UpdateService: onDownloadComplete
05-09 22:17:01.424 4529 4595 I UpdateService: 260 | filePath = texdb/player/player.pvr.dat
05-09 22:17:01.425 4529 4595 I UpdateService: Request uri = https://alynsampmobile.pro/data/lite_data/texdb/player/player.pvr.dat
05-09 22:17:01.526 4529 4529 I UpdateActivity: UpdateService.UPDATE_STATUS
05-09 22:17:01.526 4529 4529 I UpdateActivity: statusname = DownloadGameFiles
05-09 22:17:01.527 4529 4529 I UpdateActivity: [player.pvr.dat] total = 891451914 | current = 679274439 + 76%
05-09 22:17:01.627 4529 4529 I UpdateActivity: UpdateService.UPDATE_STATUS
05-09 22:17:01.627 4529 4529 I UpdateActivity: statusname = DownloadGameFiles
05-09 22:17:01.627 4529 4529 I UpdateActivity: [player.pvr.dat] total = 891451914 | current = 680469063 + 76%
05-09 22:17:01.728 4529 4529 I UpdateActivity: UpdateService.UPDATE_STATUS
05-09 22:17:01.728 4529 4529 I UpdateActivity: statusname = DownloadGameFiles
05-09 22:17:01.728 4529 4529 I UpdateActivity: [player.pvr.dat] total = 891451914 | current = 681665351 + 76%
05-09 22:17:01.829 4529 4529 I UpdateActivity: UpdateService.UPDATE_STATUS
05-09 22:17:01.829 4529 4529 I UpdateActivity: statusname = DownloadGameFiles
05-09 22:17:01.829 4529 4529 I UpdateActivity: [player.pvr.dat] total = 891451914 | current = 682859655 + 76%
05-09 22:17:01.989 4529 4529 I UpdateActivity: UpdateService.UPDATE_STATUS
05-09 22:17:01.989 4529 4529 I UpdateActivity: statusname = DownloadGameFiles
05-09 22:17:01.990 4529 4529 I UpdateActivity: [player.pvr.dat] total = 891451914 | current = 683978503 + 76%
05-09 22:17:02.036 4529 4529 D UpdateService: onDownloadComplete
05-09 22:17:02.105 4529 4595 I UpdateService: 261 | filePath = texdb/player/player.pvr.tmb
05-09 22:17:02.105 4529 4595 I UpdateService: Request uri = https://alynsampmobile.pro/data/lite_data/texdb/player/player.pvr.tmb
05-09 22:17:02.161 4529 4529 D UpdateService: onDownloadComplete
05-09 22:17:02.174 4529 4595 I UpdateService: 262 | filePath = texdb/player/player.pvr.toc
05-09 22:17:02.174 4529 4595 I UpdateService: Request uri = https://alynsampmobile.pro/data/lite_data/texdb/player/player.pvr.toc
05-09 22:17:02.233 4529 4529 D UpdateService: onDownloadComplete
05-09 22:17:02.245 4529 4595 I UpdateService: 263 | filePath = texdb/player/player.txt
05-09 22:17:02.245 4529 4595 I UpdateService: Request uri = https://alynsampmobile.pro/data/lite_data/texdb/player/player.txt
05-09 22:17:02.303 4529 4529 D UpdateService: onDownloadComplete
05-09 22:17:02.316 4529 4595 I UpdateService: 264 | filePath = texdb/player.img
05-09 22:17:02.316 4529 4595 I UpdateService: Request uri = https://alynsampmobile.pro/data/lite_data/texdb/player.img
05-09 22:17:02.420 4529 4529 I UpdateActivity: UpdateService.UPDATE_STATUS
05-09 22:17:02.420 4529 4529 I UpdateActivity: statusname = DownloadGameFiles
05-09 22:17:02.420 4529 4529 I UpdateActivity: [player.img] total = 891451914 | current = 685950773 + 76%
05-09 22:17:02.521 4529 4529 I UpdateActivity: UpdateService.UPDATE_STATUS
05-09 22:17:02.521 4529 4529 I UpdateActivity: statusname = DownloadGameFiles
05-09 22:17:02.521 4529 4529 I UpdateActivity: [player.img] total = 891451914 | current = 687156725 + 77%
05-09 22:17:02.622 4529 4529 I UpdateActivity: UpdateService.UPDATE_STATUS
05-09 22:17:02.622 4529 4529 I UpdateActivity: statusname = DownloadGameFiles
05-09 22:17:02.622 4529 4529 I UpdateActivity: [player.img] total = 891451914 | current = 688374005 + 77%
05-09 22:17:02.724 4529 4529 I UpdateActivity: UpdateService.UPDATE_STATUS
05-09 22:17:02.724 4529 4529 I UpdateActivity: statusname = DownloadGameFiles
05-09 22:17:02.724 4529 4529 I UpdateActivity: [player.img] total = 891451914 | current = 689577461 + 77%
05-09 22:17:02.825 4529 4529 I UpdateActivity: UpdateService.UPDATE_STATUS
05-09 22:17:02.826 4529 4529 I UpdateActivity: statusname = DownloadGameFiles
05-09 22:17:02.826 4529 4529 I UpdateActivity: [player.img] total = 891451914 | current = 690783413 + 77%
05-09 22:17:02.926 4529 4529 I UpdateActivity: UpdateService.UPDATE_STATUS
05-09 22:17:02.926 4529 4529 I UpdateActivity: statusname = DownloadGameFiles
05-09 22:17:02.927 4529 4529 I UpdateActivity: [player.img] total = 891451914 | current = 691975605 + 77%
05-09 22:17:03.027 4529 4529 I UpdateActivity: UpdateService.UPDATE_STATUS
05-09 22:17:03.027 4529 4529 I UpdateActivity: statusname = DownloadGameFiles
05-09 22:17:03.027 4529 4529 I UpdateActivity: [player.img] total = 891451914 | current = 693148661 + 77%
05-09 22:17:03.129 4529 4529 I UpdateActivity: UpdateService.UPDATE_STATUS
05-09 22:17:03.129 4529 4529 I UpdateActivity: statusname = DownloadGameFiles
05-09 22:17:03.129 4529 4529 I UpdateActivity: [player.img] total = 891451914 | current = 694373621 + 77%
05-09 22:17:03.230 4529 4529 I UpdateActivity: UpdateService.UPDATE_STATUS
05-09 22:17:03.231 4529 4529 I UpdateActivity: statusname = DownloadGameFiles
05-09 22:17:03.231 4529 4529 I UpdateActivity: [player.img] total = 891451914 | current = 695578229 + 78%
05-09 22:17:03.332 4529 4529 I UpdateActivity: UpdateService.UPDATE_STATUS
05-09 22:17:03.332 4529 4529 I UpdateActivity: statusname = DownloadGameFiles
05-09 22:17:03.332 4529 4529 I UpdateActivity: [player.img] total = 891451914 | current = 696775349 + 78%
05-09 22:17:03.434 4529 4529 I UpdateActivity: UpdateService.UPDATE_STATUS
05-09 22:17:03.434 4529 4529 I UpdateActivity: statusname = DownloadGameFiles
05-09 22:17:03.435 4529 4529 I UpdateActivity: [player.img] total = 891451914 | current = 697966197 + 78%
05-09 22:17:03.535 4529 4529 I UpdateActivity: UpdateService.UPDATE_STATUS
05-09 22:17:03.535 4529 4529 I UpdateActivity: statusname = DownloadGameFiles
05-09 22:17:03.535 4529 4529 I UpdateActivity: [player.img] total = 891451914 | current = 699175285 + 78%
05-09 22:17:03.636 4529 4529 I UpdateActivity: UpdateService.UPDATE_STATUS
05-09 22:17:03.637 4529 4529 I UpdateActivity: statusname = DownloadGameFiles
05-09 22:17:03.637 4529 4529 I UpdateActivity: [player.img] total = 891451914 | current = 700386933 + 78%
05-09 22:17:03.737 4529 4529 I UpdateActivity: UpdateService.UPDATE_STATUS
05-09 22:17:03.737 4529 4529 I UpdateActivity: statusname = DownloadGameFiles
05-09 22:17:03.737 4529 4529 I UpdateActivity: [player.img] total = 891451914 | current = 701575285 + 78%
05-09 22:17:06.308 4529 4529 D UpdateService: onDownloadComplete
05-09 22:17:06.365 4529 4595 I UpdateService: 265 | filePath = texdb/playerhi/playerhi.pvr.dat
05-09 22:17:06.365 4529 4595 I UpdateService: Request uri = https://alynsampmobile.pro/data/lite_data/texdb/playerhi/playerhi.pvr.dat
05-09 22:17:06.469 4529 4529 I UpdateActivity: UpdateService.UPDATE_STATUS
05-09 22:17:06.469 4529 4529 I UpdateActivity: statusname = DownloadGameFiles
05-09 22:17:06.469 4529 4529 I UpdateActivity: [playerhi.pvr.dat] total = 891451914 | current = 702335665 + 78%
05-09 22:17:06.570 4529 4529 I UpdateActivity: UpdateService.UPDATE_STATUS
05-09 22:17:06.570 4529 4529 I UpdateActivity: statusname = DownloadGameFiles
05-09 22:17:06.571 4529 4529 I UpdateActivity: [playerhi.pvr.dat] total = 891451914 | current = 703540401 + 78%
05-09 22:17:06.671 4529 4529 I UpdateActivity: UpdateService.UPDATE_STATUS
05-09 22:17:06.672 4529 4529 I UpdateActivity: statusname = DownloadGameFiles
05-09 22:17:06.672 4529 4529 I UpdateActivity: [playerhi.pvr.dat] total = 891451914 | current = 704736241 + 79%
05-09 22:17:06.772 4529 4529 I UpdateActivity: UpdateService.UPDATE_STATUS
05-09 22:17:06.772 4529 4529 I UpdateActivity: statusname = DownloadGameFiles
05-09 22:17:06.772 4529 4529 I UpdateActivity: [playerhi.pvr.dat] total = 891451914 | current = 705920753 + 79%
05-09 22:17:06.873 4529 4529 I UpdateActivity: UpdateService.UPDATE_STATUS
05-09 22:17:06.873 4529 4529 I UpdateActivity: statusname = DownloadGameFiles
05-09 22:17:06.873 4529 4529 I UpdateActivity: [playerhi.pvr.dat] total = 891451914 | current = 707120497 + 79%
05-09 22:17:06.975 4529 4529 I UpdateActivity: UpdateService.UPDATE_STATUS
05-09 22:17:06.975 4529 4529 I UpdateActivity: statusname = DownloadGameFiles
05-09 22:17:06.976 4529 4529 I UpdateActivity: [playerhi.pvr.dat] total = 891451914 | current = 708318833 + 79%
05-09 22:17:07.078 4529 4529 I UpdateActivity: UpdateService.UPDATE_STATUS
05-09 22:17:07.079 4529 4529 I UpdateActivity: statusname = DownloadGameFiles
05-09 22:17:07.079 4529 4529 I UpdateActivity: [playerhi.pvr.dat] total = 891451914 | current = 708929969 + 79%
05-09 22:17:07.188 4529 4529 I UpdateActivity: UpdateService.UPDATE_STATUS
05-09 22:17:07.188 4529 4529 I UpdateActivity: statusname = DownloadGameFiles
05-09 22:17:07.188 4529 4529 I UpdateActivity: [playerhi.pvr.dat] total = 891451914 | current = 710176241 + 79%
05-09 22:17:07.289 4529 4529 I UpdateActivity: UpdateService.UPDATE_STATUS
05-09 22:17:07.289 4529 4529 I UpdateActivity: statusname = DownloadGameFiles
05-09 22:17:07.289 4529 4529 I UpdateActivity: [playerhi.pvr.dat] total = 891451914 | current = 712045361 + 79%
05-09 22:17:07.390 4529 4529 I UpdateActivity: UpdateService.UPDATE_STATUS
05-09 22:17:07.391 4529 4529 I UpdateActivity: statusname = DownloadGameFiles
05-09 22:17:07.391 4529 4529 I UpdateActivity: [playerhi.pvr.dat] total = 891451914 | current = 713215729 + 80%
05-09 22:17:07.491 4529 4529 I UpdateActivity: UpdateService.UPDATE_STATUS
05-09 22:17:07.491 4529 4529 I UpdateActivity: statusname = DownloadGameFiles
05-09 22:17:07.492 4529 4529 I UpdateActivity: [playerhi.pvr.dat] total = 891451914 | current = 714436849 + 80%
05-09 22:17:07.594 4529 4529 I UpdateActivity: UpdateService.UPDATE_STATUS
05-09 22:17:07.594 4529 4529 I UpdateActivity: statusname = DownloadGameFiles
05-09 22:17:07.595 4529 4529 I UpdateActivity: [playerhi.pvr.dat] total = 891451914 | current = 715635185 + 80%
05-09 22:17:07.695 4529 4529 I UpdateActivity: UpdateService.UPDATE_STATUS
05-09 22:17:07.695 4529 4529 I UpdateActivity: statusname = DownloadGameFiles
05-09 22:17:07.696 4529 4529 I UpdateActivity: [playerhi.pvr.dat] total = 891451914 | current = 716852465 + 80%
05-09 22:17:07.796 4529 4529 I UpdateActivity: UpdateService.UPDATE_STATUS
05-09 22:17:07.796 4529 4529 I UpdateActivity: statusname = DownloadGameFiles
05-09 22:17:07.797 4529 4529 I UpdateActivity: [playerhi.pvr.dat] total = 891451914 | current = 718050865 + 80%
05-09 22:17:07.897 4529 4529 I UpdateActivity: UpdateService.UPDATE_STATUS
05-09 22:17:07.897 4529 4529 I UpdateActivity: statusname = DownloadGameFiles
05-09 22:17:07.898 4529 4529 I UpdateActivity: [playerhi.pvr.dat] total = 891451914 | current = 719244273 + 80%
05-09 22:17:07.999 4529 4529 I UpdateActivity: UpdateService.UPDATE_STATUS
05-09 22:17:07.999 4529 4529 I UpdateActivity: statusname = DownloadGameFiles
05-09 22:17:07.999 4529 4529 I UpdateActivity: [playerhi.pvr.dat] total = 891451914 | current = 720448881 + 80%
05-09 22:17:08.100 4529 4529 I UpdateActivity: UpdateService.UPDATE_STATUS
05-09 22:17:08.101 4529 4529 I UpdateActivity: statusname = DownloadGameFiles
05-09 22:17:08.101 4529 4529 I UpdateActivity: [playerhi.pvr.dat] total = 891451914 | current = 721653617 + 80%
05-09 22:17:08.201 4529 4529 I UpdateActivity: UpdateService.UPDATE_STATUS
05-09 22:17:08.201 4529 4529 I UpdateActivity: statusname = DownloadGameFiles
05-09 22:17:08.201 4529 4529 I UpdateActivity: [playerhi.pvr.dat] total = 891451914 | current = 722838129 + 81%
05-09 22:17:08.302 4529 4529 I UpdateActivity: UpdateService.UPDATE_STATUS
05-09 22:17:08.302 4529 4529 I UpdateActivity: statusname = DownloadGameFiles
05-09 22:17:08.302 4529 4529 I UpdateActivity: [playerhi.pvr.dat] total = 891451914 | current = 724035889 + 81%
05-09 22:17:08.403 4529 4529 I UpdateActivity: UpdateService.UPDATE_STATUS
05-09 22:17:08.403 4529 4529 I UpdateActivity: statusname = DownloadGameFiles
05-09 22:17:08.404 4529 4529 I UpdateActivity: [playerhi.pvr.dat] total = 891451914 | current = 725228593 + 81%
05-09 22:17:08.504 4529 4529 I UpdateActivity: UpdateService.UPDATE_STATUS
05-09 22:17:08.504 4529 4529 I UpdateActivity: statusname = DownloadGameFiles
05-09 22:17:08.504 4529 4529 I UpdateActivity: [playerhi.pvr.dat] total = 891451914 | current = 726429553 + 81%
05-09 22:17:08.605 4529 4529 I UpdateActivity: UpdateService.UPDATE_STATUS
05-09 22:17:08.605 4529 4529 I UpdateActivity: statusname = DownloadGameFiles
05-09 22:17:08.606 4529 4529 I UpdateActivity: [playerhi.pvr.dat] total = 891451914 | current = 727629169 + 81%
05-09 22:17:08.706 4529 4529 I UpdateActivity: UpdateService.UPDATE_STATUS
05-09 22:17:08.706 4529 4529 I UpdateActivity: statusname = DownloadGameFiles
05-09 22:17:08.706 4529 4529 I UpdateActivity: [playerhi.pvr.dat] total = 891451914 | current = 728818737 + 81%
05-09 22:17:08.752 4529 4529 D UpdateService: onDownloadComplete
05-09 22:17:08.794 4529 4595 I UpdateService: 266 | filePath = texdb/playerhi/playerhi.pvr.tmb
05-09 22:17:08.794 4529 4595 I UpdateService: Request uri = https://alynsampmobile.pro/data/lite_data/texdb/playerhi/playerhi.pvr.tmb
05-09 22:17:08.843 4529 4529 D UpdateService: onDownloadComplete
05-09 22:17:08.864 4529 4595 I UpdateService: 267 | filePath = texdb/playerhi/playerhi.pvr.toc
05-09 22:17:08.864 4529 4595 I UpdateService: Request uri = https://alynsampmobile.pro/data/lite_data/texdb/playerhi/playerhi.pvr.toc
05-09 22:17:08.911 4529 4529 D UpdateService: onDownloadComplete
05-09 22:17:08.934 4529 4595 I UpdateService: 268 | filePath = texdb/playerhi/playerhi.txt
05-09 22:17:08.934 4529 4595 I UpdateService: Request uri = https://alynsampmobile.pro/data/lite_data/texdb/playerhi/playerhi.txt
05-09 22:17:08.983 4529 4529 D UpdateService: onDownloadComplete
05-09 22:17:09.004 4529 4595 I UpdateService: 269 | filePath = texdb/txd/txd.360.dat
05-09 22:17:09.004 4529 4595 I UpdateService: Request uri = https://alynsampmobile.pro/data/lite_data/texdb/txd/txd.360.dat
05-09 22:17:09.106 4529 4529 I UpdateActivity: UpdateService.UPDATE_STATUS
05-09 22:17:09.107 4529 4529 I UpdateActivity: statusname = DownloadGameFiles
05-09 22:17:09.107 4529 4529 I UpdateActivity: [txd.360.dat] total = 891451914 | current = 730003172 + 81%
05-09 22:17:09.207 4529 4529 I UpdateActivity: UpdateService.UPDATE_STATUS
05-09 22:17:09.207 4529 4529 I UpdateActivity: statusname = DownloadGameFiles
05-09 22:17:09.207 4529 4529 I UpdateActivity: [txd.360.dat] total = 891451914 | current = 731212900 + 82%
05-09 22:17:09.308 4529 4529 I UpdateActivity: UpdateService.UPDATE_STATUS
05-09 22:17:09.308 4529 4529 I UpdateActivity: statusname = DownloadGameFiles
05-09 22:17:09.308 4529 4529 I UpdateActivity: [txd.360.dat] total = 891451914 | current = 732372836 + 82%
05-09 22:17:09.409 4529 4529 I UpdateActivity: UpdateService.UPDATE_STATUS
05-09 22:17:09.409 4529 4529 I UpdateActivity: statusname = DownloadGameFiles
05-09 22:17:09.410 4529 4529 I UpdateActivity: [txd.360.dat] total = 891451914 | current = 733612260 + 82%
05-09 22:17:09.510 4529 4529 I UpdateActivity: UpdateService.UPDATE_STATUS
05-09 22:17:09.510 4529 4529 I UpdateActivity: statusname = DownloadGameFiles
05-09 22:17:09.511 4529 4529 I UpdateActivity: [txd.360.dat] total = 891451914 | current = 734806820 + 82%
05-09 22:17:09.611 4529 4529 I UpdateActivity: UpdateService.UPDATE_STATUS
05-09 22:17:09.611 4529 4529 I UpdateActivity: statusname = DownloadGameFiles
05-09 22:17:09.611 4529 4529 I UpdateActivity: [txd.360.dat] total = 891451914 | current = 736000228 + 82%
05-09 22:17:09.702 4529 4529 D UpdateService: onDownloadComplete
05-09 22:17:09.724 4529 4595 I UpdateService: 270 | filePath = texdb/txd/txd.360.tmb
05-09 22:17:09.724 4529 4595 I UpdateService: Request uri = https://alynsampmobile.pro/data/lite_data/texdb/txd/txd.360.tmb
05-09 22:17:09.773 4529 4529 D UpdateService: onDownloadComplete
05-09 22:17:09.795 4529 4595 I UpdateService: 271 | filePath = texdb/txd/txd.360.toc
05-09 22:17:09.795 4529 4595 I UpdateService: Request uri = https://alynsampmobile.pro/data/lite_data/texdb/txd/txd.360.toc
05-09 22:17:09.842 4529 4529 D UpdateService: onDownloadComplete
05-09 22:17:09.864 4529 4595 I UpdateService: 272 | filePath = texdb/txd/txd.etc.dat
05-09 22:17:09.865 4529 4595 I UpdateService: Request uri = https://alynsampmobile.pro/data/lite_data/texdb/txd/txd.etc.dat
05-09 22:17:10.525 4529 4529 I UpdateActivity: UpdateService.UPDATE_STATUS
05-09 22:17:10.525 4529 4529 I UpdateActivity: statusname = DownloadGameFiles
05-09 22:17:10.525 4529 4529 I UpdateActivity: [txd.etc.dat] total = 891451914 | current = 737047754 + 82%
05-09 22:17:10.626 4529 4529 I UpdateActivity: UpdateService.UPDATE_STATUS
05-09 22:17:10.626 4529 4529 I UpdateActivity: statusname = DownloadGameFiles
05-09 22:17:10.626 4529 4529 I UpdateActivity: [txd.etc.dat] total = 891451914 | current = 738239946 + 82%
05-09 22:17:10.728 4529 4529 I UpdateActivity: UpdateService.UPDATE_STATUS
05-09 22:17:10.728 4529 4529 I UpdateActivity: statusname = DownloadGameFiles
05-09 22:17:10.728 4529 4529 I UpdateActivity: [txd.etc.dat] total = 891451914 | current = 739428298 + 82%
05-09 22:17:10.829 4529 4529 I UpdateActivity: UpdateService.UPDATE_STATUS
05-09 22:17:10.830 4529 4529 I UpdateActivity: statusname = DownloadGameFiles
05-09 22:17:10.830 4529 4529 I UpdateActivity: [txd.etc.dat] total = 891451914 | current = 740654410 + 83%
05-09 22:17:10.930 4529 4529 I UpdateActivity: UpdateService.UPDATE_STATUS
05-09 22:17:10.930 4529 4529 I UpdateActivity: statusname = DownloadGameFiles
05-09 22:17:10.930 4529 4529 I UpdateActivity: [txd.etc.dat] total = 891451914 | current = 741841482 + 83%
05-09 22:17:11.032 4529 4529 I UpdateActivity: UpdateService.UPDATE_STATUS
05-09 22:17:11.032 4529 4529 I UpdateActivity: statusname = DownloadGameFiles
05-09 22:17:11.032 4529 4529 I UpdateActivity: [txd.etc.dat] total = 891451914 | current = 743048586 + 83%
05-09 22:17:11.133 4529 4529 I UpdateActivity: UpdateService.UPDATE_STATUS
05-09 22:17:11.133 4529 4529 I UpdateActivity: statusname = DownloadGameFiles
05-09 22:17:11.133 4529 4529 I UpdateActivity: [txd.etc.dat] total = 891451914 | current = 744249546 + 83%
05-09 22:17:11.234 4529 4529 I UpdateActivity: UpdateService.UPDATE_STATUS
05-09 22:17:11.234 4529 4529 I UpdateActivity: statusname = DownloadGameFiles
05-09 22:17:11.234 4529 4529 I UpdateActivity: [txd.etc.dat] total = 891451914 | current = 745418634 + 83%
05-09 22:17:11.326 4529 4529 D UpdateService: onDownloadComplete
05-09 22:17:11.384 4529 4595 I UpdateService: 273 | filePath = texdb/txd/txd.etc.tmb
05-09 22:17:11.385 4529 4595 I UpdateService: Request uri = https://alynsampmobile.pro/data/lite_data/texdb/txd/txd.etc.tmb
05-09 22:17:12.032 4529 4529 I UpdateActivity: UpdateService.UPDATE_STATUS
05-09 22:17:12.033 4529 4529 I UpdateActivity: statusname = DownloadGameFiles
05-09 22:17:12.033 4529 4529 I UpdateActivity: [txd.etc.tmb] total = 891451914 | current = 746469810 + 83%
05-09 22:17:12.052 4529 4529 D UpdateService: onDownloadComplete
05-09 22:17:12.074 4529 4595 I UpdateService: 274 | filePath = texdb/txd/txd.etc.toc
05-09 22:17:12.075 4529 4595 I UpdateService: Request uri = https://alynsampmobile.pro/data/lite_data/texdb/txd/txd.etc.toc
05-09 22:17:12.719 4529 4529 I UpdateActivity: UpdateService.UPDATE_STATUS
05-09 22:17:12.719 4529 4529 I UpdateActivity: statusname = DownloadGameFiles
05-09 22:17:12.720 4529 4529 I UpdateActivity: [txd.etc.toc] total = 891451914 | current = 746517550 + 83%
05-09 22:17:12.736 4529 4529 D UpdateService: onDownloadComplete
05-09 22:17:12.774 4529 4595 I UpdateService: 275 | filePath = texdb/txd/txd.txt
05-09 22:17:12.774 4529 4595 I UpdateService: Request uri = https://alynsampmobile.pro/data/lite_data/texdb/txd/txd.txt
05-09 22:17:12.822 4529 4529 D UpdateService: onDownloadComplete
