05-09 22:17:12.844 4529 4595 I UpdateService: 276 | filePath = texdb/txd/txd.unc.tmb
05-09 22:17:12.844 4529 4595 I UpdateService: Request uri = https://alynsampmobile.pro/data/lite_data/texdb/txd/txd.unc.tmb
05-09 22:17:12.896 4529 4529 D UpdateService: onDownloadComplete
05-09 22:17:12.914 4529 4595 I UpdateService: 277 | filePath = fonts/arial_bold.ttf
05-09 22:17:12.914 4529 4595 I UpdateService: Request uri = https://alynsampmobile.pro/data/samp_data/fonts/arial_bold.ttf
05-09 22:17:12.981 4529 4529 D UpdateService: onDownloadComplete
05-09 22:17:12.984 4529 4595 I UpdateService: 278 | filePath = fonts/gtaweap3.ttf
05-09 22:17:12.984 4529 4595 I UpdateService: Request uri = https://alynsampmobile.pro/data/samp_data/fonts/gtaweap3.ttf
05-09 22:17:13.034 4529 4529 D UpdateService: onDownloadComplete
05-09 22:17:13.054 4529 4595 I UpdateService: 279 | filePath = SAMP/SAMP.ide
05-09 22:17:13.054 4529 4595 I UpdateService: Request uri = https://alynsampmobile.pro/data/samp_data/SAMP/SAMP.ide
05-09 22:17:13.108 4529 4529 D UpdateService: onDownloadComplete
05-09 22:17:13.126 4529 4595 I UpdateService: 280 | filePath = SAMP/TIMECYC.DAT
05-09 22:17:13.126 4529 4595 I UpdateService: Request uri = https://alynsampmobile.pro/data/samp_data/SAMP/TIMECYC.DAT
05-09 22:17:13.178 4529 4529 D UpdateService: onDownloadComplete
05-09 22:17:13.196 4529 4595 I UpdateService: 281 | filePath = SAMP/WEAPON.dat
05-09 22:17:13.197 4529 4595 I UpdateService: Request uri = https://alynsampmobile.pro/data/samp_data/SAMP/WEAPON.dat
05-09 22:17:13.250 4529 4529 D UpdateService: onDownloadComplete
05-09 22:17:13.264 4529 4595 I UpdateService: 282 | filePath = SAMP/gta.dat
05-09 22:17:13.264 4529 4595 I UpdateService: Request uri = https://alynsampmobile.pro/data/samp_data/SAMP/gta.dat
05-09 22:17:13.318 4529 4529 D UpdateService: onDownloadComplete
05-09 22:17:13.334 4529 4595 I UpdateService: 283 | filePath = SAMP/handling.cfg
05-09 22:17:13.335 4529 4595 I UpdateService: Request uri = https://alynsampmobile.pro/data/samp_data/SAMP/handling.cfg
05-09 22:17:13.395 4529 4529 D UpdateService: onDownloadComplete
05-09 22:17:13.404 4529 4595 I UpdateService: 284 | filePath = SAMP/main.scm
05-09 22:17:13.404 4529 4595 I UpdateService: Request uri = https://alynsampmobile.pro/data/samp_data/SAMP/main.scm
05-09 22:17:13.463 4529 4529 D UpdateService: onDownloadComplete
05-09 22:17:13.474 4529 4595 I UpdateService: 285 | filePath = SAMP/peds.ide
05-09 22:17:13.474 4529 4595 I UpdateService: Request uri = https://alynsampmobile.pro/data/samp_data/SAMP/peds.ide
05-09 22:17:13.537 4529 4529 D UpdateService: onDownloadComplete
05-09 22:17:13.544 4529 4595 I UpdateService: 286 | filePath = SAMP/script.img
05-09 22:17:13.545 4529 4595 I UpdateService: Request uri = https://alynsampmobile.pro/data/samp_data/SAMP/script.img
05-09 22:17:13.606 4529 4529 D UpdateService: onDownloadComplete
05-09 22:17:13.614 4529 4595 I UpdateService: 287 | filePath = SAMP/tracks2.dat
05-09 22:17:13.614 4529 4595 I UpdateService: Request uri = https://alynsampmobile.pro/data/samp_data/SAMP/tracks2.dat
05-09 22:17:13.665 4529 4529 D UpdateService: onDownloadComplete
05-09 22:17:13.685 4529 4595 I UpdateService: 288 | filePath = SAMP/tracks4.dat
05-09 22:17:13.685 4529 4595 I UpdateService: Request uri = https://alynsampmobile.pro/data/samp_data/SAMP/tracks4.dat
05-09 22:17:13.747 4529 4529 D UpdateService: onDownloadComplete
05-09 22:17:13.756 4529 4595 I UpdateService: 289 | filePath = SAMP/vehicles.ide
05-09 22:17:13.756 4529 4595 I UpdateService: Request uri = https://alynsampmobile.pro/data/samp_data/SAMP/vehicles.ide
05-09 22:17:13.814 4529 4529 D UpdateService: onDownloadComplete
05-09 22:17:13.845 4529 4595 I UpdateService: 290 | filePath = texdb/SAMPCOL.img
05-09 22:17:13.845 4529 4595 I UpdateService: Request uri = https://alynsampmobile.pro/data/samp_data/texdb/SAMPCOL.img
05-09 22:17:13.947 4529 4529 I UpdateActivity: UpdateService.UPDATE_STATUS
05-09 22:17:13.947 4529 4529 I UpdateActivity: statusname = DownloadGameFiles
05-09 22:17:13.947 4529 4529 I UpdateActivity: [SAMPCOL.img] total = 891451914 | current = 748259560 + 83%
05-09 22:17:14.048 4529 4529 I UpdateActivity: UpdateService.UPDATE_STATUS
05-09 22:17:14.048 4529 4529 I UpdateActivity: statusname = DownloadGameFiles
05-09 22:17:14.049 4529 4529 I UpdateActivity: [SAMPCOL.img] total = 891451914 | current = 749458600 + 84%
05-09 22:17:14.149 4529 4529 I UpdateActivity: UpdateService.UPDATE_STATUS
05-09 22:17:14.149 4529 4529 I UpdateActivity: statusname = DownloadGameFiles
05-09 22:17:14.149 4529 4529 I UpdateActivity: [SAMPCOL.img] total = 891451914 | current = 750651304 + 84%
05-09 22:17:14.250 4529 4529 I UpdateActivity: UpdateService.UPDATE_STATUS
05-09 22:17:14.250 4529 4529 I UpdateActivity: statusname = DownloadGameFiles
05-09 22:17:14.250 4529 4529 I UpdateActivity: [SAMPCOL.img] total = 891451914 | current = 751841512 + 84%
05-09 22:17:14.268 4529 4529 D UpdateService: onDownloadComplete
05-09 22:17:14.324 4529 4595 I UpdateService: 291 | filePath = texdb/samp/samp.dxt.dat
05-09 22:17:14.325 4529 4595 I UpdateService: Request uri = https://alynsampmobile.pro/data/samp_data/texdb/samp/samp.dxt.dat
05-09 22:17:14.426 4529 4529 I UpdateActivity: UpdateService.UPDATE_STATUS
05-09 22:17:14.426 4529 4529 I UpdateActivity: statusname = DownloadGameFiles
05-09 22:17:14.426 4529 4529 I UpdateActivity: [samp.dxt.dat] total = 891451914 | current = 752509772 + 84%
05-09 22:17:14.527 4529 4529 I UpdateActivity: UpdateService.UPDATE_STATUS
05-09 22:17:14.527 4529 4529 I UpdateActivity: statusname = DownloadGameFiles
05-09 22:17:14.527 4529 4529 I UpdateActivity: [samp.dxt.dat] total = 891451914 | current = 753705804 + 84%
05-09 22:17:14.628 4529 4529 I UpdateActivity: UpdateService.UPDATE_STATUS
05-09 22:17:14.628 4529 4529 I UpdateActivity: statusname = DownloadGameFiles
05-09 22:17:14.628 4529 4529 I UpdateActivity: [samp.dxt.dat] total = 891451914 | current = 754899340 + 84%
05-09 22:17:14.730 4529 4529 I UpdateActivity: UpdateService.UPDATE_STATUS
05-09 22:17:14.730 4529 4529 I UpdateActivity: statusname = DownloadGameFiles
05-09 22:17:14.730 4529 4529 I UpdateActivity: [samp.dxt.dat] total = 891451914 | current = 756103820 + 84%
05-09 22:17:14.831 4529 4529 I UpdateActivity: UpdateService.UPDATE_STATUS
05-09 22:17:14.831 4529 4529 I UpdateActivity: statusname = DownloadGameFiles
05-09 22:17:14.831 4529 4529 I UpdateActivity: [samp.dxt.dat] total = 891451914 | current = 757280652 + 84%
05-09 22:17:14.932 4529 4529 I UpdateActivity: UpdateService.UPDATE_STATUS
05-09 22:17:14.932 4529 4529 I UpdateActivity: statusname = DownloadGameFiles
05-09 22:17:14.933 4529 4529 I UpdateActivity: [samp.dxt.dat] total = 891451914 | current = 758501708 + 85%
05-09 22:17:15.033 4529 4529 I UpdateActivity: UpdateService.UPDATE_STATUS
05-09 22:17:15.033 4529 4529 I UpdateActivity: statusname = DownloadGameFiles
05-09 22:17:15.033 4529 4529 I UpdateActivity: [samp.dxt.dat] total = 891451914 | current = 759698892 + 85%
05-09 22:17:15.134 4529 4529 I UpdateActivity: UpdateService.UPDATE_STATUS
05-09 22:17:15.134 4529 4529 I UpdateActivity: statusname = DownloadGameFiles
05-09 22:17:15.134 4529 4529 I UpdateActivity: [samp.dxt.dat] total = 891451914 | current = 760895692 + 85%
05-09 22:17:15.235 4529 4529 I UpdateActivity: UpdateService.UPDATE_STATUS
05-09 22:17:15.235 4529 4529 I UpdateActivity: statusname = DownloadGameFiles
05-09 22:17:15.235 4529 4529 I UpdateActivity: [samp.dxt.dat] total = 891451914 | current = 762075148 + 85%
05-09 22:17:15.337 4529 4529 I UpdateActivity: UpdateService.UPDATE_STATUS
05-09 22:17:15.337 4529 4529 I UpdateActivity: statusname = DownloadGameFiles
05-09 22:17:15.337 4529 4529 I UpdateActivity: [samp.dxt.dat] total = 891451914 | current = 763267596 + 85%
05-09 22:17:15.438 4529 4529 I UpdateActivity: UpdateService.UPDATE_STATUS
05-09 22:17:15.438 4529 4529 I UpdateActivity: statusname = DownloadGameFiles
05-09 22:17:15.438 4529 4529 I UpdateActivity: [samp.dxt.dat] total = 891451914 | current = 764491148 + 85%
05-09 22:17:15.539 4529 4529 I UpdateActivity: UpdateService.UPDATE_STATUS
05-09 22:17:15.539 4529 4529 I UpdateActivity: statusname = DownloadGameFiles
05-09 22:17:15.540 4529 4529 I UpdateActivity: [samp.dxt.dat] total = 891451914 | current = 765689548 + 85%
05-09 22:17:15.641 4529 4529 I UpdateActivity: UpdateService.UPDATE_STATUS
05-09 22:17:15.641 4529 4529 I UpdateActivity: statusname = DownloadGameFiles
05-09 22:17:15.641 4529 4529 I UpdateActivity: [samp.dxt.dat] total = 891451914 | current = 766891852 + 86%
05-09 22:17:15.743 4529 4529 I UpdateActivity: UpdateService.UPDATE_STATUS
05-09 22:17:15.743 4529 4529 I UpdateActivity: statusname = DownloadGameFiles
05-09 22:17:15.743 4529 4529 I UpdateActivity: [samp.dxt.dat] total = 891451914 | current = 768097676 + 86%
05-09 22:17:15.843 4529 4529 I UpdateActivity: UpdateService.UPDATE_STATUS
05-09 22:17:15.843 4529 4529 I UpdateActivity: statusname = DownloadGameFiles
05-09 22:17:15.844 4529 4529 I UpdateActivity: [samp.dxt.dat] total = 891451914 | current = 769287244 + 86%
05-09 22:17:15.944 4529 4529 I UpdateActivity: UpdateService.UPDATE_STATUS
05-09 22:17:15.944 4529 4529 I UpdateActivity: statusname = DownloadGameFiles
05-09 22:17:15.945 4529 4529 I UpdateActivity: [samp.dxt.dat] total = 891451914 | current = 770488140 + 86%
05-09 22:17:16.046 4529 4529 I UpdateActivity: UpdateService.UPDATE_STATUS
05-09 22:17:16.046 4529 4529 I UpdateActivity: statusname = DownloadGameFiles
05-09 22:17:16.046 4529 4529 I UpdateActivity: [samp.dxt.dat] total = 891451914 | current = 771676492 + 86%
05-09 22:17:16.147 4529 4529 I UpdateActivity: UpdateService.UPDATE_STATUS
05-09 22:17:16.147 4529 4529 I UpdateActivity: statusname = DownloadGameFiles
05-09 22:17:16.148 4529 4529 I UpdateActivity: [samp.dxt.dat] total = 891451914 | current = 772892492 + 86%
05-09 22:17:16.258 4529 4529 D UpdateService: onDownloadComplete
05-09 22:17:16.284 4529 4595 I UpdateService: 292 | filePath = texdb/samp/samp.dxt.tmb
05-09 22:17:16.284 4529 4595 I UpdateService: Request uri = https://alynsampmobile.pro/data/samp_data/texdb/samp/samp.dxt.tmb
05-09 22:17:16.330 4529 4529 D UpdateService: onDownloadComplete
05-09 22:17:16.355 4529 4595 I UpdateService: 293 | filePath = texdb/samp/samp.dxt.toc
05-09 22:17:16.355 4529 4595 I UpdateService: Request uri = https://alynsampmobile.pro/data/samp_data/texdb/samp/samp.dxt.toc
05-09 22:17:16.411 4529 4529 D UpdateService: onDownloadComplete
05-09 22:17:16.426 4529 4595 I UpdateService: 294 | filePath = texdb/samp/samp.etc.dat
05-09 22:17:16.426 4529 4595 I UpdateService: Request uri = https://alynsampmobile.pro/data/samp_data/texdb/samp/samp.etc.dat
05-09 22:17:16.528 4529 4529 I UpdateActivity: UpdateService.UPDATE_STATUS
05-09 22:17:16.528 4529 4529 I UpdateActivity: statusname = DownloadGameFiles
05-09 22:17:16.529 4529 4529 I UpdateActivity: [samp.etc.dat] total = 891451914 | current = 774669272 + 86%
05-09 22:17:16.629 4529 4529 I UpdateActivity: UpdateService.UPDATE_STATUS
05-09 22:17:16.629 4529 4529 I UpdateActivity: statusname = DownloadGameFiles
05-09 22:17:16.629 4529 4529 I UpdateActivity: [samp.etc.dat] total = 891451914 | current = 775862040 + 87%
05-09 22:17:16.730 4529 4529 I UpdateActivity: UpdateService.UPDATE_STATUS
05-09 22:17:16.730 4529 4529 I UpdateActivity: statusname = DownloadGameFiles
05-09 22:17:16.731 4529 4529 I UpdateActivity: [samp.etc.dat] total = 891451914 | current = 777060440 + 87%
05-09 22:17:16.831 4529 4529 I UpdateActivity: UpdateService.UPDATE_STATUS
05-09 22:17:16.831 4529 4529 I UpdateActivity: statusname = DownloadGameFiles
05-09 22:17:16.832 4529 4529 I UpdateActivity: [samp.etc.dat] total = 891451914 | current = 778256472 + 87%
05-09 22:17:16.932 4529 4529 I UpdateActivity: UpdateService.UPDATE_STATUS
05-09 22:17:16.932 4529 4529 I UpdateActivity: statusname = DownloadGameFiles
05-09 22:17:16.933 4529 4529 I UpdateActivity: [samp.etc.dat] total = 891451914 | current = 779454680 + 87%
05-09 22:17:17.033 4529 4529 I UpdateActivity: UpdateService.UPDATE_STATUS
05-09 22:17:17.033 4529 4529 I UpdateActivity: statusname = DownloadGameFiles
05-09 22:17:17.033 4529 4529 I UpdateActivity: [samp.etc.dat] total = 891451914 | current = 780645464 + 87%
05-09 22:17:17.135 4529 4529 I UpdateActivity: UpdateService.UPDATE_STATUS
05-09 22:17:17.135 4529 4529 I UpdateActivity: statusname = DownloadGameFiles
05-09 22:17:17.135 4529 4529 I UpdateActivity: [samp.etc.dat] total = 891451914 | current = 781850200 + 87%
05-09 22:17:17.236 4529 4529 I UpdateActivity: UpdateService.UPDATE_STATUS
05-09 22:17:17.237 4529 4529 I UpdateActivity: statusname = DownloadGameFiles
05-09 22:17:17.237 4529 4529 I UpdateActivity: [samp.etc.dat] total = 891451914 | current = 783038552 + 87%
05-09 22:17:17.337 4529 4529 I UpdateActivity: UpdateService.UPDATE_STATUS
05-09 22:17:17.337 4529 4529 I UpdateActivity: statusname = DownloadGameFiles
05-09 22:17:17.338 4529 4529 I UpdateActivity: [samp.etc.dat] total = 891451914 | current = 784248216 + 87%
05-09 22:17:17.439 4529 4529 I UpdateActivity: UpdateService.UPDATE_STATUS
05-09 22:17:17.439 4529 4529 I UpdateActivity: statusname = DownloadGameFiles
05-09 22:17:17.439 4529 4529 I UpdateActivity: [samp.etc.dat] total = 891451914 | current = 785449112 + 88%
05-09 22:17:17.540 4529 4529 I UpdateActivity: UpdateService.UPDATE_STATUS
05-09 22:17:17.540 4529 4529 I UpdateActivity: statusname = DownloadGameFiles
05-09 22:17:17.541 4529 4529 I UpdateActivity: [samp.etc.dat] total = 891451914 | current = 786652568 + 88%
05-09 22:17:17.641 4529 4529 I UpdateActivity: UpdateService.UPDATE_STATUS
05-09 22:17:17.641 4529 4529 I UpdateActivity: statusname = DownloadGameFiles
05-09 22:17:17.642 4529 4529 I UpdateActivity: [samp.etc.dat] total = 891451914 | current = 787849688 + 88%
05-09 22:17:17.742 4529 4529 I UpdateActivity: UpdateService.UPDATE_STATUS
05-09 22:17:17.742 4529 4529 I UpdateActivity: statusname = DownloadGameFiles
05-09 22:17:17.742 4529 4529 I UpdateActivity: [samp.etc.dat] total = 891451914 | current = 789035544 + 88%
05-09 22:17:17.843 4529 4529 I UpdateActivity: UpdateService.UPDATE_STATUS
05-09 22:17:17.843 4529 4529 I UpdateActivity: statusname = DownloadGameFiles
05-09 22:17:17.844 4529 4529 I UpdateActivity: [samp.etc.dat] total = 891451914 | current = 790221272 + 88%
05-09 22:17:17.944 4529 4529 I UpdateActivity: UpdateService.UPDATE_STATUS
05-09 22:17:17.944 4529 4529 I UpdateActivity: statusname = DownloadGameFiles
05-09 22:17:17.945 4529 4529 I UpdateActivity: [samp.etc.dat] total = 891451914 | current = 791434776 + 88%
05-09 22:17:18.047 4529 4529 I UpdateActivity: UpdateService.UPDATE_STATUS
05-09 22:17:18.047 4529 4529 I UpdateActivity: statusname = DownloadGameFiles
05-09 22:17:18.047 4529 4529 I UpdateActivity: [samp.etc.dat] total = 891451914 | current = 792624344 + 88%
05-09 22:17:18.148 4529 4529 I UpdateActivity: UpdateService.UPDATE_STATUS
05-09 22:17:18.148 4529 4529 I UpdateActivity: statusname = DownloadGameFiles
05-09 22:17:18.149 4529 4529 I UpdateActivity: [samp.etc.dat] total = 891451914 | current = 793850456 + 89%
05-09 22:17:18.249 4529 4529 I UpdateActivity: UpdateService.UPDATE_STATUS
05-09 22:17:18.249 4529 4529 I UpdateActivity: statusname = DownloadGameFiles
05-09 22:17:18.250 4529 4529 I UpdateActivity: [samp.etc.dat] total = 891451914 | current = 795046488 + 89%
05-09 22:17:18.350 4529 4529 I UpdateActivity: UpdateService.UPDATE_STATUS
05-09 22:17:18.350 4529 4529 I UpdateActivity: statusname = DownloadGameFiles
05-09 22:17:18.351 4529 4529 I UpdateActivity: [samp.etc.dat] total = 891451914 | current = 796243480 + 89%
05-09 22:17:18.451 4529 4529 I UpdateActivity: UpdateService.UPDATE_STATUS
05-09 22:17:18.451 4529 4529 I UpdateActivity: statusname = DownloadGameFiles
05-09 22:17:18.451 4529 4529 I UpdateActivity: [samp.etc.dat] total = 891451914 | current = 797436888 + 89%
05-09 22:17:18.805 4529 4529 I UpdateActivity: UpdateService.UPDATE_STATUS
05-09 22:17:18.805 4529 4529 I UpdateActivity: statusname = DownloadGameFiles
05-09 22:17:18.806 4529 4529 I UpdateActivity: [samp.etc.dat] total = 891451914 | current = 797813720 + 89%
05-09 22:17:18.906 4529 4529 I UpdateActivity: UpdateService.UPDATE_STATUS
05-09 22:17:18.906 4529 4529 I UpdateActivity: statusname = DownloadGameFiles
05-09 22:17:18.907 4529 4529 I UpdateActivity: [samp.etc.dat] total = 891451914 | current = 801257560 + 89%
05-09 22:17:19.007 4529 4529 I UpdateActivity: UpdateService.UPDATE_STATUS
05-09 22:17:19.007 4529 4529 I UpdateActivity: statusname = DownloadGameFiles
05-09 22:17:19.007 4529 4529 I UpdateActivity: [samp.etc.dat] total = 891451914 | current = 802429528 + 90%
05-09 22:17:19.108 4529 4529 I UpdateActivity: UpdateService.UPDATE_STATUS
05-09 22:17:19.108 4529 4529 I UpdateActivity: statusname = DownloadGameFiles
05-09 22:17:19.108 4529 4529 I UpdateActivity: [samp.etc.dat] total = 891451914 | current = 803648024 + 90%
05-09 22:17:19.209 4529 4529 I UpdateActivity: UpdateService.UPDATE_STATUS
05-09 22:17:19.209 4529 4529 I UpdateActivity: statusname = DownloadGameFiles
05-09 22:17:19.209 4529 4529 I UpdateActivity: [samp.etc.dat] total = 891451914 | current = 804838872 + 90%
05-09 22:17:19.310 4529 4529 I UpdateActivity: UpdateService.UPDATE_STATUS
05-09 22:17:19.310 4529 4529 I UpdateActivity: statusname = DownloadGameFiles
05-09 22:17:19.311 4529 4529 I UpdateActivity: [samp.etc.dat] total = 891451914 | current = 806039768 + 90%
05-09 22:17:19.413 4529 4529 I UpdateActivity: UpdateService.UPDATE_STATUS
05-09 22:17:19.413 4529 4529 I UpdateActivity: statusname = DownloadGameFiles
05-09 22:17:19.413 4529 4529 I UpdateActivity: [samp.etc.dat] total = 891451914 | current = 807235800 + 90%
05-09 22:17:19.676 4529 4529 D UpdateService: onDownloadComplete
05-09 22:17:19.685 4529 4595 I UpdateService: 295 | filePath = texdb/samp/samp.etc.tmb
05-09 22:17:19.685 4529 4595 I UpdateService: Request uri = https://alynsampmobile.pro/data/samp_data/texdb/samp/samp.etc.tmb
05-09 22:17:19.743 4529 4529 D UpdateService: onDownloadComplete
05-09 22:17:19.755 4529 4595 I UpdateService: 296 | filePath = texdb/samp/samp.etc.toc
05-09 22:17:19.755 4529 4595 I UpdateService: Request uri = https://alynsampmobile.pro/data/samp_data/texdb/samp/samp.etc.toc
05-09 22:17:19.815 4529 4529 D UpdateService: onDownloadComplete
05-09 22:17:19.826 4529 4595 I UpdateService: 297 | filePath = texdb/samp/samp.pvr.dat
05-09 22:17:19.827 4529 4595 I UpdateService: Request uri = https://alynsampmobile.pro/data/samp_data/texdb/samp/samp.pvr.dat
05-09 22:17:19.931 4529 4529 I UpdateActivity: UpdateService.UPDATE_STATUS
05-09 22:17:19.931 4529 4529 I UpdateActivity: statusname = DownloadGameFiles
05-09 22:17:19.931 4529 4529 I UpdateActivity: [samp.pvr.dat] total = 891451914 | current = 808056480 + 90%
05-09 22:17:20.032 4529 4529 I UpdateActivity: UpdateService.UPDATE_STATUS
05-09 22:17:20.032 4529 4529 I UpdateActivity: statusname = DownloadGameFiles
05-09 22:17:20.032 4529 4529 I UpdateActivity: [samp.pvr.dat] total = 891451914 | current = 809286048 + 90%
05-09 22:17:20.133 4529 4529 I UpdateActivity: UpdateService.UPDATE_STATUS
05-09 22:17:20.133 4529 4529 I UpdateActivity: statusname = DownloadGameFiles
05-09 22:17:20.133 4529 4529 I UpdateActivity: [samp.pvr.dat] total = 891451914 | current = 810478496 + 90%
05-09 22:17:20.234 4529 4529 I UpdateActivity: UpdateService.UPDATE_STATUS
05-09 22:17:20.235 4529 4529 I UpdateActivity: statusname = DownloadGameFiles
05-09 22:17:20.235 4529 4529 I UpdateActivity: [samp.pvr.dat] total = 891451914 | current = 811678112 + 91%
05-09 22:17:20.335 4529 4529 I UpdateActivity: UpdateService.UPDATE_STATUS
05-09 22:17:20.335 4529 4529 I UpdateActivity: statusname = DownloadGameFiles
05-09 22:17:20.336 4529 4529 I UpdateActivity: [samp.pvr.dat] total = 891451914 | current = 812842464 + 91%
05-09 22:17:20.437 4529 4529 I UpdateActivity: UpdateService.UPDATE_STATUS
05-09 22:17:20.437 4529 4529 I UpdateActivity: statusname = DownloadGameFiles
05-09 22:17:20.438 4529 4529 I UpdateActivity: [samp.pvr.dat] total = 891451914 | current = 814051040 + 91%
05-09 22:17:20.538 4529 4529 I UpdateActivity: UpdateService.UPDATE_STATUS
05-09 22:17:20.538 4529 4529 I UpdateActivity: statusname = DownloadGameFiles
05-09 22:17:20.539 4529 4529 I UpdateActivity: [samp.pvr.dat] total = 891451914 | current = 815251872 + 91%
05-09 22:17:20.639 4529 4529 I UpdateActivity: UpdateService.UPDATE_STATUS
05-09 22:17:20.640 4529 4529 I UpdateActivity: statusname = DownloadGameFiles
05-09 22:17:20.640 4529 4529 I UpdateActivity: [samp.pvr.dat] total = 891451914 | current = 816469152 + 91%
05-09 22:17:20.740 4529 4529 I UpdateActivity: UpdateService.UPDATE_STATUS
05-09 22:17:20.741 4529 4529 I UpdateActivity: statusname = DownloadGameFiles
05-09 22:17:20.741 4529 4529 I UpdateActivity: [samp.pvr.dat] total = 891451914 | current = 817667616 + 91%
05-09 22:17:20.841 4529 4529 I UpdateActivity: UpdateService.UPDATE_STATUS
05-09 22:17:20.841 4529 4529 I UpdateActivity: statusname = DownloadGameFiles
05-09 22:17:20.841 4529 4529 I UpdateActivity: [samp.pvr.dat] total = 891451914 | current = 818855840 + 91%
05-09 22:17:20.942 4529 4529 I UpdateActivity: UpdateService.UPDATE_STATUS
05-09 22:17:20.942 4529 4529 I UpdateActivity: statusname = DownloadGameFiles
05-09 22:17:20.942 4529 4529 I UpdateActivity: [samp.pvr.dat] total = 891451914 | current = 820053024 + 91%
05-09 22:17:21.043 4529 4529 I UpdateActivity: UpdateService.UPDATE_STATUS
05-09 22:17:21.043 4529 4529 I UpdateActivity: statusname = DownloadGameFiles
05-09 22:17:21.043 4529 4529 I UpdateActivity: [samp.pvr.dat] total = 891451914 | current = 821250144 + 92%
05-09 22:17:21.054 4529 4529 D UpdateService: onDownloadComplete
05-09 22:17:21.084 4529 4595 I UpdateService: 298 | filePath = texdb/samp/samp.pvr.tmb
05-09 22:17:21.085 4529 4595 I UpdateService: Request uri = https://alynsampmobile.pro/data/samp_data/texdb/samp/samp.pvr.tmb
05-09 22:17:21.156 4529 4529 D UpdateService: onDownloadComplete
05-09 22:17:21.224 4529 4595 I UpdateService: 299 | filePath = texdb/samp/samp.pvr.toc
05-09 22:17:21.224 4529 4595 I UpdateService: Request uri = https://alynsampmobile.pro/data/samp_data/texdb/samp/samp.pvr.toc
05-09 22:17:21.274 4529 4529 D UpdateService: onDownloadComplete
05-09 22:17:21.295 4529 4595 I UpdateService: 300 | filePath = texdb/samp/samp.txt
05-09 22:17:21.295 4529 4595 I UpdateService: Request uri = https://alynsampmobile.pro/data/samp_data/texdb/samp/samp.txt
05-09 22:17:21.345 4529 4529 D UpdateService: onDownloadComplete
05-09 22:17:21.366 4529 4595 I UpdateService: 301 | filePath = texdb/samp/samp.unc.dat
05-09 22:17:21.366 4529 4595 I UpdateService: Request uri = https://alynsampmobile.pro/data/samp_data/texdb/samp/samp.unc.dat
05-09 22:17:21.468 4529 4529 I UpdateActivity: UpdateService.UPDATE_STATUS
05-09 22:17:21.468 4529 4529 I UpdateActivity: statusname = DownloadGameFiles
05-09 22:17:21.469 4529 4529 I UpdateActivity: [samp.unc.dat] total = 891451914 | current = 822020630 + 92%
05-09 22:17:21.569 4529 4529 I UpdateActivity: UpdateService.UPDATE_STATUS
05-09 22:17:21.569 4529 4529 I UpdateActivity: statusname = DownloadGameFiles
05-09 22:17:21.570 4529 4529 I UpdateActivity: [samp.unc.dat] total = 891451914 | current = 823205564 + 92%
05-09 22:17:21.671 4529 4529 I UpdateActivity: UpdateService.UPDATE_STATUS
05-09 22:17:21.671 4529 4529 I UpdateActivity: statusname = DownloadGameFiles
05-09 22:17:21.671 4529 4529 I UpdateActivity: [samp.unc.dat] total = 891451914 | current = 824401340 + 92%
05-09 22:17:21.773 4529 4529 I UpdateActivity: UpdateService.UPDATE_STATUS
05-09 22:17:21.773 4529 4529 I UpdateActivity: statusname = DownloadGameFiles
05-09 22:17:21.773 4529 4529 I UpdateActivity: [samp.unc.dat] total = 891451914 | current = 825626172 + 92%
05-09 22:17:21.874 4529 4529 I UpdateActivity: UpdateService.UPDATE_STATUS
05-09 22:17:21.874 4529 4529 I UpdateActivity: statusname = DownloadGameFiles
05-09 22:17:21.874 4529 4529 I UpdateActivity: [samp.unc.dat] total = 891451914 | current = 826827068 + 92%
05-09 22:17:21.975 4529 4529 I UpdateActivity: UpdateService.UPDATE_STATUS
05-09 22:17:21.975 4529 4529 I UpdateActivity: statusname = DownloadGameFiles
05-09 22:17:21.975 4529 4529 I UpdateActivity: [samp.unc.dat] total = 891451914 | current = 828011068 + 92%
05-09 22:17:22.077 4529 4529 I UpdateActivity: UpdateService.UPDATE_STATUS
05-09 22:17:22.077 4529 4529 I UpdateActivity: statusname = DownloadGameFiles
05-09 22:17:22.078 4529 4529 I UpdateActivity: [samp.unc.dat] total = 891451914 | current = 829215036 + 93%
05-09 22:17:22.178 4529 4529 I UpdateActivity: UpdateService.UPDATE_STATUS
05-09 22:17:22.178 4529 4529 I UpdateActivity: statusname = DownloadGameFiles
05-09 22:17:22.178 4529 4529 I UpdateActivity: [samp.unc.dat] total = 891451914 | current = 830423612 + 93%
05-09 22:17:22.279 4529 4529 I UpdateActivity: UpdateService.UPDATE_STATUS
05-09 22:17:22.279 4529 4529 I UpdateActivity: statusname = DownloadGameFiles
05-09 22:17:22.280 4529 4529 I UpdateActivity: [samp.unc.dat] total = 891451914 | current = 831624444 + 93%
05-09 22:17:22.380 4529 4529 I UpdateActivity: UpdateService.UPDATE_STATUS
05-09 22:17:22.380 4529 4529 I UpdateActivity: statusname = DownloadGameFiles
05-09 22:17:22.380 4529 4529 I UpdateActivity: [samp.unc.dat] total = 891451914 | current = 832792572 + 93%
05-09 22:17:22.481 4529 4529 I UpdateActivity: UpdateService.UPDATE_STATUS
05-09 22:17:22.481 4529 4529 I UpdateActivity: statusname = DownloadGameFiles
05-09 22:17:22.482 4529 4529 I UpdateActivity: [samp.unc.dat] total = 891451914 | current = 834018684 + 93%
05-09 22:17:22.582 4529 4529 I UpdateActivity: UpdateService.UPDATE_STATUS
05-09 22:17:22.582 4529 4529 I UpdateActivity: statusname = DownloadGameFiles
05-09 22:17:22.582 4529 4529 I UpdateActivity: [samp.unc.dat] total = 891451914 | current = 835207036 + 93%
05-09 22:17:22.683 4529 4529 I UpdateActivity: UpdateService.UPDATE_STATUS
05-09 22:17:22.683 4529 4529 I UpdateActivity: statusname = DownloadGameFiles
05-09 22:17:22.683 4529 4529 I UpdateActivity: [samp.unc.dat] total = 891451914 | current = 836404156 + 93%
05-09 22:17:22.784 4529 4529 I UpdateActivity: UpdateService.UPDATE_STATUS
05-09 22:17:22.784 4529 4529 I UpdateActivity: statusname = DownloadGameFiles
05-09 22:17:22.784 4529 4529 I UpdateActivity: [samp.unc.dat] total = 891451914 | current = 837588668 + 93%
05-09 22:17:22.885 4529 4529 I UpdateActivity: UpdateService.UPDATE_STATUS
05-09 22:17:22.885 4529 4529 I UpdateActivity: statusname = DownloadGameFiles
05-09 22:17:22.885 4529 4529 I UpdateActivity: [samp.unc.dat] total = 891451914 | current = 838783932 + 94%
05-09 22:17:22.986 4529 4529 I UpdateActivity: UpdateService.UPDATE_STATUS
05-09 22:17:22.986 4529 4529 I UpdateActivity: statusname = DownloadGameFiles
05-09 22:17:22.986 4529 4529 I UpdateActivity: [samp.unc.dat] total = 891451914 | current = 839989884 + 94%
05-09 22:17:23.087 4529 4529 I UpdateActivity: UpdateService.UPDATE_STATUS
05-09 22:17:23.087 4529 4529 I UpdateActivity: statusname = DownloadGameFiles
05-09 22:17:23.087 4529 4529 I UpdateActivity: [samp.unc.dat] total = 891451914 | current = 841190780 + 94%
05-09 22:17:23.188 4529 4529 I UpdateActivity: UpdateService.UPDATE_STATUS
05-09 22:17:23.188 4529 4529 I UpdateActivity: statusname = DownloadGameFiles
05-09 22:17:23.188 4529 4529 I UpdateActivity: [samp.unc.dat] total = 891451914 | current = 842386812 + 94%
05-09 22:17:23.319 4529 4529 I UpdateActivity: UpdateService.UPDATE_STATUS
05-09 22:17:23.320 4529 4529 I UpdateActivity: statusname = DownloadGameFiles
05-09 22:17:23.321 4529 4529 I UpdateActivity: [samp.unc.dat] total = 891451914 | current = 842920316 + 94%
05-09 22:17:23.486 4529 4529 I UpdateActivity: UpdateService.UPDATE_STATUS
05-09 22:17:23.486 4529 4529 I UpdateActivity: statusname = DownloadGameFiles
05-09 22:17:23.486 4529 4529 I UpdateActivity: [samp.unc.dat] total = 891451914 | current = 842953084 + 94%
05-09 22:17:23.587 4529 4529 I UpdateActivity: UpdateService.UPDATE_STATUS
05-09 22:17:23.587 4529 4529 I UpdateActivity: statusname = DownloadGameFiles
05-09 22:17:23.587 4529 4529 I UpdateActivity: [samp.unc.dat] total = 891451914 | current = 844137660 + 94%
05-09 22:17:23.687 4529 4529 I UpdateActivity: UpdateService.UPDATE_STATUS
05-09 22:17:23.687 4529 4529 I UpdateActivity: statusname = DownloadGameFiles
05-09 22:17:23.687 4529 4529 I UpdateActivity: [samp.unc.dat] total = 891451914 | current = 845339772 + 94%
05-09 22:17:23.788 4529 4529 I UpdateActivity: UpdateService.UPDATE_STATUS
05-09 22:17:23.788 4529 4529 I UpdateActivity: statusname = DownloadGameFiles
05-09 22:17:23.788 4529 4529 I UpdateActivity: [samp.unc.dat] total = 891451914 | current = 846538236 + 94%
05-09 22:17:23.889 4529 4529 I UpdateActivity: UpdateService.UPDATE_STATUS
05-09 22:17:23.889 4529 4529 I UpdateActivity: statusname = DownloadGameFiles
05-09 22:17:23.889 4529 4529 I UpdateActivity: [samp.unc.dat] total = 891451914 | current = 847732796 + 95%
05-09 22:17:23.990 4529 4529 I UpdateActivity: UpdateService.UPDATE_STATUS
05-09 22:17:23.990 4529 4529 I UpdateActivity: statusname = DownloadGameFiles
05-09 22:17:23.991 4529 4529 I UpdateActivity: [samp.unc.dat] total = 891451914 | current = 848932412 + 95%
05-09 22:17:24.091 4529 4529 I UpdateActivity: UpdateService.UPDATE_STATUS
05-09 22:17:24.091 4529 4529 I UpdateActivity: statusname = DownloadGameFiles
05-09 22:17:24.091 4529 4529 I UpdateActivity: [samp.unc.dat] total = 891451914 | current = 850120764 + 95%
05-09 22:17:24.192 4529 4529 I UpdateActivity: UpdateService.UPDATE_STATUS
05-09 22:17:24.192 4529 4529 I UpdateActivity: statusname = DownloadGameFiles
05-09 22:17:24.192 4529 4529 I UpdateActivity: [samp.unc.dat] total = 891451914 | current = 851324796 + 95%
05-09 22:17:24.293 4529 4529 I UpdateActivity: UpdateService.UPDATE_STATUS
05-09 22:17:24.293 4529 4529 I UpdateActivity: statusname = DownloadGameFiles
05-09 22:17:24.294 4529 4529 I UpdateActivity: [samp.unc.dat] total = 891451914 | current = 852506172 + 95%
05-09 22:17:24.394 4529 4529 I UpdateActivity: UpdateService.UPDATE_STATUS
05-09 22:17:24.394 4529 4529 I UpdateActivity: statusname = DownloadGameFiles
05-09 22:17:24.394 4529 4529 I UpdateActivity: [samp.unc.dat] total = 891451914 | current = 853703036 + 95%
05-09 22:17:24.975 4529 4529 D UpdateService: onDownloadComplete
05-09 22:17:24.994 4529 4595 I UpdateService: 302 | filePath = texdb/samp/samp.unc.tmb
05-09 22:17:24.994 4529 4595 I UpdateService: Request uri = https://alynsampmobile.pro/data/samp_data/texdb/samp/samp.unc.tmb
05-09 22:17:25.043 4529 4529 D UpdateService: onDownloadComplete
05-09 22:17:25.051 4529 4595 I UpdateService: 303 | filePath = texdb/samp/samp.unc.toc
05-09 22:17:25.051 4529 4595 I UpdateService: Request uri = https://alynsampmobile.pro/data/samp_data/texdb/samp/samp.unc.toc
05-09 22:17:25.100 4529 4529 D UpdateService: onDownloadComplete
05-09 22:17:25.121 4529 4595 I UpdateService: 304 | filePath = texdb/samp.img
05-09 22:17:25.122 4529 4595 I UpdateService: Request uri = https://alynsampmobile.pro/data/samp_data/texdb/samp.img
05-09 22:17:25.289 4529 4529 I UpdateActivity: UpdateService.UPDATE_STATUS
05-09 22:17:25.289 4529 4529 I UpdateActivity: statusname = DownloadGameFiles
05-09 22:17:25.290 4529 4529 I UpdateActivity: [samp.img] total = 891451914 | current = 854622730 + 95%
05-09 22:17:25.390 4529 4529 I UpdateActivity: UpdateService.UPDATE_STATUS
05-09 22:17:25.390 4529 4529 I UpdateActivity: statusname = DownloadGameFiles
05-09 22:17:25.390 4529 4529 I UpdateActivity: [samp.img] total = 891451914 | current = 857189741 + 96%
05-09 22:17:25.491 4529 4529 I UpdateActivity: UpdateService.UPDATE_STATUS
05-09 22:17:25.492 4529 4529 I UpdateActivity: statusname = DownloadGameFiles
05-09 22:17:25.492 4529 4529 I UpdateActivity: [samp.img] total = 891451914 | current = 858386285 + 96%
05-09 22:17:25.592 4529 4529 I UpdateActivity: UpdateService.UPDATE_STATUS
05-09 22:17:25.592 4529 4529 I UpdateActivity: statusname = DownloadGameFiles
05-09 22:17:25.592 4529 4529 I UpdateActivity: [samp.img] total = 891451914 | current = 859570861 + 96%
05-09 22:17:25.693 4529 4529 I UpdateActivity: UpdateService.UPDATE_STATUS
05-09 22:17:25.694 4529 4529 I UpdateActivity: statusname = DownloadGameFiles
05-09 22:17:25.694 4529 4529 I UpdateActivity: [samp.img] total = 891451914 | current = 860776685 + 96%
05-09 22:17:25.794 4529 4529 I UpdateActivity: UpdateService.UPDATE_STATUS
05-09 22:17:25.794 4529 4529 I UpdateActivity: statusname = DownloadGameFiles
05-09 22:17:25.794 4529 4529 I UpdateActivity: [samp.img] total = 891451914 | current = 861966253 + 96%
05-09 22:17:25.895 4529 4529 I UpdateActivity: UpdateService.UPDATE_STATUS
05-09 22:17:25.896 4529 4529 I UpdateActivity: statusname = DownloadGameFiles
05-09 22:17:25.896 4529 4529 I UpdateActivity: [samp.img] total = 891451914 | current = 863144493 + 96%
05-09 22:17:25.996 4529 4529 I UpdateActivity: UpdateService.UPDATE_STATUS
05-09 22:17:25.996 4529 4529 I UpdateActivity: statusname = DownloadGameFiles
05-09 22:17:25.997 4529 4529 I UpdateActivity: [samp.img] total = 891451914 | current = 864361773 + 96%
05-09 22:17:26.097 4529 4529 I UpdateActivity: UpdateService.UPDATE_STATUS
05-09 22:17:26.097 4529 4529 I UpdateActivity: statusname = DownloadGameFiles
05-09 22:17:26.097 4529 4529 I UpdateActivity: [samp.img] total = 891451914 | current = 865551341 + 97%
05-09 22:17:26.198 4529 4529 I UpdateActivity: UpdateService.UPDATE_STATUS
05-09 22:17:26.198 4529 4529 I UpdateActivity: statusname = DownloadGameFiles
05-09 22:17:26.199 4529 4529 I UpdateActivity: [samp.img] total = 891451914 | current = 866756077 + 97%
05-09 22:17:26.299 4529 4529 I UpdateActivity: UpdateService.UPDATE_STATUS
05-09 22:17:26.299 4529 4529 I UpdateActivity: statusname = DownloadGameFiles
05-09 22:17:26.300 4529 4529 I UpdateActivity: [samp.img] total = 891451914 | current = 867948269 + 97%
05-09 22:17:26.400 4529 4529 I UpdateActivity: UpdateService.UPDATE_STATUS
05-09 22:17:26.400 4529 4529 I UpdateActivity: statusname = DownloadGameFiles
05-09 22:17:26.400 4529 4529 I UpdateActivity: [samp.img] total = 891451914 | current = 869137709 + 97%
05-09 22:17:26.504 4529 4529 I UpdateActivity: UpdateService.UPDATE_STATUS
05-09 22:17:26.504 4529 4529 I UpdateActivity: statusname = DownloadGameFiles
05-09 22:17:26.505 4529 4529 I UpdateActivity: [samp.img] total = 891451914 | current = 870342509 + 97%
05-09 22:17:26.605 4529 4529 I UpdateActivity: UpdateService.UPDATE_STATUS
05-09 22:17:26.605 4529 4529 I UpdateActivity: statusname = DownloadGameFiles
05-09 22:17:26.606 4529 4529 I UpdateActivity: [samp.img] total = 891451914 | current = 871563501 + 97%
05-09 22:17:26.706 4529 4529 I UpdateActivity: UpdateService.UPDATE_STATUS
05-09 22:17:26.706 4529 4529 I UpdateActivity: statusname = DownloadGameFiles
05-09 22:17:26.707 4529 4529 I UpdateActivity: [samp.img] total = 891451914 | current = 872764397 + 97%
05-09 22:17:26.807 4529 4529 I UpdateActivity: UpdateService.UPDATE_STATUS
05-09 22:17:26.807 4529 4529 I UpdateActivity: statusname = DownloadGameFiles
05-09 22:17:26.807 4529 4529 I UpdateActivity: [samp.img] total = 891451914 | current = 873957165 + 98%
05-09 22:17:26.908 4529 4529 I UpdateActivity: UpdateService.UPDATE_STATUS
05-09 22:17:26.908 4529 4529 I UpdateActivity: statusname = DownloadGameFiles
05-09 22:17:26.909 4529 4529 I UpdateActivity: [samp.img] total = 891451914 | current = 875153581 + 98%
05-09 22:17:27.010 4529 4529 I UpdateActivity: UpdateService.UPDATE_STATUS
05-09 22:17:27.010 4529 4529 I UpdateActivity: statusname = DownloadGameFiles
05-09 22:17:27.010 4529 4529 I UpdateActivity: [samp.img] total = 891451914 | current = 876354541 + 98%
05-09 22:17:27.112 4529 4529 I UpdateActivity: UpdateService.UPDATE_STATUS
05-09 22:17:27.112 4529 4529 I UpdateActivity: statusname = DownloadGameFiles
05-09 22:17:27.112 4529 4529 I UpdateActivity: [samp.img] total = 891451914 | current = 877539117 + 98%
05-09 22:17:27.687 4529 4529 I UpdateActivity: UpdateService.UPDATE_STATUS
05-09 22:17:27.687 4529 4529 I UpdateActivity: statusname = DownloadGameFiles
05-09 22:17:27.687 4529 4529 I UpdateActivity: [samp.img] total = 891451914 | current = 878290413 + 98%
05-09 22:17:27.788 4529 4529 I UpdateActivity: UpdateService.UPDATE_STATUS
05-09 22:17:27.788 4529 4529 I UpdateActivity: statusname = DownloadGameFiles
05-09 22:17:27.788 4529 4529 I UpdateActivity: [samp.img] total = 891451914 | current = 883136941 + 99%
05-09 22:17:27.889 4529 4529 I UpdateActivity: UpdateService.UPDATE_STATUS
05-09 22:17:27.889 4529 4529 I UpdateActivity: statusname = DownloadGameFiles
05-09 22:17:27.889 4529 4529 I UpdateActivity: [samp.img] total = 891451914 | current = 884381933 + 99%
05-09 22:17:27.990 4529 4529 I UpdateActivity: UpdateService.UPDATE_STATUS
05-09 22:17:27.990 4529 4529 I UpdateActivity: statusname = DownloadGameFiles
05-09 22:17:27.991 4529 4529 I UpdateActivity: [samp.img] total = 891451914 | current = 885571181 + 99%
05-09 22:17:28.091 4529 4529 I UpdateActivity: UpdateService.UPDATE_STATUS
05-09 22:17:28.091 4529 4529 I UpdateActivity: statusname = DownloadGameFiles
05-09 22:17:28.091 4529 4529 I UpdateActivity: [samp.img] total = 891451914 | current = 886767021 + 99%
05-09 22:17:28.192 4529 4529 I UpdateActivity: UpdateService.UPDATE_STATUS
05-09 22:17:28.192 4529 4529 I UpdateActivity: statusname = DownloadGameFiles
05-09 22:17:28.192 4529 4529 I UpdateActivity: [samp.img] total = 891451914 | current = 887969325 + 99%
05-09 22:17:28.293 4529 4529 I UpdateActivity: UpdateService.UPDATE_STATUS
05-09 22:17:28.293 4529 4529 I UpdateActivity: statusname = DownloadGameFiles
05-09 22:17:28.294 4529 4529 I UpdateActivity: [samp.img] total = 891451914 | current = 889143661 + 99%
05-09 22:17:28.394 4529 4529 I UpdateActivity: UpdateService.UPDATE_STATUS
05-09 22:17:28.394 4529 4529 I UpdateActivity: statusname = DownloadGameFiles
05-09 22:17:28.394 4529 4529 I UpdateActivity: [samp.img] total = 891451914 | current = 890354669 + 99%
05-09 22:17:28.497 4529 4529 D UpdateService: onDownloadComplete
05-09 22:17:28.566 4529 4595 I UpdateService: isGameUpdateExists
05-09 22:17:28.566 4529 4529 I UpdateActivity: UpdateService.UPDATE_STATUS
05-09 22:17:28.566 4529 4529 I UpdateActivity: statusname = CheckUpdate
05-09 22:17:28.571 4529 4595 D UpdateService: isGameUpdateExists -> currentVersion 16.4 | mUpdateVersion 16.4
05-09 22:17:28.585 4529 4529 I UpdateActivity: UpdateService.UPDATE_STATUS
05-09 22:17:28.585 4529 4529 I UpdateActivity: statusname = Undefined
05-09 22:17:28.585 4529 4529 I UpdateActivity: UpdateService.FINISH_UPDATE_GAME
05-09 22:17:28.729 4529 4529 W ActivityThread: handleWindowVisibility: no activity for token android.os.BinderProxy@ab64bdc
05-09 22:17:28.769 4529 4529 I SplashActivity: Using original client!
05-09 22:17:28.858 4529 4529 I AppLovinSdk: initialized!
05-09 22:17:28.863 4529 4529 I System.out: isOnline
05-09 22:17:28.890 4529 4582 E EGL_emulation: tid 4582: eglSurfaceAttrib(1719): error 0x3009 (EGL_BAD_MATCH)
05-09 22:17:28.890 4529 4582 W OpenGLRenderer: Failed to set EGL_SWAP_BEHAVIOR on surface 0xdee6ccc0, error=EGL_BAD_MATCH
05-09 22:17:28.902 4529 4665 D HostConnection: createUnique: call
05-09 22:17:28.903 4529 4665 I AGA : hstInit: opened /dev/bstpgaipc: fd = 122
05-09 22:17:28.903 4529 4665 I AGA : Attempting to create new SOCKET connection pid = 4529, tid = 4665
05-09 22:17:28.904 4529 4665 I AGA : hstInitClientPgaIpc: Attempting to get GROUP2 cid
05-09 22:17:28.905 4529 4665 I AGA : hstInitClientPgaIpc: data mapped to 0xacc1c000 with size 4194304
05-09 22:17:28.905 4529 4665 I AGA : New SOCKET connection: vn.gvnn_sampmobile.game (pid 4529, tid 4665)
05-09 22:17:28.906 4529 4665 D HostConnection: HostComposition ext ANDROID_EMU_vulkan ANDROID_EMU_deferred_vulkan_commands ANDROID_EMU_vulkan_create_resources_with_requirements ANDROID_EMU_vulkan_queue_submit_with_commands ANDROID_EMU_vulkan_batched_descriptor_set_update GL_OES_EGL_image_external_essl3 GL_OES_vertex_array_object GL_KHR_texture_compression_astc_ldr ANDROID_EMU_gles_max_version_3_2
05-09 22:17:28.919 4529 4582 D EGL_emulation: eglMakeCurrent: 0xbf10cc00: ver 3 2 (tinfo 0xe253e8b0)
05-09 22:17:28.921 4529 4665 D EGL_emulation: eglCreateContext: 0xe1d97a00: maj 1 min 0 rcv 1
05-09 22:17:28.990 4529 4665 D EGL_emulation: eglMakeCurrent: 0xe1d97a00: ver 1 0 (tinfo 0xbe9be1b0)
05-09 22:17:28.991 4529 4665 I AGA : The gl query need cache 0
05-09 22:17:28.992 4529 4665 D EGL_emulation: eglMakeCurrent: 0xe1d97a00: ver 1 0 (tinfo 0xbe9be1b0) (first time)
05-09 22:17:28.993 4529 4665 D EGL_emulation: eglMakeCurrent: 0xe1d97a00: ver 1 0 (tinfo 0xbe9be1b0) (first time)
05-09 22:17:28.995 4529 4582 D EGL_emulation: eglMakeCurrent: 0xbf10cc00: ver 3 2 (tinfo 0xe253e8b0)
05-09 22:17:28.997 4529 4582 D EGL_emulation: eglMakeCurrent: 0xbf10cc00: ver 3 2 (tinfo 0xe253e8b0)
05-09 22:17:29.009 4529 4582 D EGL_emulation: eglMakeCurrent: 0xbf10cc00: ver 3 2 (tinfo 0xe253e8b0)
05-09 22:17:29.011 4529 4582 D EGL_emulation: eglMakeCurrent: 0xbf10cc00: ver 3 2 (tinfo 0xe253e8b0)
05-09 22:17:29.027 4529 4582 E EGL_emulation: tid 4582: eglSurfaceAttrib(1719): error 0x3009 (EGL_BAD_MATCH)
05-09 22:17:29.027 4529 4582 W OpenGLRenderer: Failed to set EGL_SWAP_BEHAVIOR on surface 0xbf112ec0, error=EGL_BAD_MATCH
05-09 22:17:29.027 4529 4582 D EGL_emulation: eglMakeCurrent: 0xbf10cc00: ver 3 2 (tinfo 0xe253e8b0)
05-09 22:17:29.038 4529 4582 I chatty : uid=10062(vn.gvnn_sampmobile.game) RenderThread identical 2 lines
05-09 22:17:29.039 4529 4582 D EGL_emulation: eglMakeCurrent: 0xbf10cc00: ver 3 2 (tinfo 0xe253e8b0)
05-09 22:17:29.053 4529 4665 I SplashActivity: Renderer: Adreno (TM) 650
05-09 22:17:29.054 4529 4665 I SplashActivity: Extensions: GL_EXT_debug_marker GL_OES_blend_func_separate GL_OES_blend_equation_separate GL_OES_blend_subtract GL_OES_byte_coordinates GL_OES_compressed_paletted_texture GL_OES_point_size_array GL_OES_point_sprite GL_OES_single_precision GL_OES_stencil_wrap GL_OES_texture_env_crossbar GL_OES_texture_mirored_repeat GL_OES_EGL_image GL_OES_element_index_uint GL_OES_draw_texture GL_OES_texture_cube_map GL_OES_draw_texture GL_OES_framebuffer_object GL_OES_depth24 GL_OES_depth32 GL_OES_fbo_render_mipmap GL_OES_rgb8_rgba8 GL_OES_stencil1 GL_OES_stencil4 GL_OES_stencil8 GL_OES_packed_depth_stencil GL_EXT_texture_format_BGRA8888 GL_APPLE_texture_format_BGRA8888 GL_OES_compressed_ETC1_RGB8_texture GL_OES_EGL_image_external_essl3 GL_OES_vertex_array_object GL_KHR_texture_compression_astc_ldr GL_OES_compressed_ETC1_RGB8_texture
05-09 22:17:29.054 4529 4665 I SplashActivity: GPU_TYPE: ETC
05-09 22:17:29.055 4529 4582 D EGL_emulation: eglMakeCurrent: 0xbf10cc00: ver 3 2 (tinfo 0xe253e8b0)
05-09 22:17:29.059 4529 4582 D EGL_emulation: eglMakeCurrent: 0xbf10cc00: ver 3 2 (tinfo 0xe253e8b0)
05-09 22:17:29.066 4529 4582 D EGL_emulation: eglMakeCurrent: 0xbf10cc00: ver 3 2 (tinfo 0xe253e8b0)
05-09 22:17:29.071 4529 4582 I chatty : uid=10062(vn.gvnn_sampmobile.game) RenderThread identical 1 line
05-09 22:17:29.089 4529 4582 D EGL_emulation: eglMakeCurrent: 0xbf10cc00: ver 3 2 (tinfo 0xe253e8b0)
05-09 22:17:29.105 4529 4582 D EGL_emulation: eglMakeCurrent: 0xbf10cc00: ver 3 2 (tinfo 0xe253e8b0)
05-09 22:17:29.106 4529 4582 D EGL_emulation: eglMakeCurrent: 0xbf10cc00: ver 3 2 (tinfo 0xe253e8b0)
05-09 22:17:29.121 4529 4582 D EGL_emulation: eglMakeCurrent: 0xbf10cc00: ver 3 2 (tinfo 0xe253e8b0)
05-09 22:17:29.505 4529 4582 I chatty : uid=10062(vn.gvnn_sampmobile.game) RenderThread identical 46 lines
05-09 22:17:29.506 4529 4582 D EGL_emulation: eglMakeCurrent: 0xbf10cc00: ver 3 2 (tinfo 0xe253e8b0)
05-09 22:17:31.368 4529 4529 I System.out: isOnline
05-09 22:17:31.368 4529 4670 D UpdateService: checkUpdate()
05-09 22:17:31.547 4529 4540 W System : A resource failed to call close.
05-09 22:17:31.580 4529 4671 I UpdateService: mUpdateVersion = 16.4
05-09 22:17:31.581 4529 4671 D UpdateService: checkGameFilesUpdate
05-09 22:17:31.918 4529 4671 I UpdateService: isGameUpdateExists
05-09 22:17:31.920 4529 4671 D UpdateService: isGameUpdateExists -> currentVersion 16.4 | mUpdateVersion 16.4
05-09 22:17:31.921 4529 4671 I UpdateService: isGameFilesUpdateExists
05-09 22:17:31.921 4529 4529 I SplashActivity: gameStatus = Updated
05-09 22:17:31.921 4529 4529 I SplashActivity: Server status: true
05-09 22:17:31.921 4529 4529 I System.out: isOnline
05-09 22:17:31.928 4529 4529 I SplashActivity: gameStatus = Updated
05-09 22:17:31.928 4529 4529 I SplashActivity: Server status: true
05-09 22:17:31.928 4529 4529 I System.out: isOnline
05-09 22:17:31.931 4529 4529 W ActivityThread: handleWindowVisibility: no activity for token android.os.BinderProxy@1f572b7
05-09 22:17:31.934 4529 4529 I SplashActivity: Using original client!
05-09 22:17:31.934 4529 4529 I System.out: isOnline
05-09 22:17:31.964 4529 4529 D AppLovinSdk: [MaxInterstitialAd] Created new MaxInterstitialAd (MaxInterstitialAd{adUnitId='91c71d427e3b5e5c', adListener=null, revenueListener=null, requestListenernull, adReviewListenernull, isReady=false})
05-09 22:17:32.067 4529 4582 E EGL_emulation: tid 4582: eglSurfaceAttrib(1719): error 0x3009 (EGL_BAD_MATCH)
05-09 22:17:32.067 4529 4582 W OpenGLRenderer: Failed to set EGL_SWAP_BEHAVIOR on surface 0xbf113b20, error=EGL_BAD_MATCH
05-09 22:17:32.070 4529 4582 D EGL_emulation: eglMakeCurrent: 0xbf10cc00: ver 3 2 (tinfo 0xe253e8b0)
05-09 22:17:32.097 4529 4582 D EGL_emulation: eglMakeCurrent: 0xbf10cc00: ver 3 2 (tinfo 0xe253e8b0)
05-09 22:17:32.106 4529 4582 D EGL_emulation: eglMakeCurrent: 0xbf10cc00: ver 3 2 (tinfo 0xe253e8b0)